{"id":8709,"date":"2020-12-09T14:41:12","date_gmt":"2020-12-09T12:41:12","guid":{"rendered":"http:\/\/www.le-sidh.org\/wicca\/?page_id=8709"},"modified":"2020-12-09T15:08:46","modified_gmt":"2020-12-09T13:08:46","slug":"yule-par-doreen-valiente","status":"publish","type":"page","link":"https:\/\/www.le-sidh.org\/wicca\/sabbats\/solstice-dhiver\/yule-par-doreen-valiente\/","title":{"rendered":"Yule, par Doreen Valiente"},"content":{"rendered":"<p style=\"text-align: justify;\"><em>Par Doreen Valiente. Extrait du livre : \u00ab An ABC of Witchcraft past and present \u00bb. Traduction &amp; adaptation : Lune<\/em>.<\/p>\n<p style=\"text-align: justify;\">Yule est le terme anglo-saxon pour la f\u00eate du solstice d&rsquo;hiver. Notre c\u00e9l\u00e9bration de No\u00ebl est un m\u00e9lange de plusieurs traditions diff\u00e9rentes : celtique, romaine et saxonne. Par la suite, le tout a \u00e9t\u00e9 adapt\u00e9 au christianisme.<\/p>\n<p style=\"text-align: justify;\">La f\u00eate celtique du solstice d&rsquo;hiver \u00e9tait appel\u00e9e Alban Arthan par les druides, d&rsquo;apr\u00e8s la tradition bardique. C&rsquo;\u00e9tait \u00e0 cette p\u00e9riode que le chef des druides coupait le gui sacr\u00e9 sur le ch\u00eane, une coutume qui subsiste encore \u00e0 travers notre utilisation du gui comme d\u00e9coration de No\u00ebl. Le gui est g\u00e9n\u00e9ralement interdit dans les \u00e9glises \u00e0 No\u00ebl, \u00e0 cause de son association au paganisme. Toutefois, il existait \u00e0 York Minster une coutume diff\u00e9rente que Stukeley, auteur du XVIIIe si\u00e8cle sur le druidisme, rapporte :<\/p>\n<blockquote>\n<p style=\"text-align: justify;\">La veille du jour de No\u00ebl, on portait le gui sur le grand autel de la cath\u00e9drale et on proclamait alors une amnistie g\u00e9n\u00e9rale pour tous les petits criminels et les mauvais sujets aux portes de la ville, vers les quatre quartiers c\u00e9lestes.<\/p>\n<\/blockquote>\n<p style=\"text-align: justify;\">Cette coutume \u00e9tait sans aucun doute un vestige du druidisme. York est une ville tr\u00e8s ancienne, connue des Romains sous le nom d&rsquo;Eboracum.<\/p>\n<p style=\"text-align: justify;\">L&rsquo;id\u00e9e d&rsquo;organiser une f\u00eate au solstice d&rsquo;hiver, pour c\u00e9l\u00e9brer la renaissance du soleil, \u00e9tait si universelle dans le monde antique que les chr\u00e9tiens ont adapt\u00e9 la f\u00eate populaire en une c\u00e9l\u00e9bration de la naissance du Christ. Personne ne sait r\u00e9ellement qu&rsquo;elle est la date de naissance du Christ, mais en pla\u00e7ant cette f\u00eate au milieu de l&rsquo;hiver, le Christ \u00e9tait associ\u00e9 au soleil d&rsquo;un point de vue mystique.<\/p>\n<p style=\"text-align: justify;\">Les Romains c\u00e9l\u00e9braient le solstice d&rsquo;hiver par un joyeux festival, les Saturnales. Le solstice d&rsquo;hiver a lieu lorsque le soleil entre dans le signe du capricorne. Et on dit que Saturne, le ma\u00eetre du capricorne, r\u00e9gnait \u00e9galement sur l&rsquo;\u00e2ge d&rsquo;or d&rsquo;un lointain pass\u00e9, lorsque la terre \u00e9tait en paix et fructueuse, et o\u00f9 tout le monde \u00e9tait heureux. Ainsi, \u00e0 cette p\u00e9riode de l&rsquo;ann\u00e9e, les maisons \u00e9taient d\u00e9cor\u00e9es de branches d&rsquo;arbres et arbustes \u00e0 feuillage persistant, toutes les activit\u00e9s habituelles \u00e9taient suspendues et les diff\u00e9rences sociales \u00e9taient temporairement oubli\u00e9es dans l&rsquo;ambiance festive. Les serviteurs et esclaves se voyaient offrir un festin et les ma\u00eetres les servaient \u00e0 table. Les gens s&rsquo;\u00e9changeaient des pr\u00e9sents et les Saturnales devinrent synonymes de gaiet\u00e9 et d&rsquo;amusement tapageur.<\/p>\n<p style=\"text-align: justify;\">Les Saxons pa\u00efens c\u00e9l\u00e9braient la f\u00eate de Yule, avec beaucoup de bi\u00e8re et de belles flamb\u00e9es, dont notre b\u00fbche de No\u00ebl est le dernier vestige. Cette derni\u00e8re est l&rsquo;\u00e9quivalent en int\u00e9rieur, pour le milieu de l&rsquo;hiver, des feux de joie en ext\u00e9rieur de la veille du milieu de l&rsquo;\u00e9t\u00e9 (ndlt : solstice d&rsquo;\u00e9t\u00e9, les feux de la Saint-Jean d&rsquo;\u00e9t\u00e9). La nature rituelle de cette b\u00fbche est \u00e9vidente, comme en t\u00e9moigne l&rsquo;ancienne coutume, \u00ab\u00a0pour la chance\u00a0\u00bb, de garder un morceau de la B\u00fbche de Yule afin d&rsquo;allumer la flamb\u00e9e de No\u00ebl de l&rsquo;ann\u00e9e suivante.<\/p>\n<p style=\"text-align: justify;\">Selon <a href=\"https:\/\/en.wikipedia.org\/wiki\/The_Reckoning_of_Time\" target=\"_blank\" rel=\"noopener\">Bede<\/a> et diverses autres autorit\u00e9s du temps jadis, Yule d\u00e9rive du terme vieux norrois <em>Iul<\/em>, qui signifie <em>roue<\/em>. Sur les anciens \u00ab\u00a0clog-almanacs\u00a0\u00bb, le symbole d&rsquo;une roue \u00e9tait utilis\u00e9 pour repr\u00e9senter Yule. L&rsquo;id\u00e9e sous-jacente de ce symbole est que l&rsquo;ann\u00e9e tourne comme une roue, la grande roue du zodiaque, la roue de la vie, dont les rayons correspondent aux anciens \u00e9v\u00e9nements rituels : les \u00e9quinoxes et les solstices, et les 4 \u00ab\u00a0cross-quarter days\u00a0\u00bb que sont la Chandeleur, la veille de Mai, Lammas et Halloween. Le solstice d&rsquo;hiver, la renaissance du soleil, est un tournant particuli\u00e8rement important.<\/p>\n<figure id=\"attachment_8916\" aria-describedby=\"caption-attachment-8916\" style=\"width: 1000px\" class=\"wp-caption aligncenter\"><a href=\"https:\/\/www.le-sidh.org\/wicca\/wp-content\/uploads\/2020\/12\/clog-almanach.jpg\"><img loading=\"lazy\" decoding=\"async\" class=\"wp-image-8916 size-full\" src=\"https:\/\/www.le-sidh.org\/wicca\/wp-content\/uploads\/2020\/12\/clog-almanach.jpg\" alt=\"\" width=\"1000\" height=\"750\" srcset=\"https:\/\/www.le-sidh.org\/wicca\/wp-content\/uploads\/2020\/12\/clog-almanach.jpg 1000w, https:\/\/www.le-sidh.org\/wicca\/wp-content\/uploads\/2020\/12\/clog-almanach-300x225.jpg 300w, https:\/\/www.le-sidh.org\/wicca\/wp-content\/uploads\/2020\/12\/clog-almanach-700x525.jpg 700w, https:\/\/www.le-sidh.org\/wicca\/wp-content\/uploads\/2020\/12\/clog-almanach-768x576.jpg 768w, https:\/\/www.le-sidh.org\/wicca\/wp-content\/uploads\/2020\/12\/clog-almanach-800x600.jpg 800w, https:\/\/www.le-sidh.org\/wicca\/wp-content\/uploads\/2020\/12\/clog-almanach-80x60.jpg 80w\" sizes=\"auto, (max-width: 1000px) 100vw, 1000px\" \/><\/a><figcaption id=\"caption-attachment-8916\" class=\"wp-caption-text\">Un \u00ab\u00a0clog-almanac\u00a0\u00bb en bois datant du XVIIe. The British Musuem. Un \u00ab\u00a0clog-almanac\u00a0\u00bb \u00e9tait une sorte d&rsquo;almanach ou calendrier primitif utilis\u00e9 autrefois en Angleterre. R\u00e9alis\u00e9 \u00e0 l&rsquo;aide d&rsquo;encoches et de symboles grav\u00e9s sur les 4 c\u00f4t\u00e9s d&rsquo;un \u00ab\u00a0clog\u00a0\u00bb, ou d&rsquo;un morceau de bois, de cuivre ou d&rsquo;os.<\/figcaption><\/figure>\n<p style=\"text-align: justify;\">C&rsquo;est pourquoi les sorci\u00e8res modernes c\u00e9l\u00e8brent volontiers No\u00ebl ; seulement, elles le reconnaissent comme Yule, l&rsquo;un des grands festivals de la nature, d&rsquo;autrefois. Elles d\u00e9plorent le mat\u00e9rialisme avide qui retire \u00e0 No\u00ebl toute sa gaiet\u00e9 d&rsquo;antan pour le transformer en un racket commercial.<\/p>\n<p style=\"text-align: justify;\">Alban Arthan, les Saturnales, Yuletide ou No\u00ebl, les r\u00e9jouissances du milieu de l&rsquo;hiver \u00e9taient traditionnellement un moment heureux. Avec la renaissance du soleil, le pourvoyeur de chaleur, de lumi\u00e8re et de vie, les gens avaient de quoi se r\u00e9jouir v\u00e9ritablement ; et toutes sortes d&rsquo;anciennes et joyeuses coutumes, ancr\u00e9es dans un lointain pass\u00e9 pa\u00efen, ont prosp\u00e9r\u00e9 dans la campagne anglaise.<\/p>\n<p style=\"text-align: justify;\">Les gens d&rsquo;alors n&rsquo;avaient pas de moyens de divertissements m\u00e9caniques, comme le cin\u00e9ma, la radio ou la t\u00e9l\u00e9vision. Ils s&rsquo;amusaient par eux-m\u00eames et ont gard\u00e9 les anciennes coutumes parce qu&rsquo;ils les appr\u00e9ciaient. No\u00ebl durait 12 jours entiers et le travail ne reprenait que le \u00ab\u00a0<a href=\"https:\/\/en.wikipedia.org\/wiki\/Plough_Monday\" target=\"_blank\" rel=\"noopener\">Plough Monday<\/a>\u00ab\u00a0, le \u00ab\u00a0lundi des charrues\u00a0\u00bb. En de nombreux endroits, pour s&rsquo;assurer que toutes les festivit\u00e9s hivernales \u00e9taient d\u00fbment observ\u00e9es, un \u00ab\u00a0<a href=\"https:\/\/en.wikipedia.org\/wiki\/Lord_of_Misrule\" target=\"_blank\" rel=\"noopener\"><em>Lord of Misrule<\/em><\/a>\u00a0\u00bb (ndlt : <em>seigneur du d\u00e9sordre<\/em>, en France nous avions un \u00e9quivalent et nous l&rsquo;appelions \u00ab\u00a0<i>Prince des Sots<\/i>\u00ab\u00a0) \u00e9tait \u00e9lu, une sorte de roi fictif de la gaiet\u00e9.<\/p>\n<p style=\"text-align: justify;\">Il est significatif que le r\u00e8gne du Lord of Misrule commence \u00e0 Halloween et se termine \u00e0 la Chandeleur. Ces deux dates sont des grands sabbats :<\/p>\n<ul>\n<li style=\"text-align: justify;\">\u00e0 Halloween, le Dieu Cornu, principe de mort et de r\u00e9surrection, prend tout son sens au d\u00e9but de la saison hivernale celtique ;<\/li>\n<li style=\"text-align: justify;\">tandis qu&rsquo;\u00e0 la Chandeleur, les premiers signes du printemps apparaissent.<\/li>\n<\/ul>\n<p style=\"text-align: justify;\">Les arbres \u00e0 feuillage persistant pour les d\u00e9corations de Yule correspondaient au houx, au lierre, au gui, ainsi qu&rsquo;au laurier et au romarin dot\u00e9s d&rsquo;un doux parfum, et aux branches vertes du buis. \u00c0 la Chandeleur, toutes ces d\u00e9corations \u00e9taient rassembl\u00e9es et br\u00fbl\u00e9es, sans quoi les hobgoblins hanteraient la maison. En d&rsquo;autres termes, \u00e0 ce moment-l\u00e0, un nouvel afflux de vie commence \u00e0 circuler dans le monde naturel et les gens devaient se d\u00e9faire du pass\u00e9 et se tourner vers l&rsquo;avenir. Le nettoyage de printemps \u00e9tait \u00e0 l&rsquo;origine un rituel de la nature.<\/p>\n<p style=\"text-align: justify;\">Les anciennes pantomimes, \u00ab\u00a0mumming plays\u00a0\u00bb, qui faisaient partie des festivit\u00e9s anglaises de No\u00ebl et qui dans certains endroits continuent de l&rsquo;\u00eatre, sont en lien avec la renaissance du soleil. Saint George dans sa brillante armure surgit pour combattre le \u00ab\u00a0Chevalier turc\u00a0\u00bb au sombre visage. Saint George correspond au soleil qui tue les puissances des t\u00e9n\u00e8bres. Ils se combattent et le chevalier noir tombe. Mais le vainqueur pleure aussit\u00f4t, car il a tu\u00e9 son fr\u00e8re ; les t\u00e9n\u00e8bres et la lumi\u00e8re, l&rsquo;hiver et l&rsquo;\u00e9t\u00e9, se compl\u00e8tent. C&rsquo;est alors qu&rsquo;appara\u00eet le myst\u00e9rieux \u00ab\u00a0docteur\u00a0\u00bb, dot\u00e9 d&rsquo;une bouteille magique, qui ressuscite l&rsquo;homme tu\u00e9, puis tout se termine par de la musique et des r\u00e9jouissances. Il existe de nombreuses variantes locales, mais l&rsquo;action est sensiblement la m\u00eame partout.<\/p>\n","protected":false},"excerpt":{"rendered":"<p>Par Doreen Valiente. Extrait du livre : \u00ab An ABC of Witchcraft past and present \u00bb. Traduction &amp; adaptation : Lune. Yule est le terme anglo-saxon pour la f\u00eate du solstice d&rsquo;hiver. Notre c\u00e9l\u00e9bration de No\u00ebl est un m\u00e9lange de plusieurs traditions diff\u00e9rentes : celtique, romaine et saxonne. Par la suite, le tout a \u00e9t\u00e9&#8230;<\/p>\n","protected":false},"author":2,"featured_media":8911,"parent":70,"menu_order":0,"comment_status":"closed","ping_status":"closed","template":"silo.php","meta":{"footnotes":""},"class_list":["post-8709","page","type-page","status-publish","has-post-thumbnail","hentry"],"_links":{"self":[{"href":"https:\/\/www.le-sidh.org\/wicca\/wp-json\/wp\/v2\/pages\/8709","targetHints":{"allow":["GET"]}}],"collection":[{"href":"https:\/\/www.le-sidh.org\/wicca\/wp-json\/wp\/v2\/pages"}],"about":[{"href":"https:\/\/www.le-sidh.org\/wicca\/wp-json\/wp\/v2\/types\/page"}],"author":[{"embeddable":true,"href":"https:\/\/www.le-sidh.org\/wicca\/wp-json\/wp\/v2\/users\/2"}],"replies":[{"embeddable":true,"href":"https:\/\/www.le-sidh.org\/wicca\/wp-json\/wp\/v2\/comments?post=8709"}],"version-history":[{"count":18,"href":"https:\/\/www.le-sidh.org\/wicca\/wp-json\/wp\/v2\/pages\/8709\/revisions"}],"predecessor-version":[{"id":8917,"href":"https:\/\/www.le-sidh.org\/wicca\/wp-json\/wp\/v2\/pages\/8709\/revisions\/8917"}],"up":[{"embeddable":true,"href":"https:\/\/www.le-sidh.org\/wicca\/wp-json\/wp\/v2\/pages\/70"}],"wp:featuredmedia":[{"embeddable":true,"href":"https:\/\/www.le-sidh.org\/wicca\/wp-json\/wp\/v2\/media\/8911"}],"wp:attachment":[{"href":"https:\/\/www.le-sidh.org\/wicca\/wp-json\/wp\/v2\/media?parent=8709"}],"curies":[{"name":"wp","href":"https:\/\/api.w.org\/{rel}","templated":true}]}}