{"id":8561,"date":"2020-11-04T14:06:04","date_gmt":"2020-11-04T12:06:04","guid":{"rendered":"http:\/\/www.le-sidh.org\/wicca\/?page_id=8561"},"modified":"2022-03-23T01:07:08","modified_gmt":"2022-03-22T23:07:08","slug":"pack-de-meditations-guidees-volume-2","status":"publish","type":"page","link":"https:\/\/www.le-sidh.org\/wicca\/pack-de-meditations-guidees-volume-2\/","title":{"rendered":"Pack de m\u00e9ditations guid\u00e9es, volume 2"},"content":{"rendered":"<p style=\"text-align: justify;\">Ce pack propose des m\u00e9ditations guid\u00e9es pour accompagner les le\u00e7ons 4, 5 et 6 du cours \u00ab Wicca fondation \u00bb. Il comprend les le\u00e7ons 4, 5 et 6 au format PDF. Il comprend \u00e9galement 12 m\u00e9ditations guid\u00e9es au format MP3.<\/p>\n<p style=\"text-align: justify;\"><strong>Tarif : 49 \u20ac<\/strong><\/p>\n<p><a href=\"https:\/\/transactions.sendowl.com\/products\/78395571\/B544ABB0\/view\" rel=\"nofollow\"><img decoding=\"async\" src=\"http:\/\/www.le-sidh.org\/wicca\/wp-content\/themes\/graphy-sidh\/buy-now.png\" \/><\/a><script type=\"text\/javascript\" src=\"https:\/\/transactions.sendowl.com\/assets\/sendowl.js\" ><\/script><br \/>\n<\/p>\n<p style=\"text-align: justify;\">Vous pouvez \u00e9couter l&rsquo;extrait d&rsquo;une m\u00e9ditation.<\/p>\n<audio class=\"wp-audio-shortcode\" id=\"audio-8561-1\" preload=\"none\" style=\"width: 100%;\" controls=\"controls\"><source type=\"audio\/mpeg\" src=\"https:\/\/www.le-sidh.org\/wicca\/wp-content\/uploads\/2020\/11\/wf2.mp3?_=1\" \/><a href=\"https:\/\/www.le-sidh.org\/wicca\/wp-content\/uploads\/2020\/11\/wf2.mp3\">https:\/\/www.le-sidh.org\/wicca\/wp-content\/uploads\/2020\/11\/wf2.mp3<\/a><\/audio>\n<p style=\"text-align: justify;\">Texte : Artus.<br \/>\nVoix : Lune.<br \/>\nMusique : Adrift 2 par Christopher Lloyd Clarke. Utilis\u00e9e avec permission.<\/p>\n<p style=\"text-align: justify;\">Voici les pratiques propos\u00e9es dans ce pack de m\u00e9ditations\u00a0:<\/p>\n<h3 style=\"text-align: justify;\">Le\u00e7on 4<\/h3>\n<p style=\"text-align: justify;\"><strong>La roue de l\u2019ann\u00e9e<\/strong><\/p>\n<p style=\"text-align: justify;\">La roue de l\u2019ann\u00e9e est l\u2019un des principaux myst\u00e8res de la wicca. Il est possible d\u2019en faire l\u2019exp\u00e9rience en vivant le cycle des saisons \u00e0 travers la c\u00e9l\u00e9bration des sabbats. Dans cette m\u00e9ditation, vous allez explorer la roue de l\u2019ann\u00e9e \u00e0 travers une pratique unique, bas\u00e9e sur le cycle de vie d\u2019un arbre fruitier.<\/p>\n<p style=\"text-align: justify;\"><strong>Traitement \u00e0 distance<\/strong><\/p>\n<p style=\"text-align: justify;\">Les trois premi\u00e8res le\u00e7ons vous ont donn\u00e9 les bases de la pratique \u00e9nerg\u00e9tique. Vous avez d\u00e9couvert l\u2019\u00e9nergie, vous savez la canaliser et la diriger. Il est maintenant temps d\u2019utiliser ce que vous avez appris dans des applications concr\u00e8tes. Dans cette m\u00e9ditation, vous apprendrez \u00e0 donner un traitement \u00e9nerg\u00e9tique \u00e0 distance.<\/p>\n<p style=\"text-align: justify;\"><strong>B\u00e9n\u00e9diction d\u2019un lieu<\/strong><\/p>\n<p style=\"text-align: justify;\">Les lieux s\u2019impr\u00e8gnent de l\u2019\u00e9nergie des gens qui les occupent et cela peut causer toutes sortes de d\u00e9sagr\u00e9ments. Il est parfois utile de b\u00e9nir un lieu pour rendre l\u2019atmosph\u00e8re plus agr\u00e9able. Cette pratique vous permettra de b\u00e9nir un lieu \u00e0 distance. Vous pourrez donc l\u2019utiliser pour votre lieu de vie, mais \u00e9galement pour d\u2019autres lieux dans lesquels vous ne pouvez pas simplement faire br\u00fbler de l\u2019encens en jouant du maraca, sur votre lieu de travail.<\/p>\n<p style=\"text-align: justify;\"><strong>Rencontre des esprits du monde du milieu<\/strong><\/p>\n<p style=\"text-align: justify;\">Dans un syst\u00e8me de croyance animiste, tout poss\u00e8de un esprit, les objets, les lieux, les villes, les montagnes\u2026 Le monde du milieu d\u00e9signe la contrepartie spirituelle de notre monde mat\u00e9riel. Cette pratique vous apprendra \u00e0 rencontrer les esprits du monde du milieu pour dialoguer avec eux.<\/p>\n<h3 style=\"text-align: justify;\">Le\u00e7on 5<\/h3>\n<p style=\"text-align: justify;\"><strong>Int\u00e9gration des \u00e9motions<\/strong><\/p>\n<p style=\"text-align: justify;\">L\u2019int\u00e9gration des \u00e9motions est la clef d\u2019une vie spirituelle \u00e9panouie. Si vous cherchez \u00e0 vivre des exp\u00e9riences lumineuses \u00e0 travers vos pratiques spirituelles, t\u00f4t ou tard, vous allez \u00eatre rattrap\u00e9 par des forces contraires qui rendront votre vie encore plus difficile qu\u2019avant. Pour se pr\u00e9munir de ce ph\u00e9nom\u00e8ne, il faut apprendre \u00e0 \u00eatre \u00e0 l\u2019aise avec chacune de nos \u00e9motions. Le but de cette pratique est de vous apprendre \u00e0 int\u00e9grer toute une palette d\u2019\u00e9motions n\u00e9gatives, l\u2019anxi\u00e9t\u00e9, la tristesse, la col\u00e8re, l\u2019avidit\u00e9 et la jalousie. Lorsque vous aurez assimil\u00e9 cette pratique, vous pourrez int\u00e9grer n\u2019importe quelle \u00e9motion. Vous serez beaucoup plus \u00e0 l\u2019aise avec vous-m\u00eame. Vous n\u2019aurez plus peur de l\u2019introspection. Et cela vous \u00e9vitera de passer du 7e ciel au 36e dessous.<\/p>\n<p style=\"text-align: justify;\"><strong>Canalisation d\u2019un sigil<\/strong><\/p>\n<p style=\"text-align: justify;\">Il existe de nombreuses mani\u00e8res de cr\u00e9er et d\u2019utiliser un sigil. La pens\u00e9e en image est notre mode de pens\u00e9e naturel. Comme ils ne se basent pas sur les mots, les sigils nous permettent d\u2019activer notre esprit \u00e0 un niveau plus profond qu\u2019une auto-suggestion verbale. Pour cette pratique, je vous propose une m\u00e9thode simple pour cr\u00e9er vos sigils. La pratique en elle-m\u00eame vous permettra de canaliser l\u2019\u00e9nergie propre aux symboles que vous avez cr\u00e9\u00e9s d\u2019une mani\u00e8re \u00e0 la fois douce et profonde. J\u2019ai d\u00e9velopp\u00e9 cette mani\u00e8re de canaliser les sigils en m\u2019inspirant des enseignements de Diane Stein. Cette pratique peut sembler abstraite, mais le cheminement \u00e9nerg\u00e9tique que je vous ai propos\u00e9 depuis le d\u00e9but de ce cours vous permettra d\u2019atteindre facilement cette exp\u00e9rience.<\/p>\n<p style=\"text-align: justify;\"><strong>Visualisation magique<\/strong><\/p>\n<p style=\"text-align: justify;\">Cette pratique de visualisation vous aidera \u00e0 manifester vos souhaits. Elle compl\u00e9tera votre pratique avec les sigils. On trouve \u00e9norm\u00e9ment de \u00ab\u00a0bricolages\u00a0\u00bb magiques dans les livres ou sur internet. Mais on trouve assez peu de m\u00e9thodes efficaces pour activer le sort. Vous pourrez utiliser cette technique seule, mais vous pourrez \u00e9galement l\u2019utiliser pour activer vos sorts bas\u00e9s sur un support mat\u00e9riel, par exemple une spell jar.<\/p>\n<p style=\"text-align: justify;\"><strong>Temple int\u00e9rieur<\/strong><\/p>\n<p style=\"text-align: justify;\">Dans une tradition purement magique, on pratique des rituels en esp\u00e9rant qu\u2019une exp\u00e9rience int\u00e9rieure se d\u00e9veloppe. Cette approche fonctionne assez mal et c\u2019est justement le but de ce cours de vous apprendre \u00e0 d\u00e9velopper l\u2019exp\u00e9rience int\u00e9rieure avant de vous lancer dans l\u2019accomplissement d\u2019un rituel. Avant d\u2019\u00e9tablir un temple mat\u00e9riel, il est important de savoir cr\u00e9er un temple int\u00e9rieur. C\u2019est le but de cette pratique. Cette pratique int\u00e8gre \u00e9galement la notion de lieu s\u00fbr utilis\u00e9e en hypnose th\u00e9rapeutique. Dans une situation \u00e9motionnelle difficile, vous pourrez utiliser votre temple int\u00e9rieur comme moyen de protection. Dans la suite de ce cours, vous allez \u00eatre amen\u00e9 \u00e0 faire de nombreux voyages int\u00e9rieurs. Votre temple int\u00e9rieur vous facilitera la t\u00e2che. Il pourra vous servir de premi\u00e8re \u00e9tape \u00e0 tous vos voyages.<\/p>\n<h3 style=\"text-align: justify;\">Le\u00e7on 6<\/h3>\n<p style=\"text-align: justify;\"><strong>Travail avec l\u2019air<\/strong><\/p>\n<p style=\"text-align: justify;\">Les quatre m\u00e9ditations guid\u00e9es de cette le\u00e7on ont pour but de vous familiariser avec les \u00e9l\u00e9ments pour en tirer des enseignements. Pour cette pratique, vous allez vous laisser aller et vous fondre dans un aspect de l\u2019\u00e9l\u00e9ment air de votre choix, par exemple l\u2019air calme, une brise, un vent fort ou une temp\u00eate.<\/p>\n<p style=\"text-align: justify;\"><strong>Travail avec le feu<\/strong><\/p>\n<p style=\"text-align: justify;\">Les quatre m\u00e9ditations guid\u00e9es de cette le\u00e7on ont pour but de vous familiariser avec les \u00e9l\u00e9ments pour en tirer des enseignements. Pour cette pratique, vous allez vous laisser aller et vous fondre dans un aspect de l\u2019\u00e9l\u00e9ment feu de votre choix, par exemple la flamme d\u2019une bougie, un incendie, le feu d\u2019un volcan ou du soleil.<\/p>\n<p style=\"text-align: justify;\"><strong>Travail avec l\u2019eau<\/strong><\/p>\n<p style=\"text-align: justify;\">Les quatre m\u00e9ditations guid\u00e9es de cette le\u00e7on ont pour but de vous familiariser avec les \u00e9l\u00e9ments pour en tirer des enseignements. Pour cette pratique, vous allez vous laisser aller et vous fondre dans un aspect de l\u2019\u00e9l\u00e9ment eau de votre choix, par exemple une larme, une goutte de ros\u00e9e, une goutte de pluie, un flocon de neige, une cascade, un ruisseau ou un oc\u00e9an.<\/p>\n<p style=\"text-align: justify;\"><strong>Travail avec la terre<\/strong><\/p>\n<p style=\"text-align: justify;\">Les quatre m\u00e9ditations guid\u00e9es de cette le\u00e7on ont pour but de vous familiariser avec les \u00e9l\u00e9ments pour en tirer des enseignements. Pour cette pratique, vous allez vous laisser aller et vous fondre dans un aspect de l\u2019\u00e9l\u00e9ment terre de votre choix, par exemple un grain de sable, une terre cultiv\u00e9e ou la roche d\u2019une montagne.<\/p>\n<p style=\"text-align: justify;\"><strong>Tarif : 49 \u20ac<\/strong><\/p>\n<p><a href=\"https:\/\/transactions.sendowl.com\/products\/78395571\/B544ABB0\/view\" rel=\"nofollow\"><img decoding=\"async\" src=\"http:\/\/www.le-sidh.org\/wicca\/wp-content\/themes\/graphy-sidh\/buy-now.png\" \/><\/a><script type=\"text\/javascript\" src=\"https:\/\/transactions.sendowl.com\/assets\/sendowl.js\" ><\/script><br \/><\/p>\n","protected":false},"excerpt":{"rendered":"<p>Ce pack propose des m\u00e9ditations guid\u00e9es pour accompagner les le\u00e7ons 4, 5 et 6 du cours \u00ab Wicca fondation \u00bb. Il comprend les le\u00e7ons 4, 5 et 6 au format PDF. Il comprend \u00e9galement 12 m\u00e9ditations guid\u00e9es au format MP3. Tarif : 49 \u20ac Vous pouvez \u00e9couter l&rsquo;extrait d&rsquo;une m\u00e9ditation. Texte : Artus. Voix :&#8230;<\/p>\n","protected":false},"author":1,"featured_media":8578,"parent":0,"menu_order":0,"comment_status":"closed","ping_status":"closed","template":"nosidebar.php","meta":{"footnotes":""},"class_list":["post-8561","page","type-page","status-publish","has-post-thumbnail","hentry"],"_links":{"self":[{"href":"https:\/\/www.le-sidh.org\/wicca\/wp-json\/wp\/v2\/pages\/8561","targetHints":{"allow":["GET"]}}],"collection":[{"href":"https:\/\/www.le-sidh.org\/wicca\/wp-json\/wp\/v2\/pages"}],"about":[{"href":"https:\/\/www.le-sidh.org\/wicca\/wp-json\/wp\/v2\/types\/page"}],"author":[{"embeddable":true,"href":"https:\/\/www.le-sidh.org\/wicca\/wp-json\/wp\/v2\/users\/1"}],"replies":[{"embeddable":true,"href":"https:\/\/www.le-sidh.org\/wicca\/wp-json\/wp\/v2\/comments?post=8561"}],"version-history":[{"count":20,"href":"https:\/\/www.le-sidh.org\/wicca\/wp-json\/wp\/v2\/pages\/8561\/revisions"}],"predecessor-version":[{"id":9667,"href":"https:\/\/www.le-sidh.org\/wicca\/wp-json\/wp\/v2\/pages\/8561\/revisions\/9667"}],"wp:featuredmedia":[{"embeddable":true,"href":"https:\/\/www.le-sidh.org\/wicca\/wp-json\/wp\/v2\/media\/8578"}],"wp:attachment":[{"href":"https:\/\/www.le-sidh.org\/wicca\/wp-json\/wp\/v2\/media?parent=8561"}],"curies":[{"name":"wp","href":"https:\/\/api.w.org\/{rel}","templated":true}]}}