{"id":8419,"date":"2020-09-15T10:02:45","date_gmt":"2020-09-15T08:02:45","guid":{"rendered":"http:\/\/www.le-sidh.org\/wicca\/?page_id=8419"},"modified":"2022-03-16T01:05:38","modified_gmt":"2022-03-15T23:05:38","slug":"pack-de-meditations-guidees-volume-1","status":"publish","type":"page","link":"https:\/\/www.le-sidh.org\/wicca\/pack-de-meditations-guidees-volume-1\/","title":{"rendered":"Pack de m\u00e9ditations guid\u00e9es, volume 1"},"content":{"rendered":"<p style=\"text-align: justify;\">Ce pack propose des m\u00e9ditations guid\u00e9es pour accompagner les trois premi\u00e8res le\u00e7ons du cours \u00ab\u00a0Wicca fondation\u00a0\u00bb. Il comprend les le\u00e7ons 1, 2 et 3 au format PDF. Il comprend \u00e9galement 12 m\u00e9ditations guid\u00e9es au format mp3.<\/p>\n<p style=\"text-align: justify;\"><strong>Tarif : 49 \u20ac<\/strong><\/p>\n<p><a href=\"https:\/\/transactions.sendowl.com\/products\/78363395\/BF403880\/view\" rel=\"nofollow\"><img decoding=\"async\" src=\"http:\/\/www.le-sidh.org\/wicca\/wp-content\/themes\/graphy-sidh\/buy-now.png\" \/><\/a><script type=\"text\/javascript\" src=\"https:\/\/transactions.sendowl.com\/assets\/sendowl.js\" ><\/script><br \/>\n<\/p>\n<p style=\"text-align: justify;\">Lune a souhait\u00e9 participer au projet et c\u2019est elle qui a enregistr\u00e9 les m\u00e9ditations. Et tr\u00e8s franchement, vous y gagnez au change. Le micro que nous utilisons a un peu du mal \u00e0 enregistrer proprement ma voix. Alors qu\u2019avec la voix de Lune, nous arrivons \u00e0 un r\u00e9sultat correct. Vous pouvez \u00e9couter un extrait pour vous en rendre compte par vous-m\u00eame.<\/p>\n<audio class=\"wp-audio-shortcode\" id=\"audio-8419-1\" preload=\"none\" style=\"width: 100%;\" controls=\"controls\"><source type=\"audio\/mpeg\" src=\"https:\/\/www.le-sidh.org\/wicca\/wp-content\/uploads\/2020\/09\/wf1.mp3?_=1\" \/><a href=\"https:\/\/www.le-sidh.org\/wicca\/wp-content\/uploads\/2020\/09\/wf1.mp3\">https:\/\/www.le-sidh.org\/wicca\/wp-content\/uploads\/2020\/09\/wf1.mp3<\/a><\/audio>\n<p style=\"text-align: justify;\">Texte : Artus.<br \/>\nVoix : Lune.<br \/>\nMusique : Adrift par Christopher Lloyd Clarke. Utilis\u00e9e avec permission.<\/p>\n<p style=\"text-align: justify;\">Voici les pratiques propos\u00e9es dans ce pack de m\u00e9ditations\u00a0:<\/p>\n<h3 style=\"text-align: justify;\">Le\u00e7on 1<\/h3>\n<p style=\"text-align: justify;\"><strong>Geste sorcier<\/strong><\/p>\n<p style=\"text-align: justify;\">Cette pratique vous apprendra \u00e0 vous d\u00e9tendre physiquement et mentalement, \u00e0 changer d\u2019\u00e9tat de conscience et \u00e0 mettre en place un geste sorcier. Ce geste vous servira ensuite d\u2019ancre pour retrouver rapidement votre \u00e9tat de conscience sorcier dans la vie de tous les jours. Il pourra \u00e9galement vous servir pour interrompre les automatismes limitants, par exemple, lorsque vous bouclez dans la n\u00e9gativit\u00e9 et que vous ne savez pas quoi faire pour en sortir.<\/p>\n<p style=\"text-align: justify;\"><strong>Imagination tactile<\/strong><\/p>\n<p style=\"text-align: justify;\">Cette pratique vous permettra de d\u00e9couvrir l\u2019\u00e9nergie spirituelle. Si vous avez d\u00e9j\u00e0 une certaine exp\u00e9rience de l\u2019\u00e9nergie, elle vous permettra de rentrer plus profond\u00e9ment dans le monde de l\u2019\u00e9nergie. Lorsque vous ma\u00eetriserez cette pratique, vous ressentirez par exemple votre syst\u00e8me \u00e9nerg\u00e9tique sans effort particulier, dans votre \u00e9tat de conscience ordinaire.<\/p>\n<p style=\"text-align: justify;\"><strong>Visualisation<\/strong><\/p>\n<p style=\"text-align: justify;\">Je pense que le meilleur moyen de d\u00e9velopper sa capacit\u00e9 de visualisation est de pratiquer la projection de conscience et le voyage int\u00e9rieur. Ces pratiques sont nombreuses dans le cours \u00ab\u00a0Wicca fondation\u00a0\u00bb. Mais avant de commencer, je vous propose une pratique un peu plus sp\u00e9cifique pour stimuler votre capacit\u00e9 de visualisation. Cette pratique est plus vivante que l\u2019habituelle visualisation de cercles et de carr\u00e9s. Et elle vous permettra de stimuler non seulement votre imagination visuelle, mais \u00e9galement vos capacit\u00e9s d\u2019imagination tactile, olfactive et gustative.<\/p>\n<p style=\"text-align: justify;\"><strong>Affirmations<\/strong><\/p>\n<p style=\"text-align: justify;\">Avec les changements d\u2019\u00e9tat de conscience, l\u2019autosuggestion est la base de la sorcellerie. Vous n\u2019en avez peut-\u00eatre pas conscience aujourd\u2019hui, mais la plupart du temps, nous fonctionnons de mani\u00e8re automatique en suivant des \u00ab\u00a0programmes\u00a0\u00bb. Par exemple, lorsqu\u2019une personne veut vous serrer la main, amorcez le geste et retirez votre main au dernier moment. La personne risque de rester paralys\u00e9e quelques longues secondes sans savoir quoi faire. C\u2019est parce que vous l\u2019avez interrompu au milieu d\u2019un programme. De nombreux programmes sont anodins et nous permettent de vivre efficacement notre vie. Mais de nombreux programmes sont toxiques et nous limitent dans nos possibilit\u00e9s. Apprendre \u00e0 modifier nos propres programmes est un moyen efficace de pratiquer la sorcellerie. Dans cette pratique, je vous propose d\u2019utiliser des affirmations pour vous lib\u00e9rer sur le long terme des automatismes limitants dont je parlais plus haut. Cette pratique contient plusieurs affirmations, pour d\u00e9velopper la joie, la confiance en soi, la prosp\u00e9rit\u00e9, les capacit\u00e9s spirituelles et l\u2019auto-gu\u00e9rison.<\/p>\n<h3 style=\"text-align: justify;\">Le\u00e7on 2<\/h3>\n<p style=\"text-align: justify;\"><strong>Sph\u00e8re de protection<\/strong><\/p>\n<p style=\"text-align: justify;\">Lorsque nous nous ouvrons spirituellement, nous nous sentons hypersensibles et vuln\u00e9rables. Les m\u00e9thodes de protection classiques ne sont pas le meilleur moyen de d\u00e9passer ce probl\u00e8me. Mais pour quelqu\u2019un qui d\u00e9bute, c\u2019est la m\u00e9thode la plus accessible. Dans cette pratique, je vous propose d\u2019apprendre \u00e0 mettre en place une sph\u00e8re de protection. Cette pratique reprend la symbolique du cercle magique. Mais il s\u2019agit d\u2019une version simplifi\u00e9e, parfaitement adapt\u00e9e pour quelqu\u2019un qui d\u00e9bute ou qui ne veut pas s\u2019emb\u00eater avec une pratique trop complexe.<\/p>\n<p style=\"text-align: justify;\"><strong>Imposition des mains<\/strong><\/p>\n<p style=\"text-align: justify;\">Il existe de nombreuses mani\u00e8res de canaliser l\u2019\u00e9nergie. Dans le cours \u00ab\u00a0Wicca fondation\u00a0\u00bb, je vous en propose plusieurs, mais je me concentre essentiellement sur la canalisation passive de l\u2019\u00e9nergie. Si j\u2019ai fait ce choix, c\u2019est parce que de nombreuses techniques sont violentes et risquent d\u2019engendrer le chaos en vous-m\u00eame et dans votre vie. La m\u00e9thode que je vous propose est beaucoup plus paisible. Elle permet d\u2019engendrer des changements en douceur, sur la dur\u00e9e. Le concept de canalisation passive vous semble probablement abstrait. C\u2019est normal. En r\u00e9alit\u00e9, cela n\u2019a rien d\u2019abstrait et l\u2019imposition des mains est le moyen le plus simple pour apprendre ce mode de canalisation d\u2019\u00e9nergie. Cette pratique est bas\u00e9e sur les chakras et vous permettra de stimuler votre syst\u00e8me \u00e9nerg\u00e9tique dans la douceur.<\/p>\n<p style=\"text-align: justify;\"><strong>Projection de conscience dans un objet<\/strong><\/p>\n<p style=\"text-align: justify;\">La projection de conscience est au centre de nombreuses pratiques sorci\u00e8res. Pour commencer, je vous propose d\u2019apprendre \u00e0 projeter votre conscience dans l\u2019objet de votre choix.<\/p>\n<p style=\"text-align: justify;\"><strong>Projection dans l\u2019infini<\/strong><\/p>\n<p style=\"text-align: justify;\">Cette pratique est similaire \u00e0 la pr\u00e9c\u00e9dente, mais au lieu de projeter votre conscience dans un objet r\u00e9el, vous allez commencer par explorer l\u2019infiniment petit, puis l\u2019infiniment grand.<\/p>\n<h3 style=\"text-align: justify;\">Le\u00e7on 3<\/h3>\n<p style=\"text-align: justify;\"><strong>Vibrer une \u00e9nergie<\/strong><\/p>\n<p style=\"text-align: justify;\">Les personnes qui n\u2019ont pas de vie spirituelle sont un peu comme des girouettes. Elles sont soumises aux conditions ext\u00e9rieures. Lorsqu\u2019elles sont favorables, la personne se sent bien. Et lorsqu\u2019elles sont d\u00e9favorables, elle se sent mal. Vous \u00eates probablement dans cette situation actuellement et c\u2019est tout \u00e0 fait normal. Dans \u00ab\u00a0Wicca fondation\u00a0\u00bb, vous allez apprendre des pratiques pour d\u00e9passer cette limite. Pour commencer, je vous propose d\u2019apprendre \u00e0 vibrer des \u00e9nergies positives. Cette capacit\u00e9 est fondamentale pour la pratique magique. La pratique magique est toujours motiv\u00e9e par un manque, mais pour qu\u2019elle fonctionne, il faut apprendre \u00e0 exprimer de la pl\u00e9nitude. Dans un premier temps, vous serez invit\u00e9 \u00e0 choisir une propri\u00e9t\u00e9 mat\u00e9rielle, par exemple, la sant\u00e9 ou la prosp\u00e9rit\u00e9. Ensuite, vous devrez choisir une propri\u00e9t\u00e9 spirituelle, par exemple, l\u2019amour ou l\u2019inspiration. Et enfin, vous choisirez un principe spirituel, selon votre syst\u00e8me de croyance, par exemple, un \u00e9l\u00e9ment ou une divinit\u00e9.<\/p>\n<p style=\"text-align: justify;\"><strong>Diriger l\u2019\u00e9nergie<\/strong><\/p>\n<p style=\"text-align: justify;\">Dans de nombreuses pratiques magiques, il est question de faire monter l\u2019\u00e9nergie puis de la diriger vers notre souhait. Cette affirmation semble totalement abstraite et vous vous \u00eates probablement demand\u00e9 comment faire. Encore une fois, cela n\u2019a rien d\u2019abstrait. Comme beaucoup d\u2019exp\u00e9riences spirituelles, c\u2019est seulement ineffable. Dans cette pratique, je vous propose une m\u00e9thode interm\u00e9diaire pour que vous compreniez intuitivement comment diriger l\u2019\u00e9nergie int\u00e9rieurement, vers n\u2019importe quel but, un souhait, une image, une personne distante ou un lieu\u2026<\/p>\n<p style=\"text-align: justify;\"><strong>Traitement de l\u2019aura<\/strong><\/p>\n<p style=\"text-align: justify;\">En pratiquant l\u2019imagination tactile comme je vous l\u2019ai propos\u00e9 dans la premi\u00e8re le\u00e7on, vous allez devenir familier avec l\u2019\u00e9nergie. Vous ressentirez facilement l\u2019\u00e9nergie dans votre corps. Par contre, en dehors de votre corps, cela restera plus difficile. Par exemple, l\u2019\u00e9nergie que nous \u00e9manons est particuli\u00e8rement subtile et il n\u2019est pas forc\u00e9ment \u00e9vident de la percevoir. Il est pourtant int\u00e9ressant de savoir pratiquer un traitement d\u2019aura sur soi-m\u00eame. Cela permet de r\u00e9gler un certain nombre de d\u00e9s\u00e9quilibres \u00e9nerg\u00e9tiques, comme les vides ou les blocages. Le traitement d\u2019aura permet \u00e9galement de nous lib\u00e9rer des liens toxiques avec des exp\u00e9riences pass\u00e9es ou des personnes. Avec une m\u00e9ditation guid\u00e9e, cela devient beaucoup plus facile. Pour ma part, c\u2019est cette pratique qui m\u2019a convaincu de l\u2019efficacit\u00e9 des m\u00e9ditations guid\u00e9es.<\/p>\n<p style=\"text-align: justify;\"><strong>Polarit\u00e9 de la terre et du ciel<\/strong><\/p>\n<p style=\"text-align: justify;\">La polarit\u00e9 est un \u00e9l\u00e9ment essentiel dans la wicca. Dans la wicca traditionnelle, elle est souvent envisag\u00e9e d\u2019une mani\u00e8re assez mat\u00e9rialiste, \u00e0 travers la relation entre un homme et une femme. Avec notre vision plus moderne, il est possible de constater que chacun de nous poss\u00e8de les deux p\u00f4les, en lui-m\u00eame. Il est int\u00e9ressant de travailler avec notre polarit\u00e9 interne. Dans cette pratique, je vous propose de vous connecter aux \u00e9nergies de la terre, puis aux \u00e9nergies du ciel, pour les \u00e9quilibrer en vous.<\/p>\n<p style=\"text-align: justify;\"><strong>Tarif : 49 \u20ac<\/strong><\/p>\n<p><a href=\"https:\/\/transactions.sendowl.com\/products\/78363395\/BF403880\/view\" rel=\"nofollow\"><img decoding=\"async\" src=\"http:\/\/www.le-sidh.org\/wicca\/wp-content\/themes\/graphy-sidh\/buy-now.png\" \/><\/a><script type=\"text\/javascript\" src=\"https:\/\/transactions.sendowl.com\/assets\/sendowl.js\" ><\/script><br \/><\/p>\n","protected":false},"excerpt":{"rendered":"<p>Ce pack propose des m\u00e9ditations guid\u00e9es pour accompagner les trois premi\u00e8res le\u00e7ons du cours \u00ab\u00a0Wicca fondation\u00a0\u00bb. Il comprend les le\u00e7ons 1, 2 et 3 au format PDF. Il comprend \u00e9galement 12 m\u00e9ditations guid\u00e9es au format mp3. Tarif : 49 \u20ac Lune a souhait\u00e9 participer au projet et c\u2019est elle qui a enregistr\u00e9 les m\u00e9ditations. Et&#8230;<\/p>\n","protected":false},"author":1,"featured_media":8439,"parent":0,"menu_order":0,"comment_status":"closed","ping_status":"closed","template":"nosidebar.php","meta":{"footnotes":""},"class_list":["post-8419","page","type-page","status-publish","has-post-thumbnail","hentry"],"_links":{"self":[{"href":"https:\/\/www.le-sidh.org\/wicca\/wp-json\/wp\/v2\/pages\/8419","targetHints":{"allow":["GET"]}}],"collection":[{"href":"https:\/\/www.le-sidh.org\/wicca\/wp-json\/wp\/v2\/pages"}],"about":[{"href":"https:\/\/www.le-sidh.org\/wicca\/wp-json\/wp\/v2\/types\/page"}],"author":[{"embeddable":true,"href":"https:\/\/www.le-sidh.org\/wicca\/wp-json\/wp\/v2\/users\/1"}],"replies":[{"embeddable":true,"href":"https:\/\/www.le-sidh.org\/wicca\/wp-json\/wp\/v2\/comments?post=8419"}],"version-history":[{"count":38,"href":"https:\/\/www.le-sidh.org\/wicca\/wp-json\/wp\/v2\/pages\/8419\/revisions"}],"predecessor-version":[{"id":9664,"href":"https:\/\/www.le-sidh.org\/wicca\/wp-json\/wp\/v2\/pages\/8419\/revisions\/9664"}],"wp:featuredmedia":[{"embeddable":true,"href":"https:\/\/www.le-sidh.org\/wicca\/wp-json\/wp\/v2\/media\/8439"}],"wp:attachment":[{"href":"https:\/\/www.le-sidh.org\/wicca\/wp-json\/wp\/v2\/media?parent=8419"}],"curies":[{"name":"wp","href":"https:\/\/api.w.org\/{rel}","templated":true}]}}