{"id":816,"date":"2014-08-04T14:08:20","date_gmt":"2014-08-04T12:08:20","guid":{"rendered":"http:\/\/www.le-sidh.org\/wicca\/?page_id=816"},"modified":"2015-04-26T23:16:33","modified_gmt":"2015-04-26T21:16:33","slug":"arbre-de-mai","status":"publish","type":"page","link":"https:\/\/www.le-sidh.org\/wicca\/sabbats\/beltane\/arbre-de-mai\/","title":{"rendered":"L&rsquo;Arbre de Mai"},"content":{"rendered":"<p style=\"text-align: center;\"><strong>L&rsquo;Arbre de Mai<\/strong><br \/>\nPar V\u00e9ro \u00a9 2006<\/p>\n<p style=\"text-align: justify;\"><a href=\"https:\/\/www.le-sidh.org\/wicca\/wp-content\/uploads\/2014\/08\/mat-de-mai.jpg\"><img loading=\"lazy\" decoding=\"async\" class=\" size-full wp-image-2037 alignright\" src=\"https:\/\/www.le-sidh.org\/wicca\/wp-content\/uploads\/2014\/08\/mat-de-mai.jpg\" alt=\"mat de mai\" width=\"205\" height=\"321\" srcset=\"https:\/\/www.le-sidh.org\/wicca\/wp-content\/uploads\/2014\/08\/mat-de-mai.jpg 205w, https:\/\/www.le-sidh.org\/wicca\/wp-content\/uploads\/2014\/08\/mat-de-mai-192x300.jpg 192w\" sizes=\"auto, (max-width: 205px) 100vw, 205px\" \/><\/a>Ainsi que je le disais dans le post sur <a title=\"Les Moissons\" href=\"https:\/\/www.le-sidh.org\/wicca\/folklore-sorcier\/les-moissons\/\" target=\"_blank\">les moissons<\/a>, nous sommes de grands voyageurs, et, alors que nous voyions des carr\u00e9s de bl\u00e9s non r\u00e9colt\u00e9s, nous voyions aussi, \u00e0 d\u2019autres p\u00e9riodes, des arbres de mai dans les cours et sur les places des villages en Allemagne.<\/p>\n<p style=\"text-align: justify;\">L\u00e0-bas, on l\u2019appelle <em>Maibaum<\/em> (arbre de mai), <em>Maistange<\/em> (poteau de mai) ou simplement <em>Maie<\/em>.<\/p>\n<p style=\"text-align: justify;\">Il est compos\u00e9 d\u2019un tronc g\u00e9n\u00e9ralement \u00e9corc\u00e9, qui peut atteindre 50 m\u00e8tres, ceint \u00e0 son sommet d\u2019une couronne et d\u2019un gros bouquet (parfois ce peut \u00eatre un petit sapin qui fait office de bouquet).<\/p>\n<p style=\"text-align: justify;\">Tel qu\u2019on le conna\u00eet aujourd\u2019hui, il n\u2019existe en fait que depuis le 16\u00e8me si\u00e8cle et il a \u00e9t\u00e9 surtout popularis\u00e9 \u00e0 la fin de la seconde guerre mondiale via la propagande nazi qui en avait fait un symbole du r\u00e9veil de la nature. Il \u00e9tait tomb\u00e9 en d\u00e9su\u00e9tude et est revenu sur le devant de la sc\u00e8ne dans les ann\u00e9es 70.<\/p>\n<p style=\"text-align: justify;\">On l\u2019appelle \u00ab arbre de mai \u00bb mais il peut aussi \u00eatre \u00e9rig\u00e9 \u00e0 la Pentec\u00f4te ou \u00e0 la Saint Jean d\u2019\u00e9t\u00e9. D\u2019ailleurs, en Su\u00e8de, c\u2019est le <em>mittsommerbaum<\/em> : l\u2019arbre du milieu de l\u2019\u00e9t\u00e9.<\/p>\n<p style=\"text-align: justify;\">En des temps plus anciens (13\u00e8me au 18\u00e8me si\u00e8cles), il a connu bien des d\u00e9boires : d\u2019un c\u00f4t\u00e9 les soldats voulaient que la tradition soit sauvegard\u00e9e car, qui disait \u00e9rection d\u2019arbre de mai disait bi\u00e8re gratuite, mais parall\u00e8lement \u00e0 cela l\u2019\u00e9glise voulait s\u2019en d\u00e9faire car il s\u2019agissait bien d\u2019une tradition pa\u00efenne (on l\u2019aurait rapproch\u00e9e des menhirs, mais aussi des poteaux centraux des yourtes et de l\u2019arbre qui permet aux chamans d\u2019acc\u00e9der au monde d\u2019en-haut), et les propri\u00e9taires des for\u00eats auraient aim\u00e9 que cela cesse, mais les jeunes hommes qui fabriquaient les-dits arbres voulaient que cela continue car ils \u00e9taient les h\u00e9ros de toute l\u2019affaire.<\/p>\n<p style=\"text-align: justify;\"><a href=\"https:\/\/www.le-sidh.org\/wicca\/wp-content\/uploads\/2014\/08\/Maibaum.jpg\"><img loading=\"lazy\" decoding=\"async\" class=\" size-full wp-image-2038 alignleft\" src=\"https:\/\/www.le-sidh.org\/wicca\/wp-content\/uploads\/2014\/08\/Maibaum.jpg\" alt=\"Maibaum\" width=\"288\" height=\"450\" srcset=\"https:\/\/www.le-sidh.org\/wicca\/wp-content\/uploads\/2014\/08\/Maibaum.jpg 288w, https:\/\/www.le-sidh.org\/wicca\/wp-content\/uploads\/2014\/08\/Maibaum-192x300.jpg 192w\" sizes=\"auto, (max-width: 288px) 100vw, 288px\" \/><\/a>Il y avait donc l\u2019arbre du village, celui qu\u2019on dressait en son centre. Le jeu consistait \u00e0 aller voler celui du village voisin et \u00e0 demander une ran\u00e7on (payable en bi\u00e8re). Donc il y avait des groupes d\u00e9volus \u00e0 la surveillance du mat. Si malgr\u00e9 toutes les pr\u00e9cautions l\u2019arbre \u00e9tait vol\u00e9 et que par le plus grand des hasards personne ne le r\u00e9clamait, ceux qui l\u2019avaient subtilis\u00e9 le dressaient dans leur propre village, mais il devenait alors le <em>schandbaum<\/em>, l\u2019arbre de la honte ! L\u2019arbre de honte, au lieu d\u2019\u00eatre couronn\u00e9 de verdure, l\u2019\u00e9tait d\u2019un balai. Il \u00e9tait toutefois interdit de s\u2019en prendre physiquement aux gardiens du mat. Et l\u2019arbre lui-m\u00eame devait \u00eatre vol\u00e9 sans \u00eatre ab\u00eem\u00e9. Qu\u2019un gardien pos\u00e2t la main sur le mat et il devenait aussit\u00f4t tabou.<\/p>\n<p style=\"text-align: justify;\">Cet arbre devait rester en place pendant tout le mois. Avant d\u2019\u00eatre \u00e9rig\u00e9, il \u00e9tait promen\u00e9 triomphalement dans tout le village. Dans certains endroits, on fabriquait tous les ans un nouveau mat, dans d\u2019autres on r\u00e9utilisait le m\u00eame mat et durant le reste de l\u2019ann\u00e9e on l\u2019immergeait dans un cours d\u2019eau. Si durant la p\u00e9riode d\u2019\u00e9rection le tronc avait des rejets, cela annon\u00e7ait des \u00ab \u00e9v\u00e9nements \u00bb \u00e0 venir.<\/p>\n<p style=\"text-align: justify;\"><a href=\"https:\/\/www.le-sidh.org\/wicca\/wp-content\/uploads\/2014\/08\/maibaum-bad-reichenhall.jpg\"><img loading=\"lazy\" decoding=\"async\" class=\"alignleft wp-image-2041 size-medium\" src=\"https:\/\/www.le-sidh.org\/wicca\/wp-content\/uploads\/2014\/08\/maibaum-bad-reichenhall-300x225.jpg\" alt=\"maibaum-bad-reichenhall\" width=\"300\" height=\"225\" srcset=\"https:\/\/www.le-sidh.org\/wicca\/wp-content\/uploads\/2014\/08\/maibaum-bad-reichenhall-300x225.jpg 300w, https:\/\/www.le-sidh.org\/wicca\/wp-content\/uploads\/2014\/08\/maibaum-bad-reichenhall.jpg 800w\" sizes=\"auto, (max-width: 300px) 100vw, 300px\" \/><\/a>Il y avait donc ces arbres \u00ab communaux \u00bb et puis il y avait ceux qu\u2019on plantait dans son jardin, ou dans celui du voisin. Si on le plantait chez le voisin c\u2019\u00e9tait en g\u00e9n\u00e9ral un arbre de honte qu\u2019on lui d\u00e9diait. Or, comme personne n\u2019aurait voulu \u00eatre ainsi d\u00e9sign\u00e9, tout le monde se levait extr\u00eamement t\u00f4t ce matin du 1er mai afin d\u2019\u00f4ter \u00e9ventuellement toute trace de honte devant chez soi, mais aussi de v\u00e9rifier quel autre voisin aurait \u00e9t\u00e9 concern\u00e9 !<\/p>\n<p style=\"text-align: justify;\">Et comme l\u2019amour est \u00e9galement une valeur universelle, les jeunes hommes c\u00e9libataires profitaient de cette nuit de Walpurgis pour fabriquer des c\u0153urs en roses et en rubans qu\u2019ils pla\u00e7aient sous la fen\u00eatre de leur aim\u00e9e. Il veillaient l\u00e0 durant toute la nuit afin d\u2019\u00e9viter les vols. Dans d\u2019autres r\u00e9gions, ils fabriquaient un petit arbre de mai (en bouleau bien souvent) qu\u2019ils pla\u00e7aient dans le jardin de l\u2019aim\u00e9e.<\/p>\n<p style=\"text-align: justify;\">La nuit de Walpurgis vient de Sainte Walpurga (qui tombe fort \u00e0 propos), sainte patronne des fermi\u00e8res et des employ\u00e9es de maison. Elle est aussi la protectrice des arts magiques. Durant cette nuit, donc pendant que les sorci\u00e8res \u00e9taient au sabbat, les jeunes hommes (du moins ceux qui ne veillaient pas leur c\u0153ur en roses et rubans) faisaient des farces : d\u00e9crocher les volets des maisons et les portes des granges, d\u00e9placer les objets, les brouettes, les outils agricoles, barricader les portes des fermes avec des planches ou un tas de fumier, d\u00e9router l\u2019eau du puits pour qu\u2019elle entre dans les maisons\u2026. Aujourd\u2019hui la tradition perdure, mais ils s\u2019en prennent aux voitures, aux panneaux routiers, aux meubles de jardin !<\/p>\n<ul>\n<li style=\"text-align: justify;\">Particularit\u00e9 du premier Mai en Suisse :<\/li>\n<\/ul>\n<p style=\"text-align: justify;\">On essaie de faire revivre un rite de f\u00e9condit\u00e9 tr\u00e8s ancien pour le premier Mai : on porte des ours de Mai (<em>Maib\u00e4ren<\/em>) dans les rues de Bad Ragaz. Ils sont faits d&rsquo;assemblages de feuillage et de bois auxquels on ajoute des rubans multicolores. Puis on pr\u00e9cipite ces ours dans les eaux tumultueuses de la Tamina.<\/p>\n<p style=\"text-align: justify;\">Les traditions sont loin de tomber dans l&rsquo;oubli \u00e0 Soultzbach-les-Bains. C&rsquo;est ce que l&rsquo;on constate tout particuli\u00e8rement \u00e0 la fin juin quand on f\u00eate saint Jean-Baptiste. A la Saint-Jean, nombreux sont les feux qui s&rsquo;allument sur le versant alsacien des Vosges. Mais dans ce domaine, Soultzbach-les-Bains est unique. Les visiteurs auront l&rsquo;occasion, le 1er juillet prochain, d&rsquo;assister \u00e0 cette f\u00eate que les conscrits pr\u00e9parent depuis des semaines pour faire revivre les anciennes coutumes. La veille, ils \u00e9rigent sur la colline du Rebberg un grand sapin : le \u00ab\u00a0<em>ma\u00efa<\/em>\u00ab\u00a0, non loin de l\u00e0 est install\u00e9 le b\u00fbcher. Les jeunes filles de la classe confectionnent pour chacun des conscrits un chapeau couvert de roses et chacune de rivaliser pour pr\u00e9senter le plus beau ! On verra ces jeunes, coiff\u00e9s du chapeau aux roses, foulard autour du cou, traverser les rues du village, accompagn\u00e9s des jeunes filles de leur \u00e2ge, puis monter au Rebberg. Le \u00ab\u00a0Ma\u00efa\u00a0\u00bb sera alors allum\u00e9 et \u00e0 ses flammes les conscrits allumeront leurs torches. Puis ils contourneront la colline en brandissant leurs torches et les jeunes filles allumeront le grand feu. L&rsquo;on verra ensuite la travers\u00e9e du feu trois fois par les conscrits et une fois par les \u00ab\u00a0<em>Ma\u00efal\u00e4scher<\/em>\u00ab\u00a0. Un grand feu d&rsquo;artifice pr\u00e9c\u00e9dera le retour au village o\u00f9 les conscrits ex\u00e9cuteront la ronde traditionnelle \u00e0 proximit\u00e9 de l&rsquo;\u00e9glise Saint-Jean-Baptiste<\/p>\n<p style=\"text-align: justify;\">Apr\u00e8s le charivari de Carnaval, place au cort\u00e8ge du Frileux de Pentec\u00f4te, ou \u00ab <em>Pfingstpflitteri<\/em> \u00bb, pour en finir avec les f\u00eates du renouveau. Mont\u00e9s sur des chevaux de trait, autres vedettes de la journ\u00e9e, les hommes sauvages qui accompagnaient le Frileux ont parcouru l&rsquo;\u00c9comus\u00e9e d&rsquo;Alsace, suivi par une foule nombreuse de visiteurs. Au vert. \u2014 V\u00eatu de feuilles et de branches, le malheureux est condamn\u00e9 par la population pour assurer les bonnes r\u00e9coltes de l&rsquo;\u00e9t\u00e9 qui arrive. La l\u00e9gende du Frileux de Pentec\u00f4te remonte aux temps jadis, personnage f\u00eat\u00e9 plus particuli\u00e8rement \u00e0 Baldenheim, petit village du Ried pr\u00e8s de S\u00e9lestat. Lorsque les villageois ont arr\u00eat\u00e9 de c\u00e9l\u00e9brer le Frileux, le cort\u00e8ge s&rsquo;est install\u00e9 d\u00e9finitivement au parc d&rsquo;Ungersheim il y a une dizaine d&rsquo;ann\u00e9es. Au sec. \u2014 Pour s&rsquo;assurer de bonnes r\u00e9coltes estivales, la populace sacrifie le Frileux en le jetant dans la fontaine du village. Mais une fois n&rsquo;est pas coutume : les conscrits ont jet\u00e9 le malheureux du haut du pont de la scierie, parce que la fontaine \u00e9tait \u00e0 sec.<\/p>\n","protected":false},"excerpt":{"rendered":"<p>L&rsquo;Arbre de Mai Par V\u00e9ro \u00a9 2006 Ainsi que je le disais dans le post sur les moissons, nous sommes de grands voyageurs, et, alors que nous voyions des carr\u00e9s de bl\u00e9s non r\u00e9colt\u00e9s, nous voyions aussi, \u00e0 d\u2019autres p\u00e9riodes, des arbres de mai dans les cours et sur les places des villages en Allemagne&#8230;.<\/p>\n","protected":false},"author":2,"featured_media":0,"parent":80,"menu_order":0,"comment_status":"closed","ping_status":"closed","template":"","meta":{"footnotes":""},"class_list":["post-816","page","type-page","status-publish","hentry"],"_links":{"self":[{"href":"https:\/\/www.le-sidh.org\/wicca\/wp-json\/wp\/v2\/pages\/816","targetHints":{"allow":["GET"]}}],"collection":[{"href":"https:\/\/www.le-sidh.org\/wicca\/wp-json\/wp\/v2\/pages"}],"about":[{"href":"https:\/\/www.le-sidh.org\/wicca\/wp-json\/wp\/v2\/types\/page"}],"author":[{"embeddable":true,"href":"https:\/\/www.le-sidh.org\/wicca\/wp-json\/wp\/v2\/users\/2"}],"replies":[{"embeddable":true,"href":"https:\/\/www.le-sidh.org\/wicca\/wp-json\/wp\/v2\/comments?post=816"}],"version-history":[{"count":5,"href":"https:\/\/www.le-sidh.org\/wicca\/wp-json\/wp\/v2\/pages\/816\/revisions"}],"predecessor-version":[{"id":2042,"href":"https:\/\/www.le-sidh.org\/wicca\/wp-json\/wp\/v2\/pages\/816\/revisions\/2042"}],"up":[{"embeddable":true,"href":"https:\/\/www.le-sidh.org\/wicca\/wp-json\/wp\/v2\/pages\/80"}],"wp:attachment":[{"href":"https:\/\/www.le-sidh.org\/wicca\/wp-json\/wp\/v2\/media?parent=816"}],"curies":[{"name":"wp","href":"https:\/\/api.w.org\/{rel}","templated":true}]}}