{"id":8066,"date":"2020-03-18T17:32:02","date_gmt":"2020-03-18T15:32:02","guid":{"rendered":"http:\/\/www.le-sidh.org\/wicca\/?page_id=8066"},"modified":"2020-03-18T17:32:02","modified_gmt":"2020-03-18T15:32:02","slug":"ostara-benediction-des-graines-materielles-spirituelles","status":"publish","type":"page","link":"https:\/\/www.le-sidh.org\/wicca\/sabbats\/ostara\/ostara-benediction-des-graines-materielles-spirituelles\/","title":{"rendered":"Ostara, b\u00e9n\u00e9diction des graines mat\u00e9rielles &#038; spirituelles"},"content":{"rendered":"<p style=\"text-align: justify;\"><em>Extrait du livre Wheel of the Year, par Pauline Campanelli, traduction Lune.<\/em><\/p>\n<p style=\"text-align: justify;\">L&rsquo;\u00e9quinoxe de printemps est le moment o\u00f9 le jour et la nuit sont d&rsquo;\u00e9gale longueur et o\u00f9 la lumi\u00e8re est sur le point de devenir plus forte que l&rsquo;obscurit\u00e9. L&rsquo;\u00e9quinoxe de printemps est c\u00e9l\u00e9br\u00e9 aux environs du 21 mars. Ces rites printaniers devraient \u00eatre c\u00e9l\u00e9br\u00e9s \u00e0 l&rsquo;aube ou au cr\u00e9puscule \u2013 ce temps en dehors du temps, qui n&rsquo;est ni la nuit ni le jour, quand ce n&rsquo;est plus l&rsquo;hiver et pas encore tout \u00e0 fait le printemps. Se tenir \u00e0 l&rsquo;int\u00e9rieur du Cercle magique durant cette p\u00e9riode d&rsquo;\u00e9quilibre entre l&rsquo;ombre et la lumi\u00e8re est une bonne chose pour laisser derri\u00e8re nous l&rsquo;hiver et nous r\u00e9jouir des prochains mois clairs et lumineux ainsi que de l&rsquo;activit\u00e9 de la Nature.<\/p>\n<p style=\"text-align: justify;\">Les graines qui ont \u00e9t\u00e9 r\u00e9colt\u00e9es au cours de l&rsquo;\u00e9quinoxe d&rsquo;automne, qui sont rest\u00e9es endormies durant toute la moiti\u00e9 sombre de la roue de l&rsquo;ann\u00e9e, peuvent \u00e0 pr\u00e9sent \u00eatre b\u00e9nies pour ensuite \u00eatre sem\u00e9es. Le panier dans lequel des sachets distincts ont \u00e9t\u00e9 rang\u00e9s au cours de l&rsquo;hiver peut \u00eatre gard\u00e9 sous l&rsquo;autel jusqu&rsquo;au moment du rituel o\u00f9 il est appropri\u00e9 de r\u00e9aliser la B\u00e9n\u00e9diction des Graines. Placez le panier de graines sur l&rsquo;autel, et en utilisant la <a href=\"http:\/\/www.le-sidh.org\/site\/article_811.html\" target=\"_blank\" rel=\"noopener noreferrer\">Baguette priapique<\/a>, tapez doucement chaque sachet de graines trois fois, en disant :<\/p>\n<blockquote><p>\u00c0 pr\u00e9sent que la moiti\u00e9 sombre de l&rsquo;ann\u00e9e est pass\u00e9e<br \/>\n\u00c0 pr\u00e9sent que les jours s&rsquo;allongent et que la Terre se r\u00e9chauffe<br \/>\nJ&rsquo;appelle l&rsquo;esprit de ces graines<br \/>\nQui ont dormi dans l&rsquo;obscurit\u00e9<br \/>\n\u00c9veillez-vous, animez-vous et poussez<br \/>\nBient\u00f4t, vous serez sem\u00e9es en Terre<br \/>\nPour cro\u00eetre et produire de nouveaux fruits.<br \/>\nSoyez b\u00e9nis !<\/p><\/blockquote>\n<p style=\"text-align: justify;\">Tandis que chaque type de graines est b\u00e9ni, visualisez ce type particulier de plantes en pleine floraison ou en fruit m\u00fbr. \u00c0 pr\u00e9sent, les graines sont pr\u00eates \u00e0 \u00eatre plant\u00e9es lorsque la phase de la lune est bonne ou lorsque les jours sont assez chauds.<\/p>\n<p style=\"text-align: justify;\">Comme c&rsquo;est le moment de planter des graines sur le plan mat\u00e9riel, cela peut aussi \u00eatre le moment de faire de m\u00eame sur les plans psychiques. Lorsque la Lune des Graines de Mars est pleine, projetez votre Cercle magique. Puis, avant la fin du rite, choisissez les graines spirituelles que vous aimeriez semer. Cela peut \u00eatre des graines de sagesse, des graines de savoir, ou des graines de comp\u00e9tences magiques particuli\u00e8res. Puis par un acte de volont\u00e9, plantez ces graines dans le sol fertile de votre subconscient avec le ferme engagement qu&rsquo;elles seront nourries et cultiv\u00e9es au cours des mois \u00e0 venir, et qu&rsquo;ainsi elles pousseront, fleuriront et porteront leurs fruits.<\/p>\n<p style=\"text-align: justify;\"><a href=\"http:\/\/lune.le-sidh.org\/wp-content\/uploads\/2010\/10\/bouillonblancgraines.jpg\"><img loading=\"lazy\" decoding=\"async\" class=\"aligncenter size-full wp-image-1750\" src=\"http:\/\/lune.le-sidh.org\/wp-content\/uploads\/2010\/10\/bouillonblancgraines.jpg\" alt=\"\" width=\"500\" height=\"375\" \/><\/a>Graines de cierge de notre dame<\/p>\n","protected":false},"excerpt":{"rendered":"<p>Extrait du livre Wheel of the Year, par Pauline Campanelli, traduction Lune. L&rsquo;\u00e9quinoxe de printemps est le moment o\u00f9 le jour et la nuit sont d&rsquo;\u00e9gale longueur et o\u00f9 la lumi\u00e8re est sur le point de devenir plus forte que l&rsquo;obscurit\u00e9. L&rsquo;\u00e9quinoxe de printemps est c\u00e9l\u00e9br\u00e9 aux environs du 21 mars. Ces rites printaniers devraient&#8230;<\/p>\n","protected":false},"author":2,"featured_media":8068,"parent":76,"menu_order":0,"comment_status":"closed","ping_status":"closed","template":"silo.php","meta":{"footnotes":""},"class_list":["post-8066","page","type-page","status-publish","has-post-thumbnail","hentry"],"_links":{"self":[{"href":"https:\/\/www.le-sidh.org\/wicca\/wp-json\/wp\/v2\/pages\/8066","targetHints":{"allow":["GET"]}}],"collection":[{"href":"https:\/\/www.le-sidh.org\/wicca\/wp-json\/wp\/v2\/pages"}],"about":[{"href":"https:\/\/www.le-sidh.org\/wicca\/wp-json\/wp\/v2\/types\/page"}],"author":[{"embeddable":true,"href":"https:\/\/www.le-sidh.org\/wicca\/wp-json\/wp\/v2\/users\/2"}],"replies":[{"embeddable":true,"href":"https:\/\/www.le-sidh.org\/wicca\/wp-json\/wp\/v2\/comments?post=8066"}],"version-history":[{"count":1,"href":"https:\/\/www.le-sidh.org\/wicca\/wp-json\/wp\/v2\/pages\/8066\/revisions"}],"predecessor-version":[{"id":8069,"href":"https:\/\/www.le-sidh.org\/wicca\/wp-json\/wp\/v2\/pages\/8066\/revisions\/8069"}],"up":[{"embeddable":true,"href":"https:\/\/www.le-sidh.org\/wicca\/wp-json\/wp\/v2\/pages\/76"}],"wp:featuredmedia":[{"embeddable":true,"href":"https:\/\/www.le-sidh.org\/wicca\/wp-json\/wp\/v2\/media\/8068"}],"wp:attachment":[{"href":"https:\/\/www.le-sidh.org\/wicca\/wp-json\/wp\/v2\/media?parent=8066"}],"curies":[{"name":"wp","href":"https:\/\/api.w.org\/{rel}","templated":true}]}}

Ostara, bénédiction des graines matérielles &#038; spirituelles

<p style="text-align: justify;"><em>Extrait du livre Wheel of the Year, par Pauline Campanelli, traduction Lune.</em></p>
<p style="text-align: justify;">L&rsquo;équinoxe de printemps est le moment où le jour et la nuit sont d&rsquo;égale longueur et où la lumière est sur le point de devenir plus forte que l&rsquo;obscurité. L&rsquo;équinoxe de printemps est célébré aux environs du 21 mars. Ces rites printaniers devraient être célébrés à l&rsquo;aube ou au crépuscule – ce temps en dehors du temps, qui n&rsquo;est ni la nuit ni le jour, quand ce n&rsquo;est plus l&rsquo;hiver et pas encore tout à fait le printemps. Se tenir à l&rsquo;intérieur du Cercle magique durant cette période d&rsquo;équilibre entre l&rsquo;ombre et la lumière est une bonne chose pour laisser derrière nous l&rsquo;hiver et nous réjouir des prochains mois clairs et lumineux ainsi que de l&rsquo;activité de la Nature.</p>
<p style="text-align: justify;">Les graines qui ont été récoltées au cours de l&rsquo;équinoxe d&rsquo;automne, qui sont restées endormies durant toute la moitié sombre de la roue de l&rsquo;année, peuvent à présent être bénies pour ensuite être semées. Le panier dans lequel des sachets distincts ont été rangés au cours de l&rsquo;hiver peut être gardé sous l&rsquo;autel jusqu&rsquo;au moment du rituel où il est approprié de réaliser la Bénédiction des Graines. Placez le panier de graines sur l&rsquo;autel, et en utilisant la <a href="http://www.le-sidh.org/site/article_811.html" target="_blank" rel="noopener noreferrer">Baguette priapique</a>, tapez doucement chaque sachet de graines trois fois, en disant :</p>
<blockquote><p>À présent que la moitié sombre de l&rsquo;année est passée<br />
À présent que les jours s&rsquo;allongent et que la Terre se réchauffe<br />
J&rsquo;appelle l&rsquo;esprit de ces graines<br />
Qui ont dormi dans l&rsquo;obscurité<br />
Éveillez-vous, animez-vous et poussez<br />
Bientôt, vous serez semées en Terre<br />
Pour croître et produire de nouveaux fruits.<br />
Soyez bénis !</p></blockquote>
<p style="text-align: justify;">Tandis que chaque type de graines est béni, visualisez ce type particulier de plantes en pleine floraison ou en fruit mûr. À présent, les graines sont prêtes à être plantées lorsque la phase de la lune est bonne ou lorsque les jours sont assez chauds.</p>
<p style="text-align: justify;">Comme c&rsquo;est le moment de planter des graines sur le plan matériel, cela peut aussi être le moment de faire de même sur les plans psychiques. Lorsque la Lune des Graines de Mars est pleine, projetez votre Cercle magique. Puis, avant la fin du rite, choisissez les graines spirituelles que vous aimeriez semer. Cela peut être des graines de sagesse, des graines de savoir, ou des graines de compétences magiques particulières. Puis par un acte de volonté, plantez ces graines dans le sol fertile de votre subconscient avec le ferme engagement qu&rsquo;elles seront nourries et cultivées au cours des mois à venir, et qu&rsquo;ainsi elles pousseront, fleuriront et porteront leurs fruits.</p>
<p style="text-align: justify;"><a href="http://lune.le-sidh.org/wp-content/uploads/2010/10/bouillonblancgraines.jpg"><img loading="lazy" decoding="async" class="aligncenter size-full wp-image-1750" src="http://lune.le-sidh.org/wp-content/uploads/2010/10/bouillonblancgraines.jpg" alt="" width="500" height="375" /></a>Graines de cierge de notre dame</p>

<p>Extrait du livre Wheel of the Year, par Pauline Campanelli, traduction Lune. L&rsquo;équinoxe de printemps est le moment où le jour et la nuit sont d&rsquo;égale longueur et où la lumière est sur le point de devenir plus forte que l&rsquo;obscurité. L&rsquo;équinoxe de printemps est célébré aux environs du 21 mars. Ces rites printaniers devraient&#8230;</p>
