{"id":7814,"date":"2020-01-22T15:51:22","date_gmt":"2020-01-22T13:51:22","guid":{"rendered":"http:\/\/www.le-sidh.org\/wicca\/?page_id=7814"},"modified":"2022-01-28T11:43:38","modified_gmt":"2022-01-28T09:43:38","slug":"brigid-et-son-embleme-le-pissenlit","status":"publish","type":"page","link":"https:\/\/www.le-sidh.org\/wicca\/sabbats\/imbolc\/brigid-et-son-embleme-le-pissenlit\/","title":{"rendered":"Brigid et son embl\u00e8me le pissenlit"},"content":{"rendered":"<p style=\"text-align: justify;\">Extrait du livre : \u00ab\u00a0Dictionary of Plant Lore\u00a0\u00bb. De <span class=\"LrzXr kno-fv\">D.C. Watts<\/span>. Traduction par Lune.<\/p>\n<p style=\"text-align: justify;\">\u00ab\u00a0<strong>Pissenlit<\/strong> (Taraxacum officinale). On peut le trouver en fleur pratiquement toute l&rsquo;ann\u00e9e, mais c&rsquo;est au printemps qu&rsquo;a lieu sa grande explosion color\u00e9e dans les prairies. Et il est naturel que la plante soit une complice de la d\u00e9esse du printemps, Brigid, canonis\u00e9e Sainte Brigitte\/Bridget ou Sainte Bride.<\/p>\n<p style=\"text-align: justify;\">Les plantes \u00e0 la s\u00e8ve laiteuse comme le pissenlit \u00e9taient souvent associ\u00e9es \u00e0 la d\u00e9esse dans le folklore \u00e9cossais (F. M. MacNeill. 1959). C&rsquo;est une connexion logique, car l&rsquo;un de ses aspects est celui de la vach\u00e8re, elle est donc associ\u00e9e au b\u00e9tail et ainsi aux fleurs comme le pissenlit produisant un jus laiteux qui, croyait-on, nourrissait les tout premiers agneaux au printemps (E. E. Evans).<\/p>\n<p style=\"text-align: justify;\">Dans les Hautes-terres d\u2019\u00c9cosse, on dit que la \u00ab\u00a0plante de Bride\u00a0\u00bb, c&rsquo;est-\u00e0-dire le pissenlit, \u00ab\u00a0nourrit de son lait les premiers agneaux\u00a0\u00bb (F. M. MacNeill. 1959). Sa fleur est l&rsquo;un des trois embl\u00e8mes de Bride, les deux autres \u00e9tant l&rsquo;agneau et l&rsquo;hu\u00eetrier. Ses noms ga\u00e9liques sont : \u00ab\u00a0Bearnon Bride\u00a0\u00bb, la petite fleur dentel\u00e9e de Bride, \u00ab\u00a0la petite flamme de Dieu\u00a0\u00bb et \u00ab\u00a0le pr\u00e9sage de Sainte Bride\u201c. Sainte Bride des rivages la porte \u00e0 sa poitrine et la lumi\u00e8re du soleil est cens\u00e9e suivre. [&#8230;]\u00a0\u00bb<\/p>\n<p><a href=\"https:\/\/www.le-sidh.org\/wicca\/wp-content\/uploads\/2020\/01\/st-bride-pissenlit.jpg\"><img loading=\"lazy\" decoding=\"async\" class=\"aligncenter size-full wp-image-7813\" src=\"https:\/\/www.le-sidh.org\/wicca\/wp-content\/uploads\/2020\/01\/st-bride-pissenlit.jpg\" alt=\"\" width=\"800\" height=\"1200\" srcset=\"https:\/\/www.le-sidh.org\/wicca\/wp-content\/uploads\/2020\/01\/st-bride-pissenlit.jpg 800w, https:\/\/www.le-sidh.org\/wicca\/wp-content\/uploads\/2020\/01\/st-bride-pissenlit-200x300.jpg 200w, https:\/\/www.le-sidh.org\/wicca\/wp-content\/uploads\/2020\/01\/st-bride-pissenlit-700x1050.jpg 700w, https:\/\/www.le-sidh.org\/wicca\/wp-content\/uploads\/2020\/01\/st-bride-pissenlit-768x1152.jpg 768w\" sizes=\"auto, (max-width: 800px) 100vw, 800px\" \/><\/a><\/p>\n<ul>\n<li style=\"text-align: justify;\">McNEILL, Florence Marian. The silver bough. 4 Vols. Glasgow, Maclehose, 1957\u20131968.<\/li>\n<li style=\"text-align: justify;\">EVANS, E Estyn. Irish heritage: the landscape, the people and their work. Dundalk. W Tempest, 1942. Irish folk ways. Routledge, 1957.<\/li>\n<\/ul>\n","protected":false},"excerpt":{"rendered":"<p>Extrait du livre : \u00ab\u00a0Dictionary of Plant Lore\u00a0\u00bb. De D.C. Watts. Traduction par Lune. \u00ab\u00a0Pissenlit (Taraxacum officinale). On peut le trouver en fleur pratiquement toute l&rsquo;ann\u00e9e, mais c&rsquo;est au printemps qu&rsquo;a lieu sa grande explosion color\u00e9e dans les prairies. Et il est naturel que la plante soit une complice de la d\u00e9esse du printemps, Brigid,&#8230;<\/p>\n","protected":false},"author":2,"featured_media":9651,"parent":83,"menu_order":0,"comment_status":"closed","ping_status":"closed","template":"silo.php","meta":{"footnotes":""},"class_list":["post-7814","page","type-page","status-publish","has-post-thumbnail","hentry"],"_links":{"self":[{"href":"https:\/\/www.le-sidh.org\/wicca\/wp-json\/wp\/v2\/pages\/7814","targetHints":{"allow":["GET"]}}],"collection":[{"href":"https:\/\/www.le-sidh.org\/wicca\/wp-json\/wp\/v2\/pages"}],"about":[{"href":"https:\/\/www.le-sidh.org\/wicca\/wp-json\/wp\/v2\/types\/page"}],"author":[{"embeddable":true,"href":"https:\/\/www.le-sidh.org\/wicca\/wp-json\/wp\/v2\/users\/2"}],"replies":[{"embeddable":true,"href":"https:\/\/www.le-sidh.org\/wicca\/wp-json\/wp\/v2\/comments?post=7814"}],"version-history":[{"count":2,"href":"https:\/\/www.le-sidh.org\/wicca\/wp-json\/wp\/v2\/pages\/7814\/revisions"}],"predecessor-version":[{"id":7816,"href":"https:\/\/www.le-sidh.org\/wicca\/wp-json\/wp\/v2\/pages\/7814\/revisions\/7816"}],"up":[{"embeddable":true,"href":"https:\/\/www.le-sidh.org\/wicca\/wp-json\/wp\/v2\/pages\/83"}],"wp:featuredmedia":[{"embeddable":true,"href":"https:\/\/www.le-sidh.org\/wicca\/wp-json\/wp\/v2\/media\/9651"}],"wp:attachment":[{"href":"https:\/\/www.le-sidh.org\/wicca\/wp-json\/wp\/v2\/media?parent=7814"}],"curies":[{"name":"wp","href":"https:\/\/api.w.org\/{rel}","templated":true}]}}