{"id":776,"date":"2014-08-03T17:46:23","date_gmt":"2014-08-03T15:46:23","guid":{"rendered":"http:\/\/www.le-sidh.org\/wicca\/?page_id=776"},"modified":"2019-03-18T09:54:47","modified_gmt":"2019-03-18T07:54:47","slug":"rite-equinoxe-de-printemps-par-elen-hawke","status":"publish","type":"page","link":"https:\/\/www.le-sidh.org\/wicca\/sabbats\/ostara\/rite-equinoxe-de-printemps-par-elen-hawke\/","title":{"rendered":"Rite de l\u2019\u00c9quinoxe de Printemps par Elen Hawke"},"content":{"rendered":"<p style=\"text-align: justify;\"><strong>Elen Hawke &#8211; 4 &#8211; Rite de l\u2019\u00c9quinoxe de Printemps. <em>Tir\u00e9 de Sacred Round. Llewellyn Publications. 2002.<\/em> <\/strong>Par Elen Hawke \u00a9, traduction &amp; adaptation Lune<\/p>\n<blockquote>\n<p style=\"text-align: justify;\">Ndlt : Les rituels d&rsquo;Elen Hawke ont une belle puissance po\u00e9tique malgr\u00e9 des invocations assez courtes. Je les adapte g\u00e9n\u00e9ralement en gardant leur aspect pratique et je m\u00e9lange les rituels traditionnels et des po\u00e8mes choisis pour leur force, leur symbolique et leur beaut\u00e9. Cela fonctionne merveilleusement bien. Il y a une douzaine d&rsquo;ann\u00e9es, \u00e0 Imbolc, nous avions pratiqu\u00e9 le rituel de Sacred Round, o\u00f9 l\u2019auteur nous invite \u00e0 utiliser un pot rempli de terre afin d\u2019y planter des bougies de souhaits pour la nouvelle ann\u00e9e grandissante. Cette terre peut \u00eatre gard\u00e9e pour le rituel suivant, c&rsquo;est-\u00e0-dire \u00e0 l\u2019\u00e9quinoxe de printemps, afin d\u2019y planter des graines et faire germer ces fameux souhaits d\u2019Imbolc. Ce qui fut amusant, c\u2019est que nous avions mis de c\u00f4t\u00e9 cette terre, dans un recoin\u00a0 obscur, sans l\u2019arroser et sans plus y penser. \u00c0 Ostara, nous avons d\u00e9couvert que des graines sem\u00e9es l\u2019ann\u00e9e pr\u00e9c\u00e9dente, et qui n\u2019avait alors rien donn\u00e9, s\u2019\u00e9taient mises \u00e0 germer \u00e0 notre plus grand \u00e9tonnement.<\/p>\n<\/blockquote>\n<p style=\"text-align: justify;\"><strong>Rite d\u2019Ostara<\/strong><\/p>\n<p style=\"text-align: justify;\">Lors de cette f\u00eate, l\u2019espace rituel est superbement et enti\u00e8rement rempli\u00a0 de narcisses, primev\u00e8res, forsythias et autres fleurs de saison. Le pourtour du cercle est int\u00e9gralement illumin\u00e9 par les bougies pastel qui s&rsquo;intercalent entre les bougies d\u00e9di\u00e9es aux quartiers\u2026 En laissant cependant, assez d\u2019espace pour \u00e9voluer librement sans risquer d&rsquo;enflammer robes tourbillonnantes et autres v\u00eatements. Vous pouvez \u00e9galement d\u00e9corer une roue solaire de jonquilles et d&rsquo;autres fleurs printani\u00e8res, puis placez-la dans le cercle, si vous le souhaitez.<\/p>\n<p style=\"text-align: justify;\">Vous aurez besoin de :<\/p>\n<ul>\n<li style=\"text-align: justify;\">Fleurs printani\u00e8res,<\/li>\n<li style=\"text-align: justify;\">\u0152ufs d\u00e9cor\u00e9s pour l\u2019autel (facultatifs),<\/li>\n<li style=\"text-align: justify;\">Bougies pastel : vertes, roses, jaunes et mauves,<\/li>\n<li style=\"text-align: justify;\">Une bougie noire et une bougie blanche \u00e0 placer chacune dans un bougeoir sur l\u2019autel, devant les bougies d\u2019autel habituelles,<\/li>\n<li style=\"text-align: justify;\">Des graines,<\/li>\n<li style=\"text-align: justify;\">Un pot de terre (possibilit\u00e9 d\u2019utiliser celui employ\u00e9 \u00e0 Imbolc),<\/li>\n<li style=\"text-align: justify;\">Encens d\u2019Ostara ou tout encens au parfum frais et fleuri,<\/li>\n<li style=\"text-align: justify;\">Hot Cross Buns (<a href=\"http:\/\/www.odelices.com\/recette.php?num=196\" target=\"_blank\" rel=\"noopener noreferrer\">p\u00e2tisserie anglaise de P\u00e2ques : la recette ici<\/a>), simnel cake (encore une p\u00e2tisserie anglaise de P\u00e2ques), g\u00e2teaux d\u00e9cor\u00e9s sur le th\u00e8me d\u2019Ostara pour la f\u00eate,<\/li>\n<li style=\"text-align: justify;\">Eau de Source, Jus de fruits ou Vin pour le calice.<\/li>\n<\/ul>\n<p style=\"text-align: justify;\">Allumez l\u2019encens, les bougies d\u2019autel, les bougies des quartiers, les bougies d\u00e9coratives et la chandelle noire, mais laissez la chandelle blanche \u00e9teinte.<\/p>\n<p style=\"text-align: justify;\">Projetez le cercle et g\u00e9n\u00e9rez l\u2019\u00e9nergie en battant le tambour, en dansant ou en chantant.<\/p>\n<p style=\"text-align: justify;\">Puis appelez la D\u00e9esse et le Dieu afin qu\u2019ils soient pr\u00e9sents :<\/p>\n<blockquote>\n<p style=\"text-align: justify;\"><strong>\u00d4 Dame des Fleurs,<\/strong><br \/>\n<strong> Seigneurs des for\u00eats vernales,<\/strong><br \/>\n<strong> Apportez lumi\u00e8re, vigueur et croissance \u00e0 notre rite<\/strong><br \/>\n<strong> Et dans nos vies.<\/strong><br \/>\n<strong> Salut &amp; bienvenue !<br \/>\n<\/strong><\/p>\n<\/blockquote>\n<p style=\"text-align: justify;\">\u00c0 pr\u00e9sent, quelqu\u2019un devra allumer la bougie blanche avec la bougie noire, afin de repr\u00e9senter la moiti\u00e9 lumineuse de l\u2019ann\u00e9e qui tire son pouvoir de la moiti\u00e9 sombre, en disant :<\/p>\n<blockquote>\n<p style=\"text-align: justify;\"><strong>Nous accueillons la lumi\u00e8re grandissante.<br \/>\n<\/strong><\/p>\n<\/blockquote>\n<p style=\"text-align: justify;\">Ensuite, \u00e9teindre la bougie noire, en laissant la blanche br\u00fbler jusqu\u2019\u00e0 la fin du rituel ; elle peut \u00eatre allum\u00e9e les soirs suivants jusqu\u2019\u00e0 ce qu\u2019elle soit enti\u00e8rement consum\u00e9e, ainsi le chemin du printemps sera illumin\u00e9.<\/p>\n<p style=\"text-align: justify;\">Tous ici pr\u00e9sents devront maintenant s\u2019asseoir en cercle et prendre une graine, mettre leurs mains en coupe et la charger avec l\u2019\u00e9nergie tandis qu\u2019ils visualiseront le but sur lequel ils avaient commenc\u00e9 \u00e0 travail \u00e0 Imbolc, et qui est \u00e0 pr\u00e9sent pr\u00eat \u00e0 \u00eatre sem\u00e9.<\/p>\n<p style=\"text-align: justify;\">Lorsque tout le monde aura termin\u00e9, le pot de terre devra \u00eatre pass\u00e9 autour du cercle, ainsi les graines pourront \u00eatre enfonc\u00e9es dans la terre.<\/p>\n<p style=\"text-align: justify;\">\u00c0 pr\u00e9sent, chaque personne, chacune \u00e0 son tour, pourra tenir le pot dans ses mains en coupe et canaliser l\u2019\u00e9nergie en lui ou y diriger un courant d\u2019\u00e9nergie avec la baguette ou l\u2019atham\u00e9, ou bien un c\u00f4ne de pouvoir pourra \u00eatre \u00e9rig\u00e9 et dirig\u00e9, en bas, dans le pot, plut\u00f4t que de tournoyer vers le haut et \u00eatre lib\u00e9r\u00e9.<\/p>\n<p style=\"text-align: justify;\">Festoyez, puis remerciez la D\u00e9esse et le Dieu de leur pr\u00e9sence.<\/p>\n<blockquote>\n<p style=\"text-align: left;\"><strong>Seigneur Cornu, c\u2019est ta verte flamme qui \u00e9veille les graines,<\/strong><br \/>\n<strong> Douce D\u00e9esse, c\u2019est en ton ventre qu\u2019elles se d\u00e9veloppent.<\/strong><br \/>\n<strong> Nous vous remercions pour votre b\u00e9n\u00e9diction<\/strong><br \/>\n<strong> De fra\u00eecheur et d\u2019inspiration,<\/strong><br \/>\n<strong> Salut &amp; Adieu.<br \/>\n<\/strong><\/p>\n<\/blockquote>\n","protected":false},"excerpt":{"rendered":"<p>Elen Hawke &#8211; 4 &#8211; Rite de l\u2019\u00c9quinoxe de Printemps. Tir\u00e9 de Sacred Round. Llewellyn Publications. 2002. Par Elen Hawke \u00a9, traduction &amp; adaptation Lune Ndlt : Les rituels d&rsquo;Elen Hawke ont une belle puissance po\u00e9tique malgr\u00e9 des invocations assez courtes. Je les adapte g\u00e9n\u00e9ralement en gardant leur aspect pratique et je m\u00e9lange les rituels&#8230;<\/p>\n","protected":false},"author":2,"featured_media":5265,"parent":76,"menu_order":0,"comment_status":"closed","ping_status":"closed","template":"silo.php","meta":{"footnotes":""},"class_list":["post-776","page","type-page","status-publish","has-post-thumbnail","hentry"],"_links":{"self":[{"href":"https:\/\/www.le-sidh.org\/wicca\/wp-json\/wp\/v2\/pages\/776","targetHints":{"allow":["GET"]}}],"collection":[{"href":"https:\/\/www.le-sidh.org\/wicca\/wp-json\/wp\/v2\/pages"}],"about":[{"href":"https:\/\/www.le-sidh.org\/wicca\/wp-json\/wp\/v2\/types\/page"}],"author":[{"embeddable":true,"href":"https:\/\/www.le-sidh.org\/wicca\/wp-json\/wp\/v2\/users\/2"}],"replies":[{"embeddable":true,"href":"https:\/\/www.le-sidh.org\/wicca\/wp-json\/wp\/v2\/comments?post=776"}],"version-history":[{"count":6,"href":"https:\/\/www.le-sidh.org\/wicca\/wp-json\/wp\/v2\/pages\/776\/revisions"}],"predecessor-version":[{"id":5266,"href":"https:\/\/www.le-sidh.org\/wicca\/wp-json\/wp\/v2\/pages\/776\/revisions\/5266"}],"up":[{"embeddable":true,"href":"https:\/\/www.le-sidh.org\/wicca\/wp-json\/wp\/v2\/pages\/76"}],"wp:featuredmedia":[{"embeddable":true,"href":"https:\/\/www.le-sidh.org\/wicca\/wp-json\/wp\/v2\/media\/5265"}],"wp:attachment":[{"href":"https:\/\/www.le-sidh.org\/wicca\/wp-json\/wp\/v2\/media?parent=776"}],"curies":[{"name":"wp","href":"https:\/\/api.w.org\/{rel}","templated":true}]}}