{"id":7708,"date":"2019-10-31T11:43:27","date_gmt":"2019-10-31T09:43:27","guid":{"rendered":"http:\/\/www.le-sidh.org\/wicca\/?page_id=7708"},"modified":"2019-10-31T12:04:41","modified_gmt":"2019-10-31T10:04:41","slug":"rituel-du-sabbat-de-samhain-version-plus-traditionnelle-extrait-du-livre-des-ombres-de-scott-cunningham","status":"publish","type":"page","link":"https:\/\/www.le-sidh.org\/wicca\/sabbats\/samhain\/rituel-du-sabbat-de-samhain-version-plus-traditionnelle-extrait-du-livre-des-ombres-de-scott-cunningham\/","title":{"rendered":"Rituel du sabbat de Samhain (version plus traditionnelle), extrait du Livre des Ombres de Scott Cunningham."},"content":{"rendered":"<p style=\"text-align: justify;\">Rituel du sabbat de Samhain, extrait du Livre des Ombres de Scott Cunningham. Traduction &amp; adaptation : Lune.<\/p>\n<p style=\"text-align: justify;\">Marchez ou dansez lentement avec des torches ou des chandelles jusqu&rsquo;au lieu de r\u00e9union du coven.<\/p>\n<p>Formez <a href=\"https:\/\/www.le-sidh.org\/wicca\/pratiques-rituelles-sorcieres\/rituels-divers-et-bases\/projeter-et-dissiper-le-cercle-magique-cunningham\/\" target=\"_blank\" rel=\"noopener noreferrer\">le cercle des Pierres<\/a>.<\/p>\n<p style=\"text-align: justify;\">Lors de la danse, le grand pr\u00eatre conduit la grande pr\u00eatresse et tous deux brandissent les atham\u00e9s.<\/p>\n<p style=\"text-align: justify;\">Apr\u00e8s la danse, la grande pr\u00eatresse invoque :<\/p>\n<blockquote><p><strong> Redoutable seigneur des ombres, <\/strong><\/p>\n<p><strong>Dieu et source de Vie.<\/strong><\/p>\n<p><strong>Pourtant, te conna\u00eetre, c\u2019est conna\u00eetre la Mort.<\/strong><\/p>\n<p><strong>Ouvre grand, je t\u2019en prie, tes portes \u00e0 travers lesquelles tous doivent passer.<\/strong><\/p>\n<p><strong>Laisse les \u00eatres qui nous sont chers<\/strong> <strong>et qui nous ont pr\u00e9c\u00e9d\u00e9s revenir cette nuit pour se r\u00e9jouir avec nous.<\/strong><\/p>\n<p><strong>Et quand notre temps viendra, comme il se doit, <\/strong><\/p>\n<p><strong>\u00f4 toi, celui qui r\u00e9conforte, qui console, qui donne paix et repos, <\/strong><\/p>\n<p><strong>nous entrerons dans le Pays de la Jeunesse<\/strong><\/p>\n<p><strong> de bon c\u0153ur et sans peur, comme tu le fais chaque ann\u00e9e<br \/>\n<\/strong><\/p>\n<p><strong>depuis fort longtemps, bien avant que nous n&rsquo;en ayons conscience ;<\/strong><\/p>\n<p><strong>et<\/strong><strong> lorsque nous nous serons repos\u00e9s et revigor\u00e9s parmi les n\u00f4tres, <\/strong><\/p>\n<p><strong>nous rena\u00eetrons par la gr\u00e2ce de la d\u00e9esse m\u00e8re, Diane,\u00a0<\/strong><\/p>\n<p><strong>Permets que cela soit au m\u00eame endroit et au cours de la m\u00eame \u00e9poque que les \u00eatres qui nous sont chers, <\/strong><\/p>\n<p><strong>Et puissions-nous les rencontrer, les conna\u00eetre et les aimer \u00e0 nouveau !<\/strong><\/p>\n<p><strong>Descends, nous t\u2019en prions, sur ton pr\u00eatre __________ .<\/strong><\/p><\/blockquote>\n<p>Les g\u00e2teaux et le vin.<\/p>\n<p><a href=\"https:\/\/www.le-sidh.org\/wicca\/pratiques-rituelles-sorcieres\/rituels-divers-et-bases\/projeter-et-dissiper-le-cercle-magique-cunningham\/\" target=\"_blank\" rel=\"noopener noreferrer\">Le Cercle est dissip\u00e9<\/a>.<\/p>\n<p>Danses et festin.<\/p>\n<p>Divinations, \u00e0 votre convenance.<\/p>\n","protected":false},"excerpt":{"rendered":"<p>Rituel du sabbat de Samhain, extrait du Livre des Ombres de Scott Cunningham. Traduction &amp; adaptation : Lune. Marchez ou dansez lentement avec des torches ou des chandelles jusqu&rsquo;au lieu de r\u00e9union du coven. Formez le cercle des Pierres. Lors de la danse, le grand pr\u00eatre conduit la grande pr\u00eatresse et tous deux brandissent les&#8230;<\/p>\n","protected":false},"author":2,"featured_media":7736,"parent":57,"menu_order":0,"comment_status":"closed","ping_status":"closed","template":"silo.php","meta":{"footnotes":""},"class_list":["post-7708","page","type-page","status-publish","has-post-thumbnail","hentry"],"_links":{"self":[{"href":"https:\/\/www.le-sidh.org\/wicca\/wp-json\/wp\/v2\/pages\/7708","targetHints":{"allow":["GET"]}}],"collection":[{"href":"https:\/\/www.le-sidh.org\/wicca\/wp-json\/wp\/v2\/pages"}],"about":[{"href":"https:\/\/www.le-sidh.org\/wicca\/wp-json\/wp\/v2\/types\/page"}],"author":[{"embeddable":true,"href":"https:\/\/www.le-sidh.org\/wicca\/wp-json\/wp\/v2\/users\/2"}],"replies":[{"embeddable":true,"href":"https:\/\/www.le-sidh.org\/wicca\/wp-json\/wp\/v2\/comments?post=7708"}],"version-history":[{"count":5,"href":"https:\/\/www.le-sidh.org\/wicca\/wp-json\/wp\/v2\/pages\/7708\/revisions"}],"predecessor-version":[{"id":7732,"href":"https:\/\/www.le-sidh.org\/wicca\/wp-json\/wp\/v2\/pages\/7708\/revisions\/7732"}],"up":[{"embeddable":true,"href":"https:\/\/www.le-sidh.org\/wicca\/wp-json\/wp\/v2\/pages\/57"}],"wp:featuredmedia":[{"embeddable":true,"href":"https:\/\/www.le-sidh.org\/wicca\/wp-json\/wp\/v2\/media\/7736"}],"wp:attachment":[{"href":"https:\/\/www.le-sidh.org\/wicca\/wp-json\/wp\/v2\/media?parent=7708"}],"curies":[{"name":"wp","href":"https:\/\/api.w.org\/{rel}","templated":true}]}}