{"id":760,"date":"2014-08-03T17:05:48","date_gmt":"2014-08-03T15:05:48","guid":{"rendered":"http:\/\/www.le-sidh.org\/wicca\/?page_id=760"},"modified":"2014-08-03T17:06:20","modified_gmt":"2014-08-03T15:06:20","slug":"equinoxe-automne-extrait-du-livre-des-ombres","status":"publish","type":"page","link":"https:\/\/www.le-sidh.org\/wicca\/sabbats\/mabon\/equinoxe-automne-extrait-du-livre-des-ombres\/","title":{"rendered":"\u00c9quinoxe d\u2019Automne, extrait du Livre des Ombres"},"content":{"rendered":"<p style=\"text-align: center;\"><strong>BoS de Gerald Gardner &#8211; \u00c9quinoxe d\u2019Automne<\/strong><br \/>\ntraduction Lune<\/p>\n<p style=\"text-align: justify;\">L\u2019autel devrait \u00eatre d\u00e9cor\u00e9 par des symboles de l\u2019automne, pommes de pin, glands et feuilles de ch\u00eanes ou des \u00e9pis de bl\u00e9. Comme \u00e0 l\u2019accoutum\u00e9e, il devrait y avoir sur l\u2019autel un feu ou de l\u2019encens en train de br\u00fbler. Apr\u00e8s la purification usuelle, les gens se tiennent en cercle, homme et femme altern\u00e9s. Le Magus \u00e0 l\u2019Ouest de l\u2019autel dans la position du Dieu.<\/p>\n<p style=\"text-align: justify;\">La Grande Pr\u00eatresse se tient \u00e0 l\u2019est de l\u2019autel, elle est face \u00e0 lui [le Magus], et lit l\u2019incantation.<\/p>\n<p style=\"text-align: justify;\"><strong>\u00ab Adieu, \u00d4 Soleil, lumi\u00e8re qui toujours revient.<\/strong><br \/>\n<strong> Dieu cach\u00e9, qui pourtant, toujours demeure parmi nous.<\/strong><br \/>\n<strong> Il s&rsquo;en va pour le pays de jeunesse,<\/strong><br \/>\n<strong> passant par les portes de la mort,<\/strong><br \/>\n<strong> pour conserver son tr\u00f4ne, du juge des dieux et des hommes.<\/strong><br \/>\n<strong> Le meneur cornu des h\u00f4tes de l&rsquo;air.<\/strong><br \/>\n<strong> Pourtant, alors que m\u00eame les formes des Puissants Seigneurs des Espaces Ext\u00e9rieurs se tiennent invisibles autour du Cercle,<\/strong><br \/>\n<strong> lui demeure \u2018le seigneur en nous\u2019.<\/strong><br \/>\n<strong> lui demeure dans la semence secr\u00e8te,<\/strong><br \/>\n<strong> la semence de la nouvelle r\u00e9colte,<\/strong><br \/>\n<strong> la semence de la chair,<\/strong><br \/>\n<strong> cach\u00e9e dans la terre,<\/strong><br \/>\n<strong> la merveilleuse semence des \u00e9toiles.<\/strong><br \/>\n<strong> \u2018En Lui est la vie, et la vie est la lumi\u00e8re des hommes [Jean 1:4.]&rsquo;,<\/strong><br \/>\n<strong> ce qui n&rsquo;est jamais n\u00e9, jamais ne meurt.<\/strong><br \/>\n<strong> C&rsquo;est pourquoi, les Wicca ne pleurent pas, mais se r\u00e9jouissent. \u00bb<\/strong><\/p>\n<p style=\"text-align: justify;\">La Grande Pr\u00eatresse va vers le Magus avec un baiser. Il pose l\u2019Atham\u00e9 et le fouet, et l\u2019embrasse.<\/p>\n<p style=\"text-align: justify;\">La Grande Pr\u00eatresse lui donne sa baguette, qui devra \u00eatre Phallique, ou une branche surmont\u00e9e d\u2019une pomme de pin, un b\u00e2ton de chevauchement [ndlt : le b\u00e2ton sorcier ou Stang], ou un balai (anciennement le thyrse). Ils conduisent la danse, elle avec un sistre ou un hochet, lui avec la baguette, les gens les suivent. Ils dansent en faisant trois fois le tour du cercle. Puis on joue au jeu de la chandelle.<\/p>\n<p style=\"text-align: justify;\">G\u00e2teaux et vin.<\/p>\n<p style=\"text-align: justify;\">Grand Rite si possible.<\/p>\n<p style=\"text-align: justify;\">Danses et jeux.<\/p>\n","protected":false},"excerpt":{"rendered":"<p>BoS de Gerald Gardner &#8211; \u00c9quinoxe d\u2019Automne traduction Lune L\u2019autel devrait \u00eatre d\u00e9cor\u00e9 par des symboles de l\u2019automne, pommes de pin, glands et feuilles de ch\u00eanes ou des \u00e9pis de bl\u00e9. Comme \u00e0 l\u2019accoutum\u00e9e, il devrait y avoir sur l\u2019autel un feu ou de l\u2019encens en train de br\u00fbler. Apr\u00e8s la purification usuelle, les gens&#8230;<\/p>\n","protected":false},"author":2,"featured_media":0,"parent":68,"menu_order":0,"comment_status":"closed","ping_status":"closed","template":"silo.php","meta":{"footnotes":""},"class_list":["post-760","page","type-page","status-publish","hentry"],"_links":{"self":[{"href":"https:\/\/www.le-sidh.org\/wicca\/wp-json\/wp\/v2\/pages\/760","targetHints":{"allow":["GET"]}}],"collection":[{"href":"https:\/\/www.le-sidh.org\/wicca\/wp-json\/wp\/v2\/pages"}],"about":[{"href":"https:\/\/www.le-sidh.org\/wicca\/wp-json\/wp\/v2\/types\/page"}],"author":[{"embeddable":true,"href":"https:\/\/www.le-sidh.org\/wicca\/wp-json\/wp\/v2\/users\/2"}],"replies":[{"embeddable":true,"href":"https:\/\/www.le-sidh.org\/wicca\/wp-json\/wp\/v2\/comments?post=760"}],"version-history":[{"count":1,"href":"https:\/\/www.le-sidh.org\/wicca\/wp-json\/wp\/v2\/pages\/760\/revisions"}],"predecessor-version":[{"id":761,"href":"https:\/\/www.le-sidh.org\/wicca\/wp-json\/wp\/v2\/pages\/760\/revisions\/761"}],"up":[{"embeddable":true,"href":"https:\/\/www.le-sidh.org\/wicca\/wp-json\/wp\/v2\/pages\/68"}],"wp:attachment":[{"href":"https:\/\/www.le-sidh.org\/wicca\/wp-json\/wp\/v2\/media?parent=760"}],"curies":[{"name":"wp","href":"https:\/\/api.w.org\/{rel}","templated":true}]}}