{"id":76,"date":"2014-07-15T14:12:28","date_gmt":"2014-07-15T12:12:28","guid":{"rendered":"http:\/\/www.le-sidh.org\/wicca\/?page_id=76"},"modified":"2025-03-19T18:49:41","modified_gmt":"2025-03-19T16:49:41","slug":"ostara","status":"publish","type":"page","link":"https:\/\/www.le-sidh.org\/wicca\/sabbats\/ostara\/","title":{"rendered":"Ostara"},"content":{"rendered":"<p style=\"text-align: justify;\">Retrouvez ci-dessous tous les rituels et pratiques d\u00e9di\u00e9s au sabbat de l\u2019\u00e9quinoxe de Printemps. Aux alentours du 20 et 23 mars (<a href=\"https:\/\/promenade.imcce.fr\/fr\/pages4\/439.html?nyear=2018&amp;SAISONS=\" target=\"_blank\" rel=\"noopener noreferrer\">consultez ce lien pour connaitre les dates des saisons au fil des ans<\/a>).<\/p>\n<p><strong>Les Rituels de Sabbat :<\/strong><\/p>\n<ul>\n<li><a href=\"https:\/\/www.le-sidh.org\/wicca\/livres-des-ombres-gardnerien\/le-livre-des-ombres-de-1957\/les-rituels-de-sabbat-equinoxe-de-printemps\/\" target=\"_blank\" rel=\"noopener noreferrer\">Sabbat de l\u2019\u00c9quinoxe de Printemps, extrait du BOS de Gerald Gardner.<\/a><\/li>\n<li><a href=\"http:\/\/www.le-sidh.org\/site\/article_587.html\" target=\"_blank\" rel=\"noopener noreferrer\">Rite de l\u2019\u00c9quinoxe de Printemps, par Elen Hawke.<\/a><\/li>\n<li><a href=\"http:\/\/www.le-sidh.org\/site\/article_342.html\" target=\"_blank\" rel=\"noopener noreferrer\">Rituel de l\u2019\u00c9quinoxe de Printemps, extrait de The Witches\u2019 Bible, par Janet &amp; Stewart Farrar.<\/a><\/li>\n<li><a href=\"http:\/\/www.le-sidh.org\/site\/article_928.html\" target=\"_blank\" rel=\"noopener noreferrer\">Oestara, \u00e9quinoxe vernal ou printanier, extrait de Witchcrafting par Phyllis Curott.<\/a><\/li>\n<li><a href=\"http:\/\/www.le-sidh.org\/site\/article_929.html\" target=\"_blank\" rel=\"noopener noreferrer\">Rituel d\u2019Ostara dans le Royaume Spirituel, par le Temple d\u2019Ara.<\/a><\/li>\n<li><a href=\"https:\/\/www.le-sidh.org\/wicca\/sabbats\/ostara\/ostara-benediction-des-graines-materielles-spirituelles\/\" target=\"_blank\" rel=\"noopener noreferrer\">Ostara, b\u00e9n\u00e9diction des graines mat\u00e9rielles et spirituelles, par Pauline Campanelli<\/a><\/li>\n<li><a href=\"https:\/\/www.le-sidh.org\/wicca\/sabbats\/ostara\/le-sabbat-dostara-par-scott-cunningham\/\" target=\"_blank\" rel=\"noopener noreferrer\">Rituel du sabbat d&rsquo;Ostara<\/a><a href=\"https:\/\/www.le-sidh.org\/wicca\/sabbats\/ostara\/le-sabbat-dostara-par-scott-cunningham\/\" target=\"_blank\" rel=\"noopener noreferrer\">, extrait du Livre des Ombres de Scott Cunningham<\/a><\/li>\n<li><a href=\"https:\/\/www.le-sidh.org\/wicca\/sabbats\/ostara\/sabbat-dostara-lequinoxe-de-printemps\/\" target=\"_blank\" rel=\"noopener noreferrer\">Rituel du sabbat d&rsquo;Ostara (autre version, plus traditionnelle), extrait du Livre des Ombres de Scott Cunningham<\/a><\/li>\n<\/ul>\n<p><strong>Charge et Invocation :<\/strong><\/p>\n<ul>\n<li><a href=\"http:\/\/www.le-sidh.org\/site\/article_785.html\" target=\"_blank\" rel=\"noopener noreferrer\">La Charge de la D\u00e9esse du Printemps, par Viviane Crowley.<\/a><\/li>\n<li><a href=\"http:\/\/www.le-sidh.org\/site\/article_788.html\" target=\"_blank\" rel=\"noopener noreferrer\">Invocation de l\u2019\u00c9quinoxe de Printemps, par Viviane Crowley.<\/a><\/li>\n<\/ul>\n<p><strong>Pratiques magiques purificatoires et protectrices :<\/strong><\/p>\n<ul>\n<li><a href=\"http:\/\/lune.le-sidh.org\/2013\/03\/01\/ostara-un-rituel-de-purification-personnelle\">Ostara : rituel de purification personnelle, par Edain McCoy<\/a><\/li>\n<li><a href=\"http:\/\/www.le-sidh.org\/site\/article_887.html\" target=\"_blank\" rel=\"noopener noreferrer\">B\u00e9n\u00e9diction pour soi-m\u00eame, par Ed Fitch<\/a><\/li>\n<li><a href=\"https:\/\/www.le-sidh.org\/wicca\/pratiques-rituelles-sorcieres\/benedictions-purification-detachement\/armure-des-sorcieres\/\" target=\"_blank\" rel=\"noopener noreferrer\">L\u2019Armure des Sorci\u00e8res<\/a><\/li>\n<li><a href=\"https:\/\/www.le-sidh.org\/wicca\/pratiques-rituelles-sorcieres\/benedictions-purification-detachement\/reliez-votre-foyer-a-la-terre\/\">Reliez votre foyer \u00e0 la terre, par Sienna<\/a><\/li>\n<\/ul>\n<p><strong>A propos d&rsquo;Ostara :<\/strong><\/p>\n<ul>\n<li><a href=\"https:\/\/www.le-sidh.org\/wicca\/sur-la-wicca-la-sorcellerie\/reflexions\/la-fete-de-la-dame-lequinoxe-vernal\/\" target=\"_blank\" rel=\"noopener noreferrer\">La f\u00eate de la Dame, l\u2019\u00e9quinoxe vernal<\/a>, par Mike Nichols.<\/li>\n<\/ul>\n<p><strong>Encens :<\/strong><\/p>\n<ul>\n<li><a href=\"http:\/\/lune.le-sidh.org\/2008\/06\/16\/153-encens-costaud-de-purification\" target=\"_blank\" rel=\"noopener noreferrer\">Encens costaud de purification<\/a><\/li>\n<\/ul>\n<p><strong>Activit\u00e9s :<\/strong><\/p>\n<ul>\n<li><a href=\"http:\/\/www.le-sidh.org\/site\/article_13.html\" target=\"_blank\" rel=\"noopener noreferrer\">Nettoyage de Printemps, par Mikaela (Ivy) Pearson.<\/a><\/li>\n<li><a href=\"http:\/\/www.le-sidh.org\/site\/article_592.html\" target=\"_blank\" rel=\"noopener noreferrer\">\u0152ufs d\u00e9cor\u00e9s, Pysanky : leurs symboles, leurs magies, par Pauline Campanelli<\/a><\/li>\n<li><a href=\"http:\/\/www.le-sidh.org\/site\/article_598.html\" target=\"_blank\" rel=\"noopener noreferrer\">Teintures naturelles pour les \u0153ufs, par Martha Stewart.<\/a><\/li>\n<li><a href=\"http:\/\/lune.le-sidh.org\/2012\/03\/18\/oeufs-semailles-une-activite-magique-pour-ostara\" target=\"_blank\" rel=\"noopener noreferrer\">Semis en coquilles d\u2019\u0153ufs, par Lune.<\/a><\/li>\n<li><a href=\"http:\/\/lune.le-sidh.org\/2012\/03\/25\/semis-dostara-et-benedictions\" target=\"_blank\" rel=\"noopener noreferrer\">Ostara : Semis, b\u00e9n\u00e9diction dans l\u2019Autre-Monde, par Lune.<\/a><\/li>\n<\/ul>\n<p><strong>Ce que j\u2019ai pens\u00e9 des semis en coquille d\u2019\u0153uf :<\/strong><\/p>\n<ul>\n<li><a href=\"http:\/\/lune.le-sidh.org\/2012\/06\/19\/jardin-de-sorciere-work-in-progress\" target=\"_blank\" rel=\"noopener noreferrer\">Un retour sur nos semis en coquilles d\u2019oeuf<\/a><\/li>\n<\/ul>\n<p><strong>\u00c0 propos de la date des sabbats mineurs :<\/strong><\/p>\n<ul>\n<li><a href=\"https:\/\/www.le-sidh.org\/wicca\/pratiques-rituelles-sorcieres\/la-date-exacte-des-sabbats-mineurs\/\" target=\"_blank\" rel=\"noopener noreferrer\">La date exacte des sabbats mineurs<\/a>, par Artus.<\/li>\n<\/ul>\n","protected":false},"excerpt":{"rendered":"<p>Retrouvez ci-dessous tous les rituels et pratiques d\u00e9di\u00e9s au sabbat de l\u2019\u00e9quinoxe de Printemps. Aux alentours du 20 et 23 mars (consultez ce lien pour connaitre les dates des saisons au fil des ans). Les Rituels de Sabbat : Sabbat de l\u2019\u00c9quinoxe de Printemps, extrait du BOS de Gerald Gardner. Rite de l\u2019\u00c9quinoxe de Printemps,&#8230;<\/p>\n","protected":false},"author":2,"featured_media":6861,"parent":32,"menu_order":0,"comment_status":"closed","ping_status":"closed","template":"","meta":{"footnotes":""},"class_list":["post-76","page","type-page","status-publish","has-post-thumbnail","hentry"],"_links":{"self":[{"href":"https:\/\/www.le-sidh.org\/wicca\/wp-json\/wp\/v2\/pages\/76","targetHints":{"allow":["GET"]}}],"collection":[{"href":"https:\/\/www.le-sidh.org\/wicca\/wp-json\/wp\/v2\/pages"}],"about":[{"href":"https:\/\/www.le-sidh.org\/wicca\/wp-json\/wp\/v2\/types\/page"}],"author":[{"embeddable":true,"href":"https:\/\/www.le-sidh.org\/wicca\/wp-json\/wp\/v2\/users\/2"}],"replies":[{"embeddable":true,"href":"https:\/\/www.le-sidh.org\/wicca\/wp-json\/wp\/v2\/comments?post=76"}],"version-history":[{"count":24,"href":"https:\/\/www.le-sidh.org\/wicca\/wp-json\/wp\/v2\/pages\/76\/revisions"}],"predecessor-version":[{"id":10129,"href":"https:\/\/www.le-sidh.org\/wicca\/wp-json\/wp\/v2\/pages\/76\/revisions\/10129"}],"up":[{"embeddable":true,"href":"https:\/\/www.le-sidh.org\/wicca\/wp-json\/wp\/v2\/pages\/32"}],"wp:featuredmedia":[{"embeddable":true,"href":"https:\/\/www.le-sidh.org\/wicca\/wp-json\/wp\/v2\/media\/6861"}],"wp:attachment":[{"href":"https:\/\/www.le-sidh.org\/wicca\/wp-json\/wp\/v2\/media?parent=76"}],"curies":[{"name":"wp","href":"https:\/\/api.w.org\/{rel}","templated":true}]}}

<p style="text-align: justify;">Retrouvez ci-dessous tous les rituels et pratiques dédiés au sabbat de l’équinoxe de Printemps. Aux alentours du 20 et 23 mars (<a href="https://promenade.imcce.fr/fr/pages4/439.html?nyear=2018&amp;SAISONS=" target="_blank" rel="noopener noreferrer">consultez ce lien pour connaitre les dates des saisons au fil des ans</a>).</p>
<p><strong>Les Rituels de Sabbat :</strong></p>
<ul>
<li><a href="https://www.le-sidh.org/wicca/livres-des-ombres-gardnerien/le-livre-des-ombres-de-1957/les-rituels-de-sabbat-equinoxe-de-printemps/" target="_blank" rel="noopener noreferrer">Sabbat de l’Équinoxe de Printemps, extrait du BOS de Gerald Gardner.</a></li>
<li><a href="http://www.le-sidh.org/site/article_587.html" target="_blank" rel="noopener noreferrer">Rite de l’Équinoxe de Printemps, par Elen Hawke.</a></li>
<li><a href="http://www.le-sidh.org/site/article_342.html" target="_blank" rel="noopener noreferrer">Rituel de l’Équinoxe de Printemps, extrait de The Witches’ Bible, par Janet &amp; Stewart Farrar.</a></li>
<li><a href="http://www.le-sidh.org/site/article_928.html" target="_blank" rel="noopener noreferrer">Oestara, équinoxe vernal ou printanier, extrait de Witchcrafting par Phyllis Curott.</a></li>
<li><a href="http://www.le-sidh.org/site/article_929.html" target="_blank" rel="noopener noreferrer">Rituel d’Ostara dans le Royaume Spirituel, par le Temple d’Ara.</a></li>
<li><a href="https://www.le-sidh.org/wicca/sabbats/ostara/ostara-benediction-des-graines-materielles-spirituelles/" target="_blank" rel="noopener noreferrer">Ostara, bénédiction des graines matérielles et spirituelles, par Pauline Campanelli</a></li>
<li><a href="https://www.le-sidh.org/wicca/sabbats/ostara/le-sabbat-dostara-par-scott-cunningham/" target="_blank" rel="noopener noreferrer">Rituel du sabbat d&rsquo;Ostara</a><a href="https://www.le-sidh.org/wicca/sabbats/ostara/le-sabbat-dostara-par-scott-cunningham/" target="_blank" rel="noopener noreferrer">, extrait du Livre des Ombres de Scott Cunningham</a></li>
<li><a href="https://www.le-sidh.org/wicca/sabbats/ostara/sabbat-dostara-lequinoxe-de-printemps/" target="_blank" rel="noopener noreferrer">Rituel du sabbat d&rsquo;Ostara (autre version, plus traditionnelle), extrait du Livre des Ombres de Scott Cunningham</a></li>
</ul>
<p><strong>Charge et Invocation :</strong></p>
<ul>
<li><a href="http://www.le-sidh.org/site/article_785.html" target="_blank" rel="noopener noreferrer">La Charge de la Déesse du Printemps, par Viviane Crowley.</a></li>
<li><a href="http://www.le-sidh.org/site/article_788.html" target="_blank" rel="noopener noreferrer">Invocation de l’Équinoxe de Printemps, par Viviane Crowley.</a></li>
</ul>
<p><strong>Pratiques magiques purificatoires et protectrices :</strong></p>
<ul>
<li><a href="http://lune.le-sidh.org/2013/03/01/ostara-un-rituel-de-purification-personnelle">Ostara : rituel de purification personnelle, par Edain McCoy</a></li>
<li><a href="http://www.le-sidh.org/site/article_887.html" target="_blank" rel="noopener noreferrer">Bénédiction pour soi-même, par Ed Fitch</a></li>
<li><a href="https://www.le-sidh.org/wicca/pratiques-rituelles-sorcieres/benedictions-purification-detachement/armure-des-sorcieres/" target="_blank" rel="noopener noreferrer">L’Armure des Sorcières</a></li>
<li><a href="https://www.le-sidh.org/wicca/pratiques-rituelles-sorcieres/benedictions-purification-detachement/reliez-votre-foyer-a-la-terre/">Reliez votre foyer à la terre, par Sienna</a></li>
</ul>
<p><strong>A propos d&rsquo;Ostara :</strong></p>
<ul>
<li><a href="https://www.le-sidh.org/wicca/sur-la-wicca-la-sorcellerie/reflexions/la-fete-de-la-dame-lequinoxe-vernal/" target="_blank" rel="noopener noreferrer">La fête de la Dame, l’équinoxe vernal</a>, par Mike Nichols.</li>
</ul>
<p><strong>Encens :</strong></p>
<ul>
<li><a href="http://lune.le-sidh.org/2008/06/16/153-encens-costaud-de-purification" target="_blank" rel="noopener noreferrer">Encens costaud de purification</a></li>
</ul>
<p><strong>Activités :</strong></p>
<ul>
<li><a href="http://www.le-sidh.org/site/article_13.html" target="_blank" rel="noopener noreferrer">Nettoyage de Printemps, par Mikaela (Ivy) Pearson.</a></li>
<li><a href="http://www.le-sidh.org/site/article_592.html" target="_blank" rel="noopener noreferrer">Œufs décorés, Pysanky : leurs symboles, leurs magies, par Pauline Campanelli</a></li>
<li><a href="http://www.le-sidh.org/site/article_598.html" target="_blank" rel="noopener noreferrer">Teintures naturelles pour les œufs, par Martha Stewart.</a></li>
<li><a href="http://lune.le-sidh.org/2012/03/18/oeufs-semailles-une-activite-magique-pour-ostara" target="_blank" rel="noopener noreferrer">Semis en coquilles d’œufs, par Lune.</a></li>
<li><a href="http://lune.le-sidh.org/2012/03/25/semis-dostara-et-benedictions" target="_blank" rel="noopener noreferrer">Ostara : Semis, bénédiction dans l’Autre-Monde, par Lune.</a></li>
</ul>
<p><strong>Ce que j’ai pensé des semis en coquille d’œuf :</strong></p>
<ul>
<li><a href="http://lune.le-sidh.org/2012/06/19/jardin-de-sorciere-work-in-progress" target="_blank" rel="noopener noreferrer">Un retour sur nos semis en coquilles d’oeuf</a></li>
</ul>
<p><strong>À propos de la date des sabbats mineurs :</strong></p>
<ul>
<li><a href="https://www.le-sidh.org/wicca/pratiques-rituelles-sorcieres/la-date-exacte-des-sabbats-mineurs/" target="_blank" rel="noopener noreferrer">La date exacte des sabbats mineurs</a>, par Artus.</li>
</ul>

<p>Retrouvez ci-dessous tous les rituels et pratiques dédiés au sabbat de l’équinoxe de Printemps. Aux alentours du 20 et 23 mars (consultez ce lien pour connaitre les dates des saisons au fil des ans). Les Rituels de Sabbat : Sabbat de l’Équinoxe de Printemps, extrait du BOS de Gerald Gardner. Rite de l’Équinoxe de Printemps,&#8230;</p>
