{"id":740,"date":"2014-08-03T15:52:18","date_gmt":"2014-08-03T13:52:18","guid":{"rendered":"http:\/\/www.le-sidh.org\/wicca\/?page_id=740"},"modified":"2020-12-15T10:16:39","modified_gmt":"2020-12-15T08:16:39","slug":"la-buche-de-yule","status":"publish","type":"page","link":"https:\/\/www.le-sidh.org\/wicca\/sabbats\/solstice-dhiver\/la-buche-de-yule\/","title":{"rendered":"La B\u00fbche de Yule"},"content":{"rendered":"<p style=\"text-align: center;\"><strong>La B\u00fbche de Yule. <\/strong>Par The Crone&rsquo;s Cottage, traduction Lune.<\/p>\n<p style=\"text-align: justify;\"><a href=\"https:\/\/www.le-sidh.org\/wicca\/wp-content\/uploads\/2020\/12\/yule-log.jpg\"><img loading=\"lazy\" decoding=\"async\" class=\"alignleft wp-image-8920 size-medium\" src=\"https:\/\/www.le-sidh.org\/wicca\/wp-content\/uploads\/2020\/12\/yule-log-300x234.jpg\" alt=\"\" width=\"300\" height=\"234\" srcset=\"https:\/\/www.le-sidh.org\/wicca\/wp-content\/uploads\/2020\/12\/yule-log-300x234.jpg 300w, https:\/\/www.le-sidh.org\/wicca\/wp-content\/uploads\/2020\/12\/yule-log.jpg 564w\" sizes=\"auto, (max-width: 300px) 100vw, 300px\" \/><\/a>La b\u00fbche de Yule est un \u00e9l\u00e9ment central des festivit\u00e9s de Yule. La b\u00fbche est allum\u00e9e avec les restes du feu de Yule de l&rsquo;ann\u00e9e pr\u00e9c\u00e9dente. Ces restes sont gard\u00e9s \u00e0 la maison durant l&rsquo;ann\u00e9e pour la protection&#8230; La b\u00fbche de Yule symbolise le retour de la lumi\u00e8re pour vaincre l&rsquo;obscurit\u00e9. Selon la tradition, la b\u00fbche doit soit avoir \u00e9t\u00e9 r\u00e9colt\u00e9e sur les terres de celui qui habite la maison, soit \u00eatre un cadeau&#8230; Elle ne doit jamais avoir \u00e9t\u00e9 achet\u00e9e. Une fois ramen\u00e9e \u00e0 la maison et plac\u00e9e dans la chemin\u00e9e, elle \u00e9tait d\u00e9cor\u00e9e avec des feuillages de saisons, arros\u00e9e de cidre ou de bi\u00e8re, saupoudr\u00e9e de farine avant d&rsquo;y mettre le feu. La b\u00fbche devait br\u00fbler toute la nuit, puis se consumer pendant 12 jours avant d&rsquo;\u00eatre \u00e9teinte de mani\u00e8re c\u00e9r\u00e9monielle.<\/p>\n<p style=\"text-align: justify;\">Un autre genre de b\u00fbche de Yule, et peut-\u00eatre plus adapt\u00e9e aux praticiens modernes, serait celle employ\u00e9e comme support pour maintenir trois bougies. Trouvez une petite branche d&rsquo;un ch\u00eane ou d&rsquo;un sapin, et tranchez-la d&rsquo;un c\u00f4t\u00e9 pour obtenir une surface plane pour qu&rsquo;elle tienne debout. Percez trois trous dans la partie sup\u00e9rieure pour y placer 3 bougies\u00a0 :<\/p>\n<ul>\n<li style=\"text-align: justify;\">rouge, verte et blanche (saison) ;<\/li>\n<li style=\"text-align: justify;\">ou verte, dor\u00e9e et noire (le Dieu Soleil) ;<\/li>\n<li style=\"text-align: justify;\">ou encore blanche, rouge et noire (la Grande D\u00e9esse).<\/li>\n<\/ul>\n<p style=\"text-align: justify;\">Poursuivez la d\u00e9coration \u00e0 l&rsquo;aide de branchages, de rubans rouge et dor\u00e9, boutons de rose, clous de girofle, saupoudrez de farine.<\/p>\n<p style=\"text-align: justify;\">Une fois cela fait, la b\u00fbche de Yule est au centre des c\u00e9l\u00e9brations.<\/p>\n<p style=\"text-align: justify;\">Il existe de nombreuses mani\u00e8res de r\u00e9colter votre b\u00fbche. Certains r\u00e9coltent une b\u00fbche \u00e0 Beltane et la laissent s\u00e9cher jusqu&rsquo;\u00e0 Yule. D&rsquo;autres utilisent la partie la plus fine du tronc de l&rsquo;arbre de Yule, la mettent de c\u00f4t\u00e9 pour qu&rsquo;elle devienne les b\u00fbches de Yule des ann\u00e9es suivantes. D&rsquo;autres encore feront une randonn\u00e9e rituelle dans les bois \u00e0 l&rsquo;\u00e9poque de Yule et ram\u00e8neront leur b\u00fbche de Yule \u00e0 la maison.<\/p>\n<p style=\"text-align: justify;\"><em>Extrait du site : thecronescottage.tripod.com<\/em><\/p>\n","protected":false},"excerpt":{"rendered":"<p>La B\u00fbche de Yule. Par The Crone&rsquo;s Cottage, traduction Lune. La b\u00fbche de Yule est un \u00e9l\u00e9ment central des festivit\u00e9s de Yule. La b\u00fbche est allum\u00e9e avec les restes du feu de Yule de l&rsquo;ann\u00e9e pr\u00e9c\u00e9dente. Ces restes sont gard\u00e9s \u00e0 la maison durant l&rsquo;ann\u00e9e pour la protection&#8230; La b\u00fbche de Yule symbolise le retour&#8230;<\/p>\n","protected":false},"author":2,"featured_media":8923,"parent":70,"menu_order":0,"comment_status":"closed","ping_status":"closed","template":"silo.php","meta":{"footnotes":""},"class_list":["post-740","page","type-page","status-publish","has-post-thumbnail","hentry"],"_links":{"self":[{"href":"https:\/\/www.le-sidh.org\/wicca\/wp-json\/wp\/v2\/pages\/740","targetHints":{"allow":["GET"]}}],"collection":[{"href":"https:\/\/www.le-sidh.org\/wicca\/wp-json\/wp\/v2\/pages"}],"about":[{"href":"https:\/\/www.le-sidh.org\/wicca\/wp-json\/wp\/v2\/types\/page"}],"author":[{"embeddable":true,"href":"https:\/\/www.le-sidh.org\/wicca\/wp-json\/wp\/v2\/users\/2"}],"replies":[{"embeddable":true,"href":"https:\/\/www.le-sidh.org\/wicca\/wp-json\/wp\/v2\/comments?post=740"}],"version-history":[{"count":5,"href":"https:\/\/www.le-sidh.org\/wicca\/wp-json\/wp\/v2\/pages\/740\/revisions"}],"predecessor-version":[{"id":8924,"href":"https:\/\/www.le-sidh.org\/wicca\/wp-json\/wp\/v2\/pages\/740\/revisions\/8924"}],"up":[{"embeddable":true,"href":"https:\/\/www.le-sidh.org\/wicca\/wp-json\/wp\/v2\/pages\/70"}],"wp:featuredmedia":[{"embeddable":true,"href":"https:\/\/www.le-sidh.org\/wicca\/wp-json\/wp\/v2\/media\/8923"}],"wp:attachment":[{"href":"https:\/\/www.le-sidh.org\/wicca\/wp-json\/wp\/v2\/media?parent=740"}],"curies":[{"name":"wp","href":"https:\/\/api.w.org\/{rel}","templated":true}]}}