{"id":735,"date":"2014-08-03T15:45:47","date_gmt":"2014-08-03T13:45:47","guid":{"rendered":"http:\/\/www.le-sidh.org\/wicca\/?page_id=735"},"modified":"2014-08-03T15:45:47","modified_gmt":"2014-08-03T13:45:47","slug":"esbats-et-rites-lunaires","status":"publish","type":"page","link":"https:\/\/www.le-sidh.org\/wicca\/esbat\/esbats-et-rites-lunaires\/","title":{"rendered":"Esbats et Rites Lunaires"},"content":{"rendered":"<p style=\"text-align: center;\"><strong>Esbats et Rites Lunaires<\/strong><br \/>\nPar Taniquetil &amp; Astralaya, traduction Lune<\/p>\n<figure id=\"attachment_280\" aria-describedby=\"caption-attachment-280\" style=\"width: 400px\" class=\"wp-caption aligncenter\"><a href=\"https:\/\/www.le-sidh.org\/wicca\/wp-content\/uploads\/2014\/07\/pleine-lune-072014.jpg\"><img loading=\"lazy\" decoding=\"async\" class=\"wp-image-280\" src=\"https:\/\/www.le-sidh.org\/wicca\/wp-content\/uploads\/2014\/07\/pleine-lune-072014.jpg\" alt=\"pleine lune 072014\" width=\"400\" height=\"300\" srcset=\"https:\/\/www.le-sidh.org\/wicca\/wp-content\/uploads\/2014\/07\/pleine-lune-072014.jpg 3072w, https:\/\/www.le-sidh.org\/wicca\/wp-content\/uploads\/2014\/07\/pleine-lune-072014-300x225.jpg 300w, https:\/\/www.le-sidh.org\/wicca\/wp-content\/uploads\/2014\/07\/pleine-lune-072014-1024x768.jpg 1024w, https:\/\/www.le-sidh.org\/wicca\/wp-content\/uploads\/2014\/07\/pleine-lune-072014-800x600.jpg 800w\" sizes=\"auto, (max-width: 400px) 100vw, 400px\" \/><\/a><figcaption id=\"caption-attachment-280\" class=\"wp-caption-text\">La lune. Juillet 2014. Photo : Lune<\/figcaption><\/figure>\n<p style=\"text-align: justify;\">Adapt\u00e9 de Spiritual Philosophy and Practice of Wicca in the US Military, par Dr. David L. Oringderff (Taniquetil) et Lt.Col. Ronald M. Schaefer, USAF (Astralaya).<\/p>\n<p style=\"text-align: justify;\"><em>Tir\u00e9 du site Sacred Well.<\/em><\/p>\n<p style=\"text-align: justify;\">Les Sabbats et Rites de Passage sont des f\u00eates et des c\u00e9l\u00e9brations g\u00e9n\u00e9ralement ouvertes \u00e0 la famille, aux amis et, souvent, tout aussi bien au public.<\/p>\n<p style=\"text-align: justify;\">Les Rites de la Lune, ou Esbats, sont des \u201ctravaux\u201d religieux et des rites magiques, et sont habituellement restreints au coven ou \u00e0 un groupe tr\u00e8s petit et intime. Ils ont g\u00e9n\u00e9ralement lieu dans la soir\u00e9e ou au cours des heures tardives de la nuit, en ext\u00e9rieur, dans la nature l\u00e0 o\u00f9 c\u2019est faisable, bien que les c\u00e9l\u00e9brations en int\u00e9rieur soient fr\u00e9quentes et pr\u00e9f\u00e9rables, l\u00e0 o\u00f9 l\u2019utilisation d\u2019un endroit en ext\u00e9rieur n\u2019est pas une option r\u00e9aliste et lorsque la m\u00e9t\u00e9o nous en emp\u00eache.<\/p>\n<p style=\"text-align: justify;\">Certains groupes c\u00e9l\u00e8brent des Rites Lunaires ouverts et ferm\u00e9s. Les Rites Lunaires sont effectu\u00e9s aussi proche de la Pleine Lune que possible.<\/p>\n<p style=\"text-align: justify;\">Certains groupes c\u00e9l\u00e8brent des rituels de Lune Noire ou Nouvelle Lune en plus des rituels de Pleine Lune.<\/p>\n<p style=\"text-align: justify;\">G\u00e9n\u00e9ralement, les cong\u00e9s de travail ne sont pas n\u00e9cessaires pour ces c\u00e9l\u00e9brations car elles ont lieu apr\u00e8s une journ\u00e9e normale de travail, bien que certains employ\u00e9s peuvent, de mani\u00e8re concevable, s\u2019arranger pour quitter un peu plus t\u00f4t, de fa\u00e7on \u00e0 \u00eatre \u00e0 l\u2019heure au rituel. Cependant, dans certains cas o\u00f9 le travail en \u00e9quipe en discontinu est exig\u00e9, le personnel wiccan peut parfois demander un cong\u00e9 pour l\u2019Esbat qui a lieu durant leur job de nuit. Cela peut provoquer des conflits s\u2019ils sont \u00e0 un poste ou font partie d&rsquo;une section critique. Si, cependant, cela est possible, ces cong\u00e9s devraient \u00eatre accord\u00e9s avec la m\u00eame attention que pour les membres des autres groupes religieux qui feraient une demande de vacances pour la c\u00e9l\u00e9bration des f\u00eates religieuses.<\/p>\n<p style=\"text-align: justify;\">C\u2019est principalement aux Esbats que certaines traditions pr\u00e9conisent la pratique de la nudit\u00e9 rituelle, qu\u2019elles appellent \u00ab skyclad \u00bb (ndlt : en fran\u00e7ais, v\u00eatu du ciel). Cette pratique provient largement de l\u2019id\u00e9e que la connexion directe entre l\u2019\u00e9nergie du corps humain et celle de la terre est plus intense lorsqu\u2019il n\u2019y a pas d\u2019entrave avec les v\u00eatements. Ceci provient \u00e9galement d\u2019une phrase de la \u00ab Charge de la D\u00e9esse \u00bb \u00e9crite par Doreen Valiente, une des \u00e9tudiantes de Gerald Gardner, qui dit :<\/p>\n<p style=\"text-align: justify;\">\u00ab Vous serez lib\u00e9r\u00e9s de tout esclavage et en signe de votre enti\u00e8re libert\u00e9, vous serez nus lors vos rites \u00bb.<\/p>\n<p style=\"text-align: justify;\">Les Wiccans soulignent souvent le fait qu\u2019ils souhaitent \u00e9viter et d\u00e9passer la vision de la nudit\u00e9 comme honteuse, au lieu de maintenir le corps humain dans la saintet\u00e9 et la beaut\u00e9. Tous les groupes wiccans ne sont pas enclins \u00e0 une pratique rituelle skyclad ; certains utilisent des robes et tissus de diverses couleurs, en fonction des circonstances, traditions, du temps et du climat. (\u2026)<\/p>\n","protected":false},"excerpt":{"rendered":"<p>Esbats et Rites Lunaires Par Taniquetil &amp; Astralaya, traduction Lune Adapt\u00e9 de Spiritual Philosophy and Practice of Wicca in the US Military, par Dr. David L. Oringderff (Taniquetil) et Lt.Col. Ronald M. Schaefer, USAF (Astralaya). Tir\u00e9 du site Sacred Well. Les Sabbats et Rites de Passage sont des f\u00eates et des c\u00e9l\u00e9brations g\u00e9n\u00e9ralement ouvertes \u00e0&#8230;<\/p>\n","protected":false},"author":2,"featured_media":0,"parent":34,"menu_order":0,"comment_status":"closed","ping_status":"closed","template":"silo.php","meta":{"footnotes":""},"class_list":["post-735","page","type-page","status-publish","hentry"],"_links":{"self":[{"href":"https:\/\/www.le-sidh.org\/wicca\/wp-json\/wp\/v2\/pages\/735","targetHints":{"allow":["GET"]}}],"collection":[{"href":"https:\/\/www.le-sidh.org\/wicca\/wp-json\/wp\/v2\/pages"}],"about":[{"href":"https:\/\/www.le-sidh.org\/wicca\/wp-json\/wp\/v2\/types\/page"}],"author":[{"embeddable":true,"href":"https:\/\/www.le-sidh.org\/wicca\/wp-json\/wp\/v2\/users\/2"}],"replies":[{"embeddable":true,"href":"https:\/\/www.le-sidh.org\/wicca\/wp-json\/wp\/v2\/comments?post=735"}],"version-history":[{"count":1,"href":"https:\/\/www.le-sidh.org\/wicca\/wp-json\/wp\/v2\/pages\/735\/revisions"}],"predecessor-version":[{"id":736,"href":"https:\/\/www.le-sidh.org\/wicca\/wp-json\/wp\/v2\/pages\/735\/revisions\/736"}],"up":[{"embeddable":true,"href":"https:\/\/www.le-sidh.org\/wicca\/wp-json\/wp\/v2\/pages\/34"}],"wp:attachment":[{"href":"https:\/\/www.le-sidh.org\/wicca\/wp-json\/wp\/v2\/media?parent=735"}],"curies":[{"name":"wp","href":"https:\/\/api.w.org\/{rel}","templated":true}]}}