{"id":272,"date":"2014-07-28T16:24:22","date_gmt":"2014-07-28T14:24:22","guid":{"rendered":"http:\/\/www.le-sidh.org\/wicca\/?page_id=272"},"modified":"2018-08-16T17:12:02","modified_gmt":"2018-08-16T15:12:02","slug":"magie-de-la-nouvelle-lune","status":"publish","type":"page","link":"https:\/\/www.le-sidh.org\/wicca\/esbat\/magie-de-la-nouvelle-lune\/","title":{"rendered":"Magie de la Nouvelle Lune"},"content":{"rendered":"<p style=\"text-align: justify;\">Par Phyllis Curott \u00a9, traduction Lune<\/p>\n<p style=\"text-align: justify;\"><a href=\"https:\/\/www.le-sidh.org\/wicca\/wp-content\/uploads\/2014\/07\/sorciere.jpg\"><img loading=\"lazy\" decoding=\"async\" class=\"aligncenter wp-image-273 size-full\" src=\"https:\/\/www.le-sidh.org\/wicca\/wp-content\/uploads\/2014\/07\/sorciere.jpg\" alt=\"sorciere\" width=\"597\" height=\"449\" srcset=\"https:\/\/www.le-sidh.org\/wicca\/wp-content\/uploads\/2014\/07\/sorciere.jpg 597w, https:\/\/www.le-sidh.org\/wicca\/wp-content\/uploads\/2014\/07\/sorciere-300x225.jpg 300w\" sizes=\"auto, (max-width: 597px) 100vw, 597px\" \/><\/a><br \/>\n<a href=\"http:\/\/www.amazon.fr\/Witch-Crafting-Spiritual-Guide-Making-ebook\/dp\/B000FC1L1K\/ref=sr_1_1?ie=UTF8&amp;qid=1406557020&amp;sr=8-1&amp;keywords=Phyllis+Curott\" target=\"_blank\" rel=\"noopener\"><em>Extrait de Witch Crafting, a spiritual guide to making magic, aux \u00e9ditions Broadway Books<\/em><\/a><\/p>\n<p style=\"text-align: justify;\">La nouvelle lune est g\u00e9n\u00e9ralement d\u00e9di\u00e9e \u00e0 la naissance de nouveaux projets, \u00e0 la r\u00e9appropriation de votre ind\u00e9pendance, \u00e0 votre pr\u00e9paration \u00e0 une bataille, au ressenti de votre force, au gain d\u2019inspiration ou au fait d\u2019honorer vos instincts. Ce qui va suivre peut \u00eatre pratiqu\u00e9 par hommes et femmes. Choisissez l\u2019un de ces buts ou tout autre associ\u00e9 \u00e0 la D\u00e9esse Vierge (exemples de D\u00e9esses Vierges voir ci-dessus. \u2013 ndlt : Art\u00e9mis, Diana, Kor\u00e9, Ath\u00e9na, Nim\u00fc\u00e9, Sekmet, Luna, etc.)<\/p>\n<p style=\"text-align: justify;\">\u00c9crivez, cr\u00e9ez ou choisissez quelque chose qui symbolise votre but. Lorsque la nouvelle lune appara\u00eet dans le ciel (\u2026) [ndlt : on reconna\u00eet la nouvelle lune \u00e0 l\u2019orientation des pointes de son croissant, elles sont tourn\u00e9es vers la gauche, comme ceci -&gt; ) \u2026 Il y a une m\u00e9thode simple pour reconna\u00eetre la nouvelle lune de la lune d\u00e9croissante : le croissant de la nouvelle lune ressemble \u00e0 la courbure de la lettre \u00ab p \u00bb comme premier quartier de lune et le croissant de la lune d\u00e9croissante ressemble \u00e0 la lettre \u00ab d \u00bb minuscule, comme dernier quartier de lune]. Prenez un bain purifiant. Puis habillez-vous de blanc, d\u00e9corez votre autel personnel avec tout objet sacr\u00e9 pour la d\u00e9esse vierge et pr\u00e9parez cette potion d\u2019inspiration \/ instigation :<\/p>\n<p style=\"text-align: justify; padding-left: 30px;\">Commencez par une cuill\u00e8re \u00e0 soupe de chaque ingr\u00e9dient, m\u00e9langez-les et r\u00e9duisez-les en poudre dans un mortier : <em>verveine, armoise, rue, jacinthe, clous de girofle, monnaie du pape et feuilles de laurier<\/em>. Ajoutez <em>quelques gouttes d\u2019huile de marjolaine et de jasmin j<\/em>usqu\u2019\u00e0 ce que l\u2019odeur vous plaise. Cette formule peut aussi \u00eatre utilis\u00e9e en encens ou dans un bain.<\/p>\n<p style=\"text-align: justify; padding-left: 30px;\">Placez le symbole\/votre cr\u00e9ation sur votre autel. Invoquez la d\u00e9esse vierge en disant :<\/p>\n<p style=\"text-align: justify; padding-left: 30px;\"><strong>\u00ab J\u2019invite les pouvoirs de la Puissante D\u00e9esse Diane, la puissance de la nouvelle lune, la Dame des Choses Sauvages. Rends-moi plus fort et lib\u00e8re-moi afin que je puisse vivre la vie que je veux. Investis-moi et b\u00e9nis-moi. \u00bb<\/strong><\/p>\n<p style=\"text-align: justify; padding-left: 30px;\">Levez l\u2019\u00e9nergie en dansant et en chantant.<\/p>\n<p style=\"text-align: justify; padding-left: 30px;\"><strong>\u00ab Dame des Choses Sauvages, lib\u00e8re-moi et donne-moi de la force. \u00bb<\/strong><\/p>\n<p style=\"text-align: justify; padding-left: 30px;\">Dirigez l\u2019\u00e9nergie dans les herbes et l\u2019objet.<\/p>\n<p style=\"text-align: justify; padding-left: 30px;\">Placez un peu de ces herbes dans un carr\u00e9 de tissu blanc. Attachez-le avec un ruban blanc, tenez-le contre votre c\u0153ur et sentez l\u2019\u00e9nergie jeune et r\u00e9solue de la d\u00e9esse vierge vous emplir et charger l\u2019amulette. Lorsque vous vous sentez pr\u00eat, remerciez et fermez le cercle. Puis commencez votre nouveau projet, votre nouvelle vie, nouvelle attitude \u2013 et agissez en accord.<\/p>\n","protected":false},"excerpt":{"rendered":"<p>Par Phyllis Curott \u00a9, traduction Lune Extrait de Witch Crafting, a spiritual guide to making magic, aux \u00e9ditions Broadway Books La nouvelle lune est g\u00e9n\u00e9ralement d\u00e9di\u00e9e \u00e0 la naissance de nouveaux projets, \u00e0 la r\u00e9appropriation de votre ind\u00e9pendance, \u00e0 votre pr\u00e9paration \u00e0 une bataille, au ressenti de votre force, au gain d\u2019inspiration ou au fait&#8230;<\/p>\n","protected":false},"author":2,"featured_media":0,"parent":34,"menu_order":0,"comment_status":"closed","ping_status":"closed","template":"silo.php","meta":{"footnotes":""},"class_list":["post-272","page","type-page","status-publish","hentry"],"_links":{"self":[{"href":"https:\/\/www.le-sidh.org\/wicca\/wp-json\/wp\/v2\/pages\/272","targetHints":{"allow":["GET"]}}],"collection":[{"href":"https:\/\/www.le-sidh.org\/wicca\/wp-json\/wp\/v2\/pages"}],"about":[{"href":"https:\/\/www.le-sidh.org\/wicca\/wp-json\/wp\/v2\/types\/page"}],"author":[{"embeddable":true,"href":"https:\/\/www.le-sidh.org\/wicca\/wp-json\/wp\/v2\/users\/2"}],"replies":[{"embeddable":true,"href":"https:\/\/www.le-sidh.org\/wicca\/wp-json\/wp\/v2\/comments?post=272"}],"version-history":[{"count":5,"href":"https:\/\/www.le-sidh.org\/wicca\/wp-json\/wp\/v2\/pages\/272\/revisions"}],"predecessor-version":[{"id":3170,"href":"https:\/\/www.le-sidh.org\/wicca\/wp-json\/wp\/v2\/pages\/272\/revisions\/3170"}],"up":[{"embeddable":true,"href":"https:\/\/www.le-sidh.org\/wicca\/wp-json\/wp\/v2\/pages\/34"}],"wp:attachment":[{"href":"https:\/\/www.le-sidh.org\/wicca\/wp-json\/wp\/v2\/media?parent=272"}],"curies":[{"name":"wp","href":"https:\/\/api.w.org\/{rel}","templated":true}]}}