{"id":2678,"date":"2015-09-23T19:38:46","date_gmt":"2015-09-23T17:38:46","guid":{"rendered":"http:\/\/www.le-sidh.org\/wicca\/?page_id=2678"},"modified":"2015-09-23T19:38:46","modified_gmt":"2015-09-23T17:38:46","slug":"formation-du-cercle","status":"publish","type":"page","link":"https:\/\/www.le-sidh.org\/wicca\/livres-des-ombres-gardnerien\/le-livre-des-ombres-de-1961\/formation-du-cercle\/","title":{"rendered":"Formation du Cercle"},"content":{"rendered":"<ol>\n<li>\n<p class=\"western\" align=\"JUSTIFY\"><span style=\"color: #000000;\">Il doit y avoir un homme et une femme, correctement pr\u00e9par\u00e9s, c\u2019est-\u00e0-dire nus.<\/span><\/p>\n<\/li>\n<li>\n<p class=\"western\" align=\"JUSTIFY\"><span style=\"color: #000000;\">Tracez un cercle de neuf pieds de diam\u00e8tre sur le sol \u00e0 l\u2019aide d\u2019une craie, etc. La meilleure fa\u00e7on de proc\u00e9der consiste \u00e0 utiliser une ficelle. Nouez deux boucles \u00e0 une distance de quatre pieds six pouces l&rsquo;une de l&rsquo;autre. Attachez une boucle \u00e0 un clou ou un objet, au centre du cercle. Placez la craie dans l\u2019autre boucle et tracez le cercle. Si vous ne pouvez pas faire de marque au sol, placez des accessoires, ou autre, en rond pour mat\u00e9rialiser le cercle. Utilisez une table, etc., comme Autel, avec tous les outils, etc., dispos\u00e9s dessus. Prenez un bol d\u2019eau et du sel. <\/span><\/p>\n<\/li>\n<li>\n<p class=\"western\" align=\"JUSTIFY\"><span style=\"color: #000000;\">Placez l\u2019Atham\u00e9 sur le bol d\u2019eau. Dites\u00a0:<\/span><\/p>\n<p class=\"western\" align=\"JUSTIFY\"><strong><span style=\"color: #000000;\">\u00ab\u00a0Je t\u2019exorcise, \u00d4 cr\u00e9ature d\u2019Eau, afin que tu chasses de Toi toute impuret\u00e9 et <\/span><span style=\"color: #000000;\">toute souillure <\/span><span style=\"color: #000000;\">des Esprits du Monde des Fantasmes au nom d\u2019Aradia et de Cernunnos. Mais rappelons-nous toujours que si l\u2019Eau purifie le corps, le fouet purifie l\u2019\u00e2me.\u00a0\u00bb<\/span><\/strong><\/p>\n<\/li>\n<li>\n<p class=\"western\" align=\"JUSTIFY\"><span style=\"color: #000000;\">Ensuite, placez l\u2019Atham\u00e9 sur le sel. Dites\u00a0:<\/span><\/p>\n<p class=\"western\" align=\"JUSTIFY\"><strong><span style=\"color: #000000;\">\u00ab\u00a0Que les b\u00e9n\u00e9dictions soient sur cette cr\u00e9ature de Sel. Que toute nuisance et <\/span><span style=\"color: #000000;\">toute <\/span><span style=\"color: #000000;\">entrave en soient expuls\u00e9es et que tout bienfait la p\u00e9n\u00e8tre. C\u2019est pourquoi je te b\u00e9nis, afin que tu puisses m\u2019assister, Au nom d\u2019Aradia et Cernunnos.\u00a0\u00bb<\/span><\/strong><\/p>\n<\/li>\n<li>\n<p class=\"western\" align=\"JUSTIFY\"><span style=\"color: #000000;\">Ensuite, tracez le Cercle sur les lignes que vous avez marqu\u00e9 au sol, en commen\u00e7ant \u00e0 l\u2019Est et en retournant \u00e0 l\u2019Est. (Faites toujours le tour du cercle en gardant la main Droite vers l\u2019Autel. Ne tracez jamais le cercle dans le sens contraire \u00e0 la course du soleil.) Puis, versez le Sel dans l\u2019eau et faites un nouveau tour de cercle, en l\u2019aspergeant pour le purifier. Ensuite, faites un autre tour de cercle pour l\u2019encenser. (Tout le monde dans le cercle doit \u00eatre asperg\u00e9 et encens\u00e9.)<\/span><\/p>\n<\/li>\n<li>\n<p class=\"western\" align=\"JUSTIFY\"><span style=\"color: #000000;\">Ensuite, allez \u00e0 l\u2019Est, avec l\u2019\u00c9p\u00e9e ou l\u2019Atham\u00e9 dans la main. Dessinez un pentagramme d\u2019invocation dans les Airs, en commen\u00e7ant depuis son sommet et en descendant jusqu\u2019au coin gauche, en disant\u00a0:<\/span><\/p>\n<p class=\"western\" align=\"JUSTIFY\"><span style=\"color: #000000;\"><strong>\u00ab\u00a0Je vous convoque et vous appelle, \u00d4 Vous Puissants de l\u2019Est, pour garder le Cercle et assister \u00e0 nos rites.\u00a0\u00bb<\/strong> <\/span><\/p>\n<p class=\"western\" align=\"JUSTIFY\"><span style=\"color: #000000;\">Puis en maintenant la pointe de l\u2019\u00e9p\u00e9e ou de l\u2019Atham\u00e9 orient\u00e9e vers le haut, faites de m\u00eame au sud, \u00e0 l\u2019ouest et au nord, ensuite retournez au centre, au sud de l\u2019Autel.<\/span><\/p>\n<\/li>\n<li>\n<p class=\"western\" align=\"JUSTIFY\"><span style=\"color: #000000;\">Puis chaque fille doit attacher son homme, les mains derri\u00e8re le dos et la Laisse autour du cou. Il doit s\u2019agenouiller devant l\u2019autel et \u00eatre fouett\u00e9. Quand tous les hommes ont ainsi \u00e9t\u00e9 \u00ab\u00a0purifi\u00e9s\u00a0\u00bb, ils purifient les filles \u00e0 leur tour. Nul ne peut se tenir dans le cercle sans avoir \u00e9t\u00e9 ainsi purifi\u00e9.<\/span><\/p>\n<\/li>\n<li>\n<p class=\"western\" align=\"JUSTIFY\"><span style=\"color: #000000;\">Ensuite, effectuez tout travail voulu.<\/span><\/p>\n<\/li>\n<li>\n<p class=\"western\" align=\"JUSTIFY\"><span style=\"color: #000000;\">Lors de la r\u00e9vocation du Cercle, la Grande Pr\u00eatresse, ou toute autre femme \u00e0 qui a \u00e9t\u00e9 confi\u00e9e la t\u00e2che dit\u00a0:<\/span><\/p>\n<p class=\"western\" align=\"JUSTIFY\"><strong><span style=\"color: #000000;\">\u00ab\u00a0Je vous salue, \u00f4 Puissants de l\u2019est. Je vous remercie de votre pr\u00e9sence et avant que vous ne partiez vers vos plaisants royaumes, Nous vous disons Salut et Adieu.\u00a0\u00bb<\/span><\/strong><\/p>\n<\/li>\n<\/ol>\n","protected":false},"excerpt":{"rendered":"<p>Il doit y avoir un homme et une femme, correctement pr\u00e9par\u00e9s, c\u2019est-\u00e0-dire nus. Tracez un cercle de neuf pieds de diam\u00e8tre sur le sol \u00e0 l\u2019aide d\u2019une craie, etc. La meilleure fa\u00e7on de proc\u00e9der consiste \u00e0 utiliser une ficelle. Nouez deux boucles \u00e0 une distance de quatre pieds six pouces l&rsquo;une de l&rsquo;autre. Attachez une&#8230;<\/p>\n","protected":false},"author":2,"featured_media":0,"parent":2669,"menu_order":4,"comment_status":"closed","ping_status":"closed","template":"silo.php","meta":{"footnotes":""},"class_list":["post-2678","page","type-page","status-publish","hentry"],"_links":{"self":[{"href":"https:\/\/www.le-sidh.org\/wicca\/wp-json\/wp\/v2\/pages\/2678","targetHints":{"allow":["GET"]}}],"collection":[{"href":"https:\/\/www.le-sidh.org\/wicca\/wp-json\/wp\/v2\/pages"}],"about":[{"href":"https:\/\/www.le-sidh.org\/wicca\/wp-json\/wp\/v2\/types\/page"}],"author":[{"embeddable":true,"href":"https:\/\/www.le-sidh.org\/wicca\/wp-json\/wp\/v2\/users\/2"}],"replies":[{"embeddable":true,"href":"https:\/\/www.le-sidh.org\/wicca\/wp-json\/wp\/v2\/comments?post=2678"}],"version-history":[{"count":1,"href":"https:\/\/www.le-sidh.org\/wicca\/wp-json\/wp\/v2\/pages\/2678\/revisions"}],"predecessor-version":[{"id":2679,"href":"https:\/\/www.le-sidh.org\/wicca\/wp-json\/wp\/v2\/pages\/2678\/revisions\/2679"}],"up":[{"embeddable":true,"href":"https:\/\/www.le-sidh.org\/wicca\/wp-json\/wp\/v2\/pages\/2669"}],"wp:attachment":[{"href":"https:\/\/www.le-sidh.org\/wicca\/wp-json\/wp\/v2\/media?parent=2678"}],"curies":[{"name":"wp","href":"https:\/\/api.w.org\/{rel}","templated":true}]}}