{"id":2676,"date":"2015-09-23T19:37:29","date_gmt":"2015-09-23T17:37:29","guid":{"rendered":"http:\/\/www.le-sidh.org\/wicca\/?page_id=2676"},"modified":"2015-09-23T19:37:29","modified_gmt":"2015-09-23T17:37:29","slug":"projection-et-charge","status":"publish","type":"page","link":"https:\/\/www.le-sidh.org\/wicca\/livres-des-ombres-gardnerien\/le-livre-des-ombres-de-1961\/projection-et-charge\/","title":{"rendered":"Projection et Charge"},"content":{"rendered":"<ol>\n<li>\n<p class=\"western\" style=\"text-align: justify;\"><span style=\"color: #000000;\">Formation du Cercle. Allumez les bougies.<\/span><\/p>\n<\/li>\n<\/ol>\n<ol style=\"text-align: justify;\">\n<ol>\n<li>\n<p class=\"western\"><span style=\"color: #000000;\">Tracez le Cercle avec l\u2019\u00c9p\u00e9e Magique ou l\u2019Atham\u00e9.<\/span><\/p>\n<\/li>\n<li>\n<p class=\"western\"><span style=\"color: #000000;\">Aspergez avec l\u2019eau consacr\u00e9e.<\/span><\/p>\n<\/li>\n<li>\n<p class=\"western\"><span style=\"color: #000000;\">Encensez.<\/span><\/p>\n<\/li>\n<li>\n<p class=\"western\"><span style=\"color: #000000;\">Dites\u00a0: <\/span><\/p>\n<p class=\"western\"><strong><span style=\"color: #000000;\">\u00ab\u00a0Je te conjure, \u00d4 Cercle de Pouvoir, d&rsquo;\u00eatre une Fronti\u00e8re<\/span><span style=\"color: #000000;\">, <\/span><span style=\"color: #000000;\">une Protection et un lieu de rencontre entre le monde des hommes et les royaumes des Puissants, <\/span><span style=\"color: #000000;\">u<\/span><span style=\"color: #000000;\">n Gardien et une Protection qui pr\u00e9serveront et contiendront le Pouvoir que nous l\u00e8verons en toi, c\u2019est pourquoi je te B\u00e9nis et te Consacre.\u00a0\u00bb<\/span><\/strong><\/p>\n<\/li>\n<li>\n<p class=\"western\"><span style=\"color: #000000;\">Dites\u00a0: <\/span><\/p>\n<p class=\"western\"><strong><span style=\"color: #000000;\">\u00ab\u00a0Je Vous convoque, vous \u00c9veille et vous Appelle, \u00d4 Puissants (de l\u2019Est, du Sud, de l\u2019Ouest, du Nord) Pour assister aux Rites et garder le Cercle.\u00a0\u00bb<\/span><\/strong><\/p>\n<\/li>\n<\/ol>\n<\/ol>\n<ol style=\"text-align: justify;\" start=\"2\">\n<li>\n<p class=\"western\">R\u00e9vocation du Cercle.<\/p>\n<p class=\"western\"><span style=\"color: #000000;\">Dites\u00a0:<\/span><\/p>\n<p class=\"western\"><span style=\"color: #000000;\"><strong>\u00ab\u00a0Puissants (de l\u2019Est, du Sud, de l\u2019Ouest, du Nord), je vous remercie pour votre pr\u00e9sence et, avant que vous ne retourniez dans vos plaisants royaumes, je vous dis salut et adieu.\u00a0\u00bb<\/strong> <\/span><\/p>\n<\/li>\n<li>\n<p class=\"western\">Cons\u00e9cration de l\u2019Eau et du Sel.<\/p>\n<p class=\"western\"><span style=\"color: #000000;\">Touchez l\u2019eau avec l\u2019Atham\u00e9, en disant\u00a0:<\/span><\/p>\n<p class=\"western\"><strong><span style=\"color: #000000;\">\u00ab\u00a0Je t\u2019exorcise, \u00d4 Cr\u00e9ature d\u2019Eau, pour que tu chasses de toi toute impuret\u00e9 et <\/span><span style=\"color: #000000;\">toute souillure <\/span><span style=\"color: #000000;\">des esprits du Monde des Fantasmes, Au nom d\u2019Aradia et Cernunnos.\u00a0\u00bb<\/span><\/strong><\/p>\n<p class=\"western\"><span style=\"color: #000000;\">En touchant le Sel avec l\u2019Atham\u00e9, dites\u00a0:<\/span><\/p>\n<p class=\"western\"><strong><span style=\"color: #000000;\">\u00ab\u00a0Que les B\u00e9n\u00e9dictions soient sur cette cr\u00e9ature de Sel. Que toute nuisance et <\/span><span style=\"color: #000000;\">toute <\/span><span style=\"color: #000000;\">entrave en soient expuls\u00e9es et que tout bienfait la p\u00e9n\u00e8tre. C\u2019est pourquoi je te b\u00e9nis, afin que tu puisses m\u2019assister, Au nom d\u2019Aradia et Cernunnos.\u00a0\u00bb<\/span><\/strong><\/p>\n<\/li>\n<li>\n<p class=\"western\"><span style=\"color: #000000;\">Descente de la Lune\u00a0:<\/span><\/p>\n<p class=\"western\"><span style=\"color: #000000;\"><strong>\u00ab\u00a0Je T\u2019invoque et t\u2019appelle, \u00d4 notre Puissante M\u00e8re \u00e0 Tous, Porteuse de toute Fertilit\u00e9.<\/strong> <\/span><\/p>\n<p class=\"western\"><strong><span style=\"color: #000000;\">Par la Graine et la Racine, par la Tige et le Bourgeon, par la Feuille et le Fruit, par la Vie et l\u2019Amour, <\/span><\/strong><\/p>\n<p class=\"western\"><strong><span style=\"color: #000000;\">Nous T\u2019invoquons afin que Tu descendes sur le corps de Ta servante et Pr\u00eatresse (nom).\u00a0\u00bb<\/span><\/strong><\/p>\n<\/li>\n<\/ol>\n<p class=\"western\" style=\"text-align: justify;\"><span style=\"color: #000000;\">Le Grand Pr\u00eatre et les autres hommes donnent le Quintuple Baiser. Toutes les femmes s\u2019inclinent.<\/span><\/p>\n","protected":false},"excerpt":{"rendered":"<p>Formation du Cercle. Allumez les bougies. Tracez le Cercle avec l\u2019\u00c9p\u00e9e Magique ou l\u2019Atham\u00e9. Aspergez avec l\u2019eau consacr\u00e9e. Encensez. Dites\u00a0: \u00ab\u00a0Je te conjure, \u00d4 Cercle de Pouvoir, d&rsquo;\u00eatre une Fronti\u00e8re, une Protection et un lieu de rencontre entre le monde des hommes et les royaumes des Puissants, un Gardien et une Protection qui pr\u00e9serveront et&#8230;<\/p>\n","protected":false},"author":2,"featured_media":0,"parent":2669,"menu_order":3,"comment_status":"closed","ping_status":"closed","template":"silo.php","meta":{"footnotes":""},"class_list":["post-2676","page","type-page","status-publish","hentry"],"_links":{"self":[{"href":"https:\/\/www.le-sidh.org\/wicca\/wp-json\/wp\/v2\/pages\/2676","targetHints":{"allow":["GET"]}}],"collection":[{"href":"https:\/\/www.le-sidh.org\/wicca\/wp-json\/wp\/v2\/pages"}],"about":[{"href":"https:\/\/www.le-sidh.org\/wicca\/wp-json\/wp\/v2\/types\/page"}],"author":[{"embeddable":true,"href":"https:\/\/www.le-sidh.org\/wicca\/wp-json\/wp\/v2\/users\/2"}],"replies":[{"embeddable":true,"href":"https:\/\/www.le-sidh.org\/wicca\/wp-json\/wp\/v2\/comments?post=2676"}],"version-history":[{"count":1,"href":"https:\/\/www.le-sidh.org\/wicca\/wp-json\/wp\/v2\/pages\/2676\/revisions"}],"predecessor-version":[{"id":2677,"href":"https:\/\/www.le-sidh.org\/wicca\/wp-json\/wp\/v2\/pages\/2676\/revisions\/2677"}],"up":[{"embeddable":true,"href":"https:\/\/www.le-sidh.org\/wicca\/wp-json\/wp\/v2\/pages\/2669"}],"wp:attachment":[{"href":"https:\/\/www.le-sidh.org\/wicca\/wp-json\/wp\/v2\/media?parent=2676"}],"curies":[{"name":"wp","href":"https:\/\/api.w.org\/{rel}","templated":true}]}}

<ol>
<li>
<p class="western" style="text-align: justify;"><span style="color: #000000;">Formation du Cercle. Allumez les bougies.</span></p>
</li>
</ol>
<ol style="text-align: justify;">
<ol>
<li>
<p class="western"><span style="color: #000000;">Tracez le Cercle avec l’Épée Magique ou l’Athamé.</span></p>
</li>
<li>
<p class="western"><span style="color: #000000;">Aspergez avec l’eau consacrée.</span></p>
</li>
<li>
<p class="western"><span style="color: #000000;">Encensez.</span></p>
</li>
<li>
<p class="western"><span style="color: #000000;">Dites : </span></p>
<p class="western"><strong><span style="color: #000000;">« Je te conjure, Ô Cercle de Pouvoir, d&rsquo;être une Frontière</span><span style="color: #000000;">, </span><span style="color: #000000;">une Protection et un lieu de rencontre entre le monde des hommes et les royaumes des Puissants, </span><span style="color: #000000;">u</span><span style="color: #000000;">n Gardien et une Protection qui préserveront et contiendront le Pouvoir que nous lèverons en toi, c’est pourquoi je te Bénis et te Consacre. »</span></strong></p>
</li>
<li>
<p class="western"><span style="color: #000000;">Dites : </span></p>
<p class="western"><strong><span style="color: #000000;">« Je Vous convoque, vous Éveille et vous Appelle, Ô Puissants (de l’Est, du Sud, de l’Ouest, du Nord) Pour assister aux Rites et garder le Cercle. »</span></strong></p>
</li>
</ol>
</ol>
<ol style="text-align: justify;" start="2">
<li>
<p class="western">Révocation du Cercle.</p>
<p class="western"><span style="color: #000000;">Dites :</span></p>
<p class="western"><span style="color: #000000;"><strong>« Puissants (de l’Est, du Sud, de l’Ouest, du Nord), je vous remercie pour votre présence et, avant que vous ne retourniez dans vos plaisants royaumes, je vous dis salut et adieu. »</strong> </span></p>
</li>
<li>
<p class="western">Consécration de l’Eau et du Sel.</p>
<p class="western"><span style="color: #000000;">Touchez l’eau avec l’Athamé, en disant :</span></p>
<p class="western"><strong><span style="color: #000000;">« Je t’exorcise, Ô Créature d’Eau, pour que tu chasses de toi toute impureté et </span><span style="color: #000000;">toute souillure </span><span style="color: #000000;">des esprits du Monde des Fantasmes, Au nom d’Aradia et Cernunnos. »</span></strong></p>
<p class="western"><span style="color: #000000;">En touchant le Sel avec l’Athamé, dites :</span></p>
<p class="western"><strong><span style="color: #000000;">« Que les Bénédictions soient sur cette créature de Sel. Que toute nuisance et </span><span style="color: #000000;">toute </span><span style="color: #000000;">entrave en soient expulsées et que tout bienfait la pénètre. C’est pourquoi je te bénis, afin que tu puisses m’assister, Au nom d’Aradia et Cernunnos. »</span></strong></p>
</li>
<li>
<p class="western"><span style="color: #000000;">Descente de la Lune :</span></p>
<p class="western"><span style="color: #000000;"><strong>« Je T’invoque et t’appelle, Ô notre Puissante Mère à Tous, Porteuse de toute Fertilité.</strong> </span></p>
<p class="western"><strong><span style="color: #000000;">Par la Graine et la Racine, par la Tige et le Bourgeon, par la Feuille et le Fruit, par la Vie et l’Amour, </span></strong></p>
<p class="western"><strong><span style="color: #000000;">Nous T’invoquons afin que Tu descendes sur le corps de Ta servante et Prêtresse (nom). »</span></strong></p>
</li>
</ol>
<p class="western" style="text-align: justify;"><span style="color: #000000;">Le Grand Prêtre et les autres hommes donnent le Quintuple Baiser. Toutes les femmes s’inclinent.</span></p>

<p>Formation du Cercle. Allumez les bougies. Tracez le Cercle avec l’Épée Magique ou l’Athamé. Aspergez avec l’eau consacrée. Encensez. Dites : « Je te conjure, Ô Cercle de Pouvoir, d&rsquo;être une Frontière, une Protection et un lieu de rencontre entre le monde des hommes et les royaumes des Puissants, un Gardien et une Protection qui préserveront et&#8230;</p>
