{"id":2664,"date":"2015-09-23T19:23:35","date_gmt":"2015-09-23T17:23:35","guid":{"rendered":"http:\/\/www.le-sidh.org\/wicca\/?page_id=2664"},"modified":"2019-02-18T13:49:01","modified_gmt":"2019-02-18T11:49:01","slug":"la-rune-ou-le-chant-des-sorcieres","status":"publish","type":"page","link":"https:\/\/www.le-sidh.org\/wicca\/livres-des-ombres-gardnerien\/le-livre-des-ombres-de-1957\/la-rune-ou-le-chant-des-sorcieres\/","title":{"rendered":"La Rune des Sorci\u00e8res (ou le Chant des Sorci\u00e8res)"},"content":{"rendered":"<p class=\"western\" style=\"text-align: center;\"><strong><span style=\"color: #000000;\">Nuit noire et Lune Brillante,<\/span><\/strong><\/p>\n<p class=\"western\" style=\"text-align: center;\"><strong><span style=\"color: #000000;\">Est, puis Sud, puis Ouest, puis Nord\u00a0;<\/span><\/strong><\/p>\n<p class=\"western\" style=\"text-align: center;\"><strong><span style=\"color: #000000;\">\u00c9coutez le Chant des Sorci\u00e8res\u00a0:<\/span><\/strong><\/p>\n<p class=\"western\" style=\"text-align: center;\"><strong><span style=\"color: #000000;\">Je viens maintenant vous invoquer\u00a0!<\/span><\/strong><\/p>\n<p class=\"western\" style=\"text-align: center;\"><strong><span style=\"color: #000000;\">Terre et Eau, Air et Feu,<\/span><\/strong><\/p>\n<p class=\"western\" style=\"text-align: center;\"><strong><span style=\"color: #000000;\">Baguette et Pentacle et \u00c9p\u00e9e,<\/span><\/strong><\/p>\n<p class=\"western\" style=\"text-align: center;\"><strong><span style=\"color: #000000;\">Op\u00e9rez selon mon d\u00e9sir,<\/span><\/strong><\/p>\n<p class=\"western\" style=\"text-align: center;\"><strong><span style=\"color: #000000;\">\u00c0 mes ordres ob\u00e9issez\u00a0!<\/span><\/strong><\/p>\n<p class=\"western\" style=\"text-align: center;\"><strong><span style=\"color: #000000;\">Cordes et Encensoir, Fouet et Couteau,<\/span><\/strong><\/p>\n<p class=\"western\" style=\"text-align: center;\"><strong><span style=\"color: #000000;\">Pouvoirs de la Lame des Sorci\u00e8res,<\/span><\/strong><\/p>\n<p class=\"western\" style=\"text-align: center;\"><strong><span style=\"color: #000000;\">\u00c0 la vie \u00e9veillez-vous,<\/span><\/strong><\/p>\n<p class=\"western\" style=\"text-align: center;\"><strong><span style=\"color: #000000;\">Venez, alors que le Sort est jet\u00e9\u00a0:<\/span><\/strong><\/p>\n<p class=\"western\" style=\"text-align: center;\" align=\"JUSTIFY\"><strong><span style=\"color: #000000;\">Reine du Ciel et Reine de l&rsquo;Enfer,<\/span><\/strong><\/p>\n<p class=\"western\" style=\"text-align: center;\"><strong><span style=\"color: #000000;\">Chasseur Cornu de la Nuit,<\/span><\/strong><\/p>\n<p class=\"western\" style=\"text-align: center;\"><strong><span style=\"color: #000000;\">Pr\u00eatez pouvoir au Sortil\u00e8ge,<\/span><\/strong><\/p>\n<p class=\"western\" style=\"text-align: center;\"><strong><span style=\"color: #000000;\">Accomplissez ma volont\u00e9 par le Rite Magique !<\/span><\/strong><\/p>\n<p class=\"western\" style=\"text-align: center;\"><span style=\"color: #000000;\">Si le chant est utilis\u00e9 pour renforcer un travail d\u00e9j\u00e0 commenc\u00e9, terminez par ceci\u00a0: <\/span><\/p>\n<p class=\"western\" style=\"text-align: center;\"><strong><span style=\"color: #000000;\">Par tout le pouvoir de la terre et de la mer,<\/span><\/strong><\/p>\n<p class=\"western\" style=\"text-align: center;\"><strong><span style=\"color: #000000;\">Par toute la puissance de la lune et du soleil &#8211;<\/span><\/strong><\/p>\n<p class=\"western\" style=\"text-align: center;\"><strong><span style=\"color: #000000;\"><span style=\"font-size: medium;\">Comme je le veux \u2013 \u00ab\u00a0Ainsi soit fait\u00a0\u00bb,<\/span><\/span><sup><span style=\"color: #000000;\"><span style=\"font-size: medium;\">\u00a0<\/span><\/span><\/sup><\/strong><\/p>\n<p class=\"western\" style=\"text-align: center;\"><strong><span style=\"color: #000000;\">Comme je le dis \u2013 \u00ab\u00a0Ainsi sera fait.\u00a0\u00bb<\/span><\/strong><\/p>\n","protected":false},"excerpt":{"rendered":"<p>Nuit noire et Lune Brillante, Est, puis Sud, puis Ouest, puis Nord\u00a0; \u00c9coutez le Chant des Sorci\u00e8res\u00a0: Je viens maintenant vous invoquer\u00a0! Terre et Eau, Air et Feu, Baguette et Pentacle et \u00c9p\u00e9e, Op\u00e9rez selon mon d\u00e9sir, \u00c0 mes ordres ob\u00e9issez\u00a0! Cordes et Encensoir, Fouet et Couteau, Pouvoirs de la Lame des Sorci\u00e8res, \u00c0 la&#8230;<\/p>\n","protected":false},"author":2,"featured_media":0,"parent":2610,"menu_order":12,"comment_status":"closed","ping_status":"closed","template":"silo.php","meta":{"footnotes":""},"class_list":["post-2664","page","type-page","status-publish","hentry"],"_links":{"self":[{"href":"https:\/\/www.le-sidh.org\/wicca\/wp-json\/wp\/v2\/pages\/2664","targetHints":{"allow":["GET"]}}],"collection":[{"href":"https:\/\/www.le-sidh.org\/wicca\/wp-json\/wp\/v2\/pages"}],"about":[{"href":"https:\/\/www.le-sidh.org\/wicca\/wp-json\/wp\/v2\/types\/page"}],"author":[{"embeddable":true,"href":"https:\/\/www.le-sidh.org\/wicca\/wp-json\/wp\/v2\/users\/2"}],"replies":[{"embeddable":true,"href":"https:\/\/www.le-sidh.org\/wicca\/wp-json\/wp\/v2\/comments?post=2664"}],"version-history":[{"count":4,"href":"https:\/\/www.le-sidh.org\/wicca\/wp-json\/wp\/v2\/pages\/2664\/revisions"}],"predecessor-version":[{"id":4253,"href":"https:\/\/www.le-sidh.org\/wicca\/wp-json\/wp\/v2\/pages\/2664\/revisions\/4253"}],"up":[{"embeddable":true,"href":"https:\/\/www.le-sidh.org\/wicca\/wp-json\/wp\/v2\/pages\/2610"}],"wp:attachment":[{"href":"https:\/\/www.le-sidh.org\/wicca\/wp-json\/wp\/v2\/media?parent=2664"}],"curies":[{"name":"wp","href":"https:\/\/api.w.org\/{rel}","templated":true}]}}

La Rune des Sorcières (ou le Chant des Sorcières)

<p class="western" style="text-align: center;"><strong><span style="color: #000000;">Nuit noire et Lune Brillante,</span></strong></p>
<p class="western" style="text-align: center;"><strong><span style="color: #000000;">Est, puis Sud, puis Ouest, puis Nord ;</span></strong></p>
<p class="western" style="text-align: center;"><strong><span style="color: #000000;">Écoutez le Chant des Sorcières :</span></strong></p>
<p class="western" style="text-align: center;"><strong><span style="color: #000000;">Je viens maintenant vous invoquer !</span></strong></p>
<p class="western" style="text-align: center;"><strong><span style="color: #000000;">Terre et Eau, Air et Feu,</span></strong></p>
<p class="western" style="text-align: center;"><strong><span style="color: #000000;">Baguette et Pentacle et Épée,</span></strong></p>
<p class="western" style="text-align: center;"><strong><span style="color: #000000;">Opérez selon mon désir,</span></strong></p>
<p class="western" style="text-align: center;"><strong><span style="color: #000000;">À mes ordres obéissez !</span></strong></p>
<p class="western" style="text-align: center;"><strong><span style="color: #000000;">Cordes et Encensoir, Fouet et Couteau,</span></strong></p>
<p class="western" style="text-align: center;"><strong><span style="color: #000000;">Pouvoirs de la Lame des Sorcières,</span></strong></p>
<p class="western" style="text-align: center;"><strong><span style="color: #000000;">À la vie éveillez-vous,</span></strong></p>
<p class="western" style="text-align: center;"><strong><span style="color: #000000;">Venez, alors que le Sort est jeté :</span></strong></p>
<p class="western" style="text-align: center;" align="JUSTIFY"><strong><span style="color: #000000;">Reine du Ciel et Reine de l&rsquo;Enfer,</span></strong></p>
<p class="western" style="text-align: center;"><strong><span style="color: #000000;">Chasseur Cornu de la Nuit,</span></strong></p>
<p class="western" style="text-align: center;"><strong><span style="color: #000000;">Prêtez pouvoir au Sortilège,</span></strong></p>
<p class="western" style="text-align: center;"><strong><span style="color: #000000;">Accomplissez ma volonté par le Rite Magique !</span></strong></p>
<p class="western" style="text-align: center;"><span style="color: #000000;">Si le chant est utilisé pour renforcer un travail déjà commencé, terminez par ceci : </span></p>
<p class="western" style="text-align: center;"><strong><span style="color: #000000;">Par tout le pouvoir de la terre et de la mer,</span></strong></p>
<p class="western" style="text-align: center;"><strong><span style="color: #000000;">Par toute la puissance de la lune et du soleil &#8211;</span></strong></p>
<p class="western" style="text-align: center;"><strong><span style="color: #000000;"><span style="font-size: medium;">Comme je le veux – « Ainsi soit fait »,</span></span><sup><span style="color: #000000;"><span style="font-size: medium;"> </span></span></sup></strong></p>
<p class="western" style="text-align: center;"><strong><span style="color: #000000;">Comme je le dis – « Ainsi sera fait. »</span></strong></p>

<p>Nuit noire et Lune Brillante, Est, puis Sud, puis Ouest, puis Nord ; Écoutez le Chant des Sorcières : Je viens maintenant vous invoquer ! Terre et Eau, Air et Feu, Baguette et Pentacle et Épée, Opérez selon mon désir, À mes ordres obéissez ! Cordes et Encensoir, Fouet et Couteau, Pouvoirs de la Lame des Sorcières, À la&#8230;</p>
