{"id":2647,"date":"2015-09-23T18:55:44","date_gmt":"2015-09-23T16:55:44","guid":{"rendered":"http:\/\/www.le-sidh.org\/wicca\/?page_id=2647"},"modified":"2019-09-20T09:32:13","modified_gmt":"2019-09-20T07:32:13","slug":"les-rituels-de-sabbat-equinoxe-dautomne","status":"publish","type":"page","link":"https:\/\/www.le-sidh.org\/wicca\/livres-des-ombres-gardnerien\/le-livre-des-ombres-de-1957\/les-rituels-de-sabbat-equinoxe-dautomne\/","title":{"rendered":"Les Rituels de Sabbat\u00a0: \u00c9quinoxe d\u2019Automne"},"content":{"rendered":"<p class=\"western\" style=\"text-align: justify;\"><span style=\"color: #000000;\"><span style=\"font-size: medium;\">L\u2019autel doit \u00eatre d\u00e9cor\u00e9 par des symboles de l\u2019automne, pommes de pin, glands et feuilles de ch\u00eane ou des \u00e9pis de bl\u00e9, et comme \u00e0 l&rsquo;accoutum\u00e9e, il doit s&rsquo;y trouver du feu ou de l\u2019encens en train de br\u00fbler. Apr\u00e8s la purification usuelle, les gens se tiennent debout en cercle, hommes et femmes altern\u00e9s. Le Magus se tient \u00e0 l\u2019ouest de l\u2019autel dans la position du Dieu.<\/span><\/span><\/p>\n<p class=\"western\" style=\"text-align: justify;\"><span style=\"color: #000000;\">La Grande Pr\u00eatresse se tient \u00e0 l\u2019est de l\u2019autel, face \u00e0 lui, et lit l\u2019incantation\u00a0:<\/span><\/p>\n<p class=\"western\" style=\"text-align: justify;\"><strong><span style=\"color: #000000;\"><span style=\"font-size: medium;\">\u00ab\u00a0Adieu, \u00d4 Soleil, lumi\u00e8re qui toujours revient. <\/span><\/span><\/strong><\/p>\n<p class=\"western\" style=\"text-align: justify;\"><strong><span style=\"color: #000000;\"><span style=\"font-size: medium;\">Le dieu cach\u00e9 qui, pourtant, toujours demeure. <\/span><\/span><\/strong><\/p>\n<p class=\"western\" style=\"text-align: justify;\"><strong><span style=\"color: #000000;\"><span style=\"font-size: medium;\">Il part pour le pays de jeunesse, en passant par les portes de la mort, pour r\u00e9gner, en tant que juge des dieux et des hommes. <\/span><\/span><\/strong><\/p>\n<p class=\"western\" style=\"text-align: justify;\"><strong><span style=\"color: #000000;\"><span style=\"font-size: medium;\">Meneur cornu des arm\u00e9es c\u00e9lestes. <\/span><\/span><\/strong><\/p>\n<p class=\"western\" style=\"text-align: justify;\"><strong><span style=\"color: #000000;\"><span style=\"font-size: medium;\">Pourtant, alors m\u00eame que se tiennent autour du cercle, invisibles, les formes des Puissants Seigneurs des Espaces Ext\u00e9rieurs, ainsi \u2018le seigneur en nous-m\u00eames\u2019 r\u00e9side-t-il. <\/span><\/span><\/strong><\/p>\n<p class=\"western\" style=\"text-align: justify;\"><strong><span style=\"color: #000000;\"><span style=\"font-size: medium;\">Ainsi r\u00e9side-t-il dans la semence secr\u00e8te, la semence de la nouvelle r\u00e9colte, la semence de la chair, cach\u00e9e dans la terre, la merveilleuse semence des \u00e9toiles. <\/span><\/span><\/strong><\/p>\n<p class=\"western\" style=\"text-align: justify;\"><strong><span style=\"color: #000000;\">\u2018<span style=\"font-size: medium;\">En lui est la vie, et la vie est la lumi\u00e8re des hommes&rsquo;, ce qui jamais ne naquit et jamais ne meurt. C\u2019est pourquoi les Wicca ne pleurent pas, mais se r\u00e9jouissent.\u00a0\u00bb<\/span><\/span><\/strong><\/p>\n<p class=\"western\" style=\"text-align: justify;\"><span style=\"color: #000000;\">La Grande Pr\u00eatresse rejoint le Magus pour lui donner un baiser. Il pose l\u2019Atham\u00e9 et le fouet, et l\u2019embrasse.<\/span><\/p>\n<p class=\"western\" style=\"text-align: justify;\"><span style=\"color: #000000;\"><span style=\"font-size: medium;\">La Grande Pr\u00eatresse lui donne soit sa baguette, qui doit \u00eatre Phallique, soit une branche surmont\u00e9e d\u2019une pomme de pin, soit un b\u00e2ton de chevauchement, ou un balai (anciennement le thyrse). Ils conduisent la danse, elle avec un sistre ou un hochet, lui avec la baguette, les gens forment un rang derri\u00e8re eux, ils dansent en r\u00e9alisant trois fois le tour du cercle. Puis on joue au jeu de la bougie.<\/span><\/span><\/p>\n<p class=\"western\" style=\"text-align: justify;\"><span style=\"color: #000000;\">G\u00e2teaux et vin.<\/span><\/p>\n<p class=\"western\" style=\"text-align: justify;\"><span style=\"color: #000000;\">Grand Rite si possible.<\/span><\/p>\n<p class=\"western\" style=\"text-align: justify;\"><span style=\"color: #000000;\">Danses et jeux.<\/span><\/p>\n","protected":false},"excerpt":{"rendered":"<p>L\u2019autel doit \u00eatre d\u00e9cor\u00e9 par des symboles de l\u2019automne, pommes de pin, glands et feuilles de ch\u00eane ou des \u00e9pis de bl\u00e9, et comme \u00e0 l&rsquo;accoutum\u00e9e, il doit s&rsquo;y trouver du feu ou de l\u2019encens en train de br\u00fbler. Apr\u00e8s la purification usuelle, les gens se tiennent debout en cercle, hommes et femmes altern\u00e9s. Le&#8230;<\/p>\n","protected":false},"author":2,"featured_media":0,"parent":2610,"menu_order":6,"comment_status":"closed","ping_status":"closed","template":"silo.php","meta":{"footnotes":""},"class_list":["post-2647","page","type-page","status-publish","hentry"],"_links":{"self":[{"href":"https:\/\/www.le-sidh.org\/wicca\/wp-json\/wp\/v2\/pages\/2647","targetHints":{"allow":["GET"]}}],"collection":[{"href":"https:\/\/www.le-sidh.org\/wicca\/wp-json\/wp\/v2\/pages"}],"about":[{"href":"https:\/\/www.le-sidh.org\/wicca\/wp-json\/wp\/v2\/types\/page"}],"author":[{"embeddable":true,"href":"https:\/\/www.le-sidh.org\/wicca\/wp-json\/wp\/v2\/users\/2"}],"replies":[{"embeddable":true,"href":"https:\/\/www.le-sidh.org\/wicca\/wp-json\/wp\/v2\/comments?post=2647"}],"version-history":[{"count":2,"href":"https:\/\/www.le-sidh.org\/wicca\/wp-json\/wp\/v2\/pages\/2647\/revisions"}],"predecessor-version":[{"id":7593,"href":"https:\/\/www.le-sidh.org\/wicca\/wp-json\/wp\/v2\/pages\/2647\/revisions\/7593"}],"up":[{"embeddable":true,"href":"https:\/\/www.le-sidh.org\/wicca\/wp-json\/wp\/v2\/pages\/2610"}],"wp:attachment":[{"href":"https:\/\/www.le-sidh.org\/wicca\/wp-json\/wp\/v2\/media?parent=2647"}],"curies":[{"name":"wp","href":"https:\/\/api.w.org\/{rel}","templated":true}]}}