{"id":2566,"date":"2015-09-23T17:49:28","date_gmt":"2015-09-23T15:49:28","guid":{"rendered":"http:\/\/www.le-sidh.org\/wicca\/?page_id=2566"},"modified":"2015-09-24T09:06:35","modified_gmt":"2015-09-24T07:06:35","slug":"initiation-troisieme-degre-1949","status":"publish","type":"page","link":"https:\/\/www.le-sidh.org\/wicca\/livres-des-ombres-gardnerien\/le-livre-des-ombres-de-1949\/initiation-troisieme-degre-1949\/","title":{"rendered":"Initiation : Troisi\u00e8me degr\u00e9"},"content":{"rendered":"<p style=\"text-align: justify;\">Le Magus\u00a0:<\/p>\n<p class=\"western\" style=\"text-align: justify;\"><strong><span style=\"color: #000000;\">\u00ab\u00a0Avant que nous ne proc\u00e9dions \u00e0 ce sublime degr\u00e9, je dois demander la purification par tes mains.\u00a0\u00bb<\/span><\/strong><\/p>\n<p class=\"western\" style=\"text-align: justify;\"><span style=\"color: #000000;\">La Grande Pr\u00eatresse attache le Magus et le lie \u00e0 l\u2019autel. Elle circumambule trois fois et donne au Magus trois, sept, neuf et 21 coups de fouet. Ensuite, elle le d\u00e9tache et l\u2019aide \u00e0 se remettre sur ses pieds. <\/span><\/p>\n<p class=\"western\" style=\"text-align: justify;\"><span style=\"color: #000000;\">Le Magus attache alors la grande pr\u00eatresse et la lie \u00e0 l\u2019autel. Il circumambule, en proclamant aux quatre quartiers\u00a0:<\/span><\/p>\n<p class=\"western\" style=\"text-align: justify;\"><strong><span style=\"color: #000000;\">\u00ab\u00a0\u00c9coutez, \u00f4 Puissants, la deux fois consacr\u00e9e et Sainte (nom), Grande Pr\u00eatresse et Reine-Sorci\u00e8re, est correctement pr\u00e9par\u00e9e et va maintenant \u00e9riger l\u2019autel sacr\u00e9.\u00a0\u00bb<\/span><\/strong><\/p>\n<p class=\"western\" style=\"text-align: justify;\"><span style=\"color: #000000;\">Le Magus donne \u00e0 la Grande Pr\u00eatresse trois, sept, neuf et vingt-et-un coups de fouet. <\/span><\/p>\n<p class=\"western\" style=\"text-align: justify;\"><span style=\"color: #000000;\">Les g\u00e2teaux et le vin peuvent \u00eatre pris maintenant [voir \u00ab\u00a0g\u00e2teaux et vin\u00a0\u00bb].<\/span><\/p>\n<p class=\"western\" style=\"text-align: justify;\"><span style=\"color: #000000;\">Le Magus\u00a0:<\/span><\/p>\n<p class=\"western\" style=\"text-align: justify;\"><span style=\"color: #000000;\"><strong>\u00ab\u00a0\u00c0 pr\u00e9sent, je dois te r\u00e9v\u00e9ler un grand Myst\u00e8re.\u00a0\u00bb<\/strong> [Donne un baiser.]<\/span><\/p>\n<p class=\"western\" style=\"text-align: justify;\"><span style=\"color: #000000;\"><b>Note<\/b>\u00a0: Si la Grande Pr\u00eatresse a d\u00e9j\u00e0 accompli ce rite, omettez ces paroles. La Grande Pr\u00eatresse adopte la position d\u2019Osiris.<\/span><\/p>\n<p class=\"western\" style=\"text-align: justify;\"><span style=\"color: #000000;\">Le Magus\u00a0:<\/span><\/p>\n<p class=\"western\" style=\"text-align: justify;\"><strong><span style=\"color: #000000;\">\u00ab\u00a0Aide-moi \u00e0 \u00e9riger l\u2019Autel Ancien, qu&rsquo;autrefois tous v\u00e9n\u00e9raient, le Grand Autel de toutes choses. Car, au temps jadis, une femme \u00e9tait l\u2019Autel. L\u2019autel \u00e9tait ainsi fait et plac\u00e9<\/span><\/strong><span style=\"color: #000000;\"> [la pr\u00eatresse s\u2019allonge de mani\u00e8re \u00e0 ce que son vagin soit approximativement au centre du cercle]<\/span><strong><span style=\"color: #000000;\">, et le lieu sacr\u00e9 \u00e9tait le point au centre du cercle, comme on nous l\u2019a enseign\u00e9 dans le pass\u00e9, ce point au centre est l\u2019origine de toutes choses. C&rsquo;est pourquoi, nous devons l\u2019adorer.\u00a0\u00bb <\/span><\/strong><span style=\"color: #000000;\">[Donne un baiser.]<\/span><\/p>\n<p class=\"western\" style=\"text-align: justify;\"><strong><span style=\"color: #000000;\">\u00ab\u00a0Par cons\u00e9quent, ce que nous adorons, nous l\u2019invoquons \u00e9galement, par le pouvoir de la lance \u00e9rig\u00e9e.\u00a0\u00bb<\/span><\/strong><\/p>\n<p class=\"western\" style=\"text-align: justify;\"><span style=\"color: #000000;\">Il invoque\u00a0:<\/span><\/p>\n<p class=\"western\" style=\"text-align: justify;\"><strong><span style=\"color: #000000;\">\u00ab\u00a0\u00d4 cercle d\u2019\u00e9toiles<\/span><\/strong><span style=\"color: #000000;\"> [donne un baiser]<\/span><strong><span style=\"color: #000000;\">, dont notre P\u00e8re n&rsquo;est que le plus jeune fr\u00e8re <\/span><\/strong><span style=\"color: #000000;\">[donne un baiser]<\/span><strong><span style=\"color: #000000;\">, merveille au-del\u00e0 de l\u2019imagination, \u00e2me de l\u2019espace infini, devant qui le temps est honteux, l\u2019esprit perplexe et la compr\u00e9hension obscure, nous ne pouvons t&rsquo;atteindre \u00e0 moins que ton image ne soit amour <\/span><\/strong><span style=\"color: #000000;\">[donne un baiser]<\/span><strong><span style=\"color: #000000;\">.\u00a0\u00bb<\/span><\/strong><\/p>\n<p class=\"western\" style=\"text-align: justify;\"><strong><span style=\"color: #000000;\">\u00ab\u00a0Ainsi, par la graine et la racine, par la tige et le bourgeon, par la feuille, la fleur et le fruit, nous t\u2019invoquons, \u00d4 Reine de l\u2019Espace, \u00d4 ros\u00e9e de lumi\u00e8re, \u00d4 infinie des Cieux <\/span><\/strong><span style=\"color: #000000;\">[donne un baiser]<\/span><strong><span style=\"color: #000000;\">. Qu\u2019il en soit toujours ainsi, que les hommes ne parlent pas de Toi comme d\u2019une, mais comme d\u2019aucunes, et qu\u2019ils ne parlent pas du tout de toi puisque tu es \u00e9ternelle, car tu es le point \u00e0 l&rsquo;int\u00e9rieur du cercle <\/span><\/strong><span style=\"color: #000000;\">[donne un baiser]<\/span><strong><span style=\"color: #000000;\"> que nous adorons <\/span><\/strong><span style=\"color: #000000;\">[donne un baiser]<\/span><strong><span style=\"color: #000000;\">, la source de vie sans laquelle nous n&rsquo;existerions pas <\/span><\/strong><span style=\"color: #000000;\">[donne un baiser]<\/span><strong><span style=\"color: #000000;\">. Et de cette mani\u00e8re, les Saints Piliers Jumeaux Boaz et Joachim, sont v\u00e9ritablement \u00e9rig\u00e9s <\/span><\/strong><span style=\"color: #000000;\">[embrasse les seins]<\/span><strong><span style=\"color: #000000;\">. Ils ont \u00e9t\u00e9 \u00e9rig\u00e9s dans la beaut\u00e9 et la force, pour l\u2019\u00e9merveillement et la gloire de tous les hommes.\u00a0\u00bb<\/span><\/strong><\/p>\n<p class=\"western\" style=\"text-align: justify;\"><span style=\"color: #000000;\"><span style=\"font-size: medium;\">(Octuple baiser\u00a0: 3 points, les l\u00e8vres, les 2 seins, et \u00e0 nouveau les l\u00e8vres\u00a0; 5 points*.)<\/span><\/span><\/p>\n<p class=\"western\" style=\"text-align: justify;\"><span style=\"color: #000000;\"><span style=\"font-size: medium;\"><strong>\u00ab\u00a0\u00d4 Secrets des secrets qui sont cach\u00e9s dans l&rsquo;\u00e2me de toute vie. Ce n\u2019est pas toi que nous adorons, car ce qui adore est \u00e9galement toi. Tu es cela et, Cela, je le suis.<\/strong> [donne un baiser].<strong>\u00a0\u00bb<\/strong><\/span><\/span><\/p>\n<p class=\"western\" style=\"text-align: justify;\"><span style=\"color: #000000;\"><strong>\u00ab\u00a0Je suis la flamme qui br\u00fble en chaque homme, et dans le c\u0153ur de chaque \u00e9toile.\u00a0\u00bb<\/strong> [donne un baiser]<\/span><\/p>\n<p class=\"western\" style=\"text-align: justify;\"><span style=\"color: #000000;\"><strong>\u00ab\u00a0Je suis la Vie et la Source de Vie, par cons\u00e9quent me conna\u00eetre c\u2019est conna\u00eetre la Mort.\u00a0\u00bb<\/strong> [donne un baiser]<\/span><\/p>\n<p class=\"western\" style=\"text-align: justify;\"><span style=\"color: #000000;\"><strong>\u00ab\u00a0Je suis seul, le Seigneur \u00e0 l\u2019int\u00e9rieur de nous-m\u00eames, dont le nom est le Myst\u00e8re des Myst\u00e8res.\u00a0\u00bb<\/strong> [donne un baiser]<\/span><\/p>\n<p class=\"western\" style=\"text-align: justify;\"><span style=\"color: #000000;\">\u00ab<strong>\u00a0Ouvre la voie de l\u2019intelligence entre nous. Car ce sont les 5 v\u00e9ritables points de la confr\u00e9rie<\/strong>* [sur la droite appara\u00eet le sch\u00e9ma enlumin\u00e9 d&rsquo;un pentagramme surmont\u00e9 d&rsquo;un triangle pointant vers le haut, le symbole du troisi\u00e8me degr\u00e9]<strong>, pied contre pied, genou contre genou, aine contre aine, poitrine contre poitrine, bras autour du dos, l\u00e8vres contre l\u00e8vres, par les Grands et Saints Noms d\u2019Abracadabra, Aradia et Cernunnos.\u00a0\u00bb<\/strong><\/span><\/p>\n<p class=\"western\" style=\"text-align: justify;\"><span style=\"color: #000000;\">Le Magus et la Grande Pr\u00eatresse\u00a0:<\/span><\/p>\n<p class=\"western\" style=\"text-align: justify;\"><strong><span style=\"color: #000000;\">\u00ab\u00a0R\u00e9conforte nos c\u0153urs, Que ta Lumi\u00e8re se cristallise dans notre sang, nous emplissant de la R\u00e9surrection. Car il n&rsquo;existe nulle part de nous qui ne soit pas des Dieux.\u00a0\u00bb<\/span><\/strong><\/p>\n<p class=\"western\" style=\"text-align: justify;\"><span style=\"color: #000000;\">(\u00c9changez les Noms.)<\/span><\/p>\n<p class=\"western\" style=\"text-align: justify;\"><span style=\"color: #000000;\">La Grande Pr\u00eatresse r\u00e9voque le Cercle en Circumambulant et en proclamant\u00a0:<\/span><\/p>\n<p class=\"western\" style=\"text-align: justify;\"><strong><span style=\"color: #000000;\">\u00ab\u00a0La deux fois consacr\u00e9e Grande Pr\u00eatresse vous salue, \u00f4 Puissants, et vous renvoie en vos plaisantes demeures. Salut et Adieu.\u00a0\u00bb<\/span><\/strong><\/p>\n<p class=\"western\" style=\"text-align: justify;\"><span style=\"color: #000000;\">Elle dessine le pentagramme de bannissement \u00e0 chaque quartier.<\/span><\/p>\n<p class=\"western\" style=\"text-align: justify; padding-left: 30px;\"><em>Notes de Lune &amp; Artus :<\/em><\/p>\n<p class=\"western\" style=\"text-align: justify; padding-left: 30px;\"><em>* Les cinq autres points sont le ventre, le pied gauche, le genou droit, le genou gauche, le pied droit, et \u00e0 nouveau le ventre. Il faut marquer ces points, comme pour les autres degr\u00e9s, avec l\u2019huile, le vin, puis un baiser.<\/em><\/p>\n<p class=\"sdfootnote-western\" style=\"text-align: justify; padding-left: 30px;\"><em>* Pour le Livre des Ombres, nous avons choisi de traduire litt\u00e9ralement l\u2019expression franc-ma\u00e7onne \u00ab\u00a0Five Points of Fellowship\u00a0\u00bb par \u00ab\u00a0Cinq Points de la Confr\u00e9rie\u00a0\u00bb. Notez cependant qu&rsquo;elle est connue en France, dans son contexte original franc-ma\u00e7on, sous la d\u00e9nomination des\u00a0\u00a0\u00ab Cinq Points Parfaits de la Ma\u00eetrise \u00bb.<\/em><\/p>\n","protected":false},"excerpt":{"rendered":"<p>Le Magus\u00a0: \u00ab\u00a0Avant que nous ne proc\u00e9dions \u00e0 ce sublime degr\u00e9, je dois demander la purification par tes mains.\u00a0\u00bb La Grande Pr\u00eatresse attache le Magus et le lie \u00e0 l\u2019autel. Elle circumambule trois fois et donne au Magus trois, sept, neuf et 21 coups de fouet. Ensuite, elle le d\u00e9tache et l\u2019aide \u00e0 se remettre&#8230;<\/p>\n","protected":false},"author":2,"featured_media":0,"parent":2549,"menu_order":6,"comment_status":"closed","ping_status":"closed","template":"silo.php","meta":{"footnotes":""},"class_list":["post-2566","page","type-page","status-publish","hentry"],"_links":{"self":[{"href":"https:\/\/www.le-sidh.org\/wicca\/wp-json\/wp\/v2\/pages\/2566","targetHints":{"allow":["GET"]}}],"collection":[{"href":"https:\/\/www.le-sidh.org\/wicca\/wp-json\/wp\/v2\/pages"}],"about":[{"href":"https:\/\/www.le-sidh.org\/wicca\/wp-json\/wp\/v2\/types\/page"}],"author":[{"embeddable":true,"href":"https:\/\/www.le-sidh.org\/wicca\/wp-json\/wp\/v2\/users\/2"}],"replies":[{"embeddable":true,"href":"https:\/\/www.le-sidh.org\/wicca\/wp-json\/wp\/v2\/comments?post=2566"}],"version-history":[{"count":5,"href":"https:\/\/www.le-sidh.org\/wicca\/wp-json\/wp\/v2\/pages\/2566\/revisions"}],"predecessor-version":[{"id":2690,"href":"https:\/\/www.le-sidh.org\/wicca\/wp-json\/wp\/v2\/pages\/2566\/revisions\/2690"}],"up":[{"embeddable":true,"href":"https:\/\/www.le-sidh.org\/wicca\/wp-json\/wp\/v2\/pages\/2549"}],"wp:attachment":[{"href":"https:\/\/www.le-sidh.org\/wicca\/wp-json\/wp\/v2\/media?parent=2566"}],"curies":[{"name":"wp","href":"https:\/\/api.w.org\/{rel}","templated":true}]}}