{"id":2554,"date":"2015-09-23T17:42:24","date_gmt":"2015-09-23T15:42:24","guid":{"rendered":"http:\/\/www.le-sidh.org\/wicca\/?page_id=2554"},"modified":"2015-09-24T08:49:00","modified_gmt":"2015-09-24T06:49:00","slug":"la-descente-de-la-lune-1949","status":"publish","type":"page","link":"https:\/\/www.le-sidh.org\/wicca\/livres-des-ombres-gardnerien\/le-livre-des-ombres-de-1949\/la-descente-de-la-lune-1949\/","title":{"rendered":"La Descente de la Lune"},"content":{"rendered":"<p class=\"western\" style=\"text-align: justify;\"><span style=\"color: #000000;\"><span style=\"font-size: medium;\">La grande pr\u00eatresse se tient debout devant l\u2019autel, elle adopte la position de la d\u00e9esse (bras crois\u00e9s). Le Magus, s\u2019agenouillant devant elle, trace un pentagramme sur son corps avec la baguette \u00e0 t\u00eate phallique, il invoque\u00a0:<\/span><\/span><\/p>\n<p class=\"western\" style=\"text-align: justify;\"><strong><span style=\"color: #000000;\"><span style=\"font-size: medium;\">\u00ab\u00a0Je T\u2019invoque et Te conjure, \u00f4 puissante M\u00e8re de toute vie et de fertilit\u00e9. Par la graine et la racine, par la tige et le bourgeon, par la feuille et la fleur et le fruit, par la Vie et l\u2019Amour, je T\u2019invoque afin que Tu descendes sur le corps de ta servante et grande pr\u00eatresse [nom].\u00a0\u00bb<\/span><\/span><\/strong><\/p>\n<p class=\"western\" style=\"text-align: justify;\"><span style=\"color: #000000;\">Une fois la lune descendue, c\u2019est-\u00e0-dire lorsque le lien a \u00e9t\u00e9 \u00e9tabli, le Magus et les autres hommes donnent le quintuple baiser\u00a0:<\/span><\/p>\n<p class=\"western\" style=\"text-align: justify;\"><span style=\"color: #000000;\"><span style=\"font-size: medium;\">(En embrassant les pieds.) <strong>\u00ab\u00a0B\u00e9nis soient tes pieds, qui t\u2019ont men\u00e9e en ces chemins.\u00a0\u00bb<\/strong><\/span><\/span><\/p>\n<p class=\"western\" style=\"text-align: justify;\"><span style=\"color: #000000;\">(En embrassant les genoux.) <strong>\u00ab\u00a0B\u00e9nis soient tes genoux, qui se poseront devant l\u2019autel sacr\u00e9.\u00a0\u00bb<\/strong><\/span><\/p>\n<p class=\"western\" style=\"text-align: justify;\"><span style=\"color: #000000;\">(En embrassant le ventre.)<strong> \u00ab\u00a0B\u00e9ni soit ton ventre, sans lequel nous n&rsquo;existerions pas.\u00a0\u00bb<\/strong><\/span><\/p>\n<p class=\"western\" style=\"text-align: justify;\"><span style=\"color: #000000;\">(En embrassant les seins.) <strong>\u00ab\u00a0B\u00e9nis soient tes seins, form\u00e9s dans la beaut\u00e9 et dans la force.\u00a0\u00bb<\/strong><\/span><\/p>\n<p class=\"western\" style=\"text-align: justify;\"><span style=\"color: #000000;\">(En embrassant les l\u00e8vres.) <strong>\u00ab\u00a0B\u00e9nies soient tes l\u00e8vres, qui prononceront les noms sacr\u00e9s.\u00a0\u00bb<\/strong><\/span><\/p>\n<p class=\"western\" style=\"text-align: justify;\"><span style=\"color: #000000;\">Toutes les femmes s\u2019inclinent.<\/span><\/p>\n<p class=\"western\" style=\"text-align: justify;\"><span style=\"color: #000000;\">S\u2019il y a une initiation, alors \u00e0 ce moment, le Magus et la Grande Pr\u00eatresse, dans la position de la d\u00e9esse (bras crois\u00e9s), r\u00e9citent la charge, pendant que l\u2019Initi\u00e9(e) attend \u00e0 l\u2019ext\u00e9rieur du cercle.<\/span><\/p>\n","protected":false},"excerpt":{"rendered":"<p>La grande pr\u00eatresse se tient debout devant l\u2019autel, elle adopte la position de la d\u00e9esse (bras crois\u00e9s). Le Magus, s\u2019agenouillant devant elle, trace un pentagramme sur son corps avec la baguette \u00e0 t\u00eate phallique, il invoque\u00a0: \u00ab\u00a0Je T\u2019invoque et Te conjure, \u00f4 puissante M\u00e8re de toute vie et de fertilit\u00e9. Par la graine et la&#8230;<\/p>\n","protected":false},"author":2,"featured_media":0,"parent":2549,"menu_order":2,"comment_status":"closed","ping_status":"closed","template":"silo.php","meta":{"footnotes":""},"class_list":["post-2554","page","type-page","status-publish","hentry"],"_links":{"self":[{"href":"https:\/\/www.le-sidh.org\/wicca\/wp-json\/wp\/v2\/pages\/2554","targetHints":{"allow":["GET"]}}],"collection":[{"href":"https:\/\/www.le-sidh.org\/wicca\/wp-json\/wp\/v2\/pages"}],"about":[{"href":"https:\/\/www.le-sidh.org\/wicca\/wp-json\/wp\/v2\/types\/page"}],"author":[{"embeddable":true,"href":"https:\/\/www.le-sidh.org\/wicca\/wp-json\/wp\/v2\/users\/2"}],"replies":[{"embeddable":true,"href":"https:\/\/www.le-sidh.org\/wicca\/wp-json\/wp\/v2\/comments?post=2554"}],"version-history":[{"count":3,"href":"https:\/\/www.le-sidh.org\/wicca\/wp-json\/wp\/v2\/pages\/2554\/revisions"}],"predecessor-version":[{"id":2682,"href":"https:\/\/www.le-sidh.org\/wicca\/wp-json\/wp\/v2\/pages\/2554\/revisions\/2682"}],"up":[{"embeddable":true,"href":"https:\/\/www.le-sidh.org\/wicca\/wp-json\/wp\/v2\/pages\/2549"}],"wp:attachment":[{"href":"https:\/\/www.le-sidh.org\/wicca\/wp-json\/wp\/v2\/media?parent=2554"}],"curies":[{"name":"wp","href":"https:\/\/api.w.org\/{rel}","templated":true}]}}