{"id":2518,"date":"2015-07-28T12:04:42","date_gmt":"2015-07-28T10:04:42","guid":{"rendered":"http:\/\/www.le-sidh.org\/wicca\/?page_id=2518"},"modified":"2019-07-14T10:25:00","modified_gmt":"2019-07-14T08:25:00","slug":"lune-bleue-ou-lune-des-sorcieres","status":"publish","type":"page","link":"https:\/\/www.le-sidh.org\/wicca\/esbat\/lune-bleue-ou-lune-des-sorcieres\/","title":{"rendered":"Lune Bleue ou Lune des Sorci\u00e8res"},"content":{"rendered":"<p><center><\/center><center><\/center><\/p>\n<p style=\"text-align: justify;\" align=\"justify\">Lune Bleue ou Lune des Sorci\u00e8res. Par Lune du Sidh.<\/p>\n<p style=\"text-align: justify;\" align=\"justify\">La Lune Bleue se produit lorsque la pleine lune appara\u00eet deux fois dans un m\u00eame mois. Celle ainsi nomm\u00e9e est la derni\u00e8re de ces deux pleines lunes.<\/p>\n<p style=\"text-align: justify;\">Elle est \u00e9galement appel\u00e9e Lune des Buts, elle est utilis\u00e9e pour fixer des buts dans notre vie. Elle peut nous permettre de reconna\u00eetre nos \u00e9checs et d&rsquo;en tirer des le\u00e7ons afin d&rsquo;am\u00e9liorer notre vie et fixer de nouveaux objectifs en rapport \u00e0 ces questions.<\/p>\n<p style=\"text-align: justify;\">C&rsquo;est une p\u00e9riode pendant laquelle la force et la puissance de nos travaux magiques sont augment\u00e9es.<\/p>\n<p><center><span style=\"font-family: Tahoma,Verdana,Arial; font-size: small;\"><img decoding=\"async\" src=\"http:\/\/storage.canalblog.com\/82\/79\/460889\/58118544.jpg\" alt=\"\" \/><\/span><\/center><\/p>\n","protected":false},"excerpt":{"rendered":"<p>Lune Bleue ou Lune des Sorci\u00e8res. Par Lune du Sidh. La Lune Bleue se produit lorsque la pleine lune appara\u00eet deux fois dans un m\u00eame mois. Celle ainsi nomm\u00e9e est la derni\u00e8re de ces deux pleines lunes. Elle est \u00e9galement appel\u00e9e Lune des Buts, elle est utilis\u00e9e pour fixer des buts dans notre vie. Elle&#8230;<\/p>\n","protected":false},"author":2,"featured_media":0,"parent":34,"menu_order":0,"comment_status":"closed","ping_status":"closed","template":"","meta":{"footnotes":""},"class_list":["post-2518","page","type-page","status-publish","hentry"],"_links":{"self":[{"href":"https:\/\/www.le-sidh.org\/wicca\/wp-json\/wp\/v2\/pages\/2518","targetHints":{"allow":["GET"]}}],"collection":[{"href":"https:\/\/www.le-sidh.org\/wicca\/wp-json\/wp\/v2\/pages"}],"about":[{"href":"https:\/\/www.le-sidh.org\/wicca\/wp-json\/wp\/v2\/types\/page"}],"author":[{"embeddable":true,"href":"https:\/\/www.le-sidh.org\/wicca\/wp-json\/wp\/v2\/users\/2"}],"replies":[{"embeddable":true,"href":"https:\/\/www.le-sidh.org\/wicca\/wp-json\/wp\/v2\/comments?post=2518"}],"version-history":[{"count":6,"href":"https:\/\/www.le-sidh.org\/wicca\/wp-json\/wp\/v2\/pages\/2518\/revisions"}],"predecessor-version":[{"id":7161,"href":"https:\/\/www.le-sidh.org\/wicca\/wp-json\/wp\/v2\/pages\/2518\/revisions\/7161"}],"up":[{"embeddable":true,"href":"https:\/\/www.le-sidh.org\/wicca\/wp-json\/wp\/v2\/pages\/34"}],"wp:attachment":[{"href":"https:\/\/www.le-sidh.org\/wicca\/wp-json\/wp\/v2\/media?parent=2518"}],"curies":[{"name":"wp","href":"https:\/\/api.w.org\/{rel}","templated":true}]}}