{"id":237,"date":"2014-07-28T15:09:27","date_gmt":"2014-07-28T13:09:27","guid":{"rendered":"http:\/\/www.le-sidh.org\/wicca\/?page_id=237"},"modified":"2019-04-18T11:05:31","modified_gmt":"2019-04-18T09:05:31","slug":"esbat-deesse-diana","status":"publish","type":"page","link":"https:\/\/www.le-sidh.org\/wicca\/esbat\/esbat-deesse-diana\/","title":{"rendered":"Esbat, d\u00e9di\u00e9 \u00e0 la d\u00e9esse Diana"},"content":{"rendered":"<p style=\"text-align: justify;\">Par Gudeman&rsquo;s fauld \u00a9, traduction &amp; adaptation Lune<\/p>\n<p style=\"text-align: justify;\">Le rituel pr\u00e9sent\u00e9 ici est un rituel d\u2019Esbat. Le rituel se focalisera sur la D\u00e9esse italienne Diana, sous son aspect de la D\u00e9esse de la Lune plut\u00f4t que celui de l\u2019Art\u00e9mis Chasseresse, il s\u2019agit dans ce cas d\u2019un autre sujet bien pr\u00e9cis (grec en l\u2019occurrence).<\/p>\n<p style=\"text-align: justify;\">Tout d\u2019abord, il est n\u00e9cessaire de projeter le cercle. Ici sera simplement \u00e9voqu\u00e9e l\u2019action de projection du cercle, car je suis certain qu\u2019il existe une foule de sites et de livres d\u00e9crivant pr\u00e9cis\u00e9ment comment proc\u00e9der.<\/p>\n<p style=\"text-align: justify;\">Sortez dans la campagne, ou dans un coin de nature baign\u00e9 de la lumi\u00e8re de la pleine lune. Amenez-y vos outils habituels : le pentacle, l\u2019atham\u00e9, la baguette, l\u2019encensoir, le calice, les r\u00e9cipients pour le sel et l\u2019eau, etc.<\/p>\n<p style=\"text-align: justify;\">Nettoyez le cercle et dressez l\u2019autel.<\/p>\n<p style=\"text-align: justify;\">Prenez votre atham\u00e9 et projetez un triple cercle. N\u2019enfoncez pas l\u2019atham\u00e9 dans la terre ni nulle part ailleurs. Pour marquer le p\u00e9rim\u00e8tre du cercle, utilisez une autre m\u00e9thode comme celle de la corde.<\/p>\n<p style=\"text-align: justify;\">Tandis que le cercle est cr\u00e9\u00e9 avec l\u2019atham\u00e9, dites :<\/p>\n<blockquote>\n<p style=\"text-align: justify;\">B\u00e9ni sois-tu \u00f4 Cercle de Pouvoir,<\/p>\n<p style=\"text-align: justify;\">Garde-nous saufs en cette heure sombre.<\/p>\n<p style=\"text-align: justify;\">Diane, nimb\u00e9e de blanc, viens !<\/p>\n<p style=\"text-align: justify;\">Et devant toi, s&rsquo;enfuiront m\u00e9chancet\u00e9 et malveillance.<\/p>\n<\/blockquote>\n<p style=\"text-align: justify;\">Prenez en main la baguette magique et d\u00e9placez-vous aux quarts du Cercle.<\/p>\n<p style=\"text-align: justify;\">Les bougies peuvent \u00eatre plac\u00e9es aux quatre directions.<\/p>\n<p style=\"text-align: justify;\">R\u00e9p\u00e9tez :<\/p>\n<blockquote>\n<p style=\"text-align: justify;\">Salut Esprits du Nord,<\/p>\n<p style=\"text-align: justify;\">Esprits de la Terre de minuit.<\/p>\n<p style=\"text-align: justify;\">Soyez les t\u00e9moins nus de nos rites.<\/p>\n<\/blockquote>\n<p style=\"text-align: justify;\">Allez \u00e0 l\u2019Est et dites :<\/p>\n<blockquote>\n<p style=\"text-align: justify;\">Salut Esprits de l\u2019Est,<\/p>\n<p style=\"text-align: justify;\">Esprits des brumes tourment\u00e9es.<\/p>\n<p style=\"text-align: justify;\">Soyez les t\u00e9moins nus de nos rites.<\/p>\n<\/blockquote>\n<p style=\"text-align: justify;\">Allez au Sud et dites :<\/p>\n<blockquote>\n<p style=\"text-align: justify;\">Salut Esprit du Sud,<\/p>\n<p style=\"text-align: justify;\">Esprits de la br\u00fblante flamme.<\/p>\n<p style=\"text-align: justify;\">Soyez les t\u00e9moins nus de nos rites.<\/p>\n<\/blockquote>\n<p style=\"text-align: justify;\">Allez \u00e0 l\u2019Ouest et dites :<\/p>\n<blockquote>\n<p style=\"text-align: justify;\">Salut Esprits de l\u2019Ouest,<\/p>\n<p style=\"text-align: justify;\">Esprits des eaux profondes.<\/p>\n<p style=\"text-align: justify;\">Soyez les t\u00e9moins nus de nos rites.<\/p>\n<\/blockquote>\n<figure id=\"attachment_5928\" aria-describedby=\"caption-attachment-5928\" style=\"width: 200px\" class=\"wp-caption aligncenter\"><a href=\"http:\/\/www.esotericarchives.com\/agrippa\/agripp2b.htm\"><img loading=\"lazy\" decoding=\"async\" class=\"wp-image-5928 size-full\" src=\"https:\/\/www.le-sidh.org\/wicca\/wp-content\/uploads\/2019\/04\/esbat-diana-symbole-lune.jpg\" alt=\"\" width=\"200\" height=\"182\" \/><\/a><figcaption id=\"caption-attachment-5928\" class=\"wp-caption-text\">Sceaux ou caract\u00e8res de la Lune<\/figcaption><\/figure>\n<p style=\"text-align: justify;\">Prenez du sel et ajoutez-le \u00e0 l\u2019eau avec votre atham\u00e9. M\u00e9langez et appliquez le symbole suivant sur votre poitrine ou dessinez-le dans les airs, face \u00e0 vous (au Nord), avec l\u2019Atham\u00e9. <em>Cette partie est facultative dans le rituel, car il s&rsquo;agit ici davantage de magie c\u00e9r\u00e9monielle<\/em>. Cependant, \u00e9tant donn\u00e9 que la plupart des anges\/d\u00e9mons sont en r\u00e9alit\u00e9 des Dieux fard\u00e9s\u2026<\/p>\n<p style=\"text-align: justify;\">Au m\u00eame moment, demandez l\u2019aide des esprits :<\/p>\n<blockquote>\n<p style=\"text-align: justify;\">ESPRIT DE LA LUNE, AIDE-MOI EN CET ART : GENIEL, ENEDIAL, ANIXIAL, AZARIEL, GABIEL, DIRACHIEL, SCHELIEL, AMNEDIEL, BARBIEL, ARDEFIEL, NECIAL, ABDIZUEL, JAZERIEL, ERGEDIEL, ATLIEL, AZERUEL, ADRIEL, EGIBIEL, AMUTIEL, KYRIEL, BETHNAEL, GELIEL, REQUIEL, ABRINAEL, AZIEL, TAGRIEL, ATHENIEL, AMNIXIEL.<\/p>\n<\/blockquote>\n<p style=\"text-align: justify;\">Ensuite, mettez les bras le long du corps, r\u00e9p\u00e9tez ces \u00e9vocations :<\/p>\n<blockquote>\n<p style=\"text-align: justify;\">O Grande et puissante Diane,<\/p>\n<p style=\"text-align: justify;\">D\u00e9esse de la chasse et de la Lune,<\/p>\n<p style=\"text-align: justify;\">Viens \u00e0 nous, Reine de Toscane.<\/p>\n<p style=\"text-align: justify;\">Accorde-nous tes faveurs.<\/p>\n<p style=\"text-align: justify;\">Reine des Sorci\u00e8res !<\/p>\n<p style=\"text-align: justify;\">Diane !<\/p>\n<p style=\"text-align: justify;\">Entends notre appel.<\/p>\n<p style=\"text-align: justify;\">Envoie ta fille <a href=\"https:\/\/www.le-sidh.org\/wicca\/autremonde-2\/divinites\/aradia-ou-levangile-des-sorcieres-par-c-leland\/\" target=\"_blank\" rel=\"noopener noreferrer\">Aradia<\/a>,<\/p>\n<p style=\"text-align: justify;\">Elle, n\u00e9e de Lucifer qui chuta !<\/p>\n<p style=\"text-align: justify;\">Nous te demandons de venir dans la Nuit,<\/p>\n<p style=\"text-align: justify;\">Afin de sentir ta sombre \u00e9treinte,<\/p>\n<p style=\"text-align: justify;\">Afin de concentrer toute sagesse,<\/p>\n<p style=\"text-align: justify;\">En notre seconde vue.<\/p>\n<\/blockquote>\n<p style=\"text-align: justify;\">On prendra une corde et on la placera au-dessus d\u2019une flamme au centre du Cercle. La corde sera tenue sous le clair de lune, puis pendant un court instant mettez-la dans la flamme. Placez-vous sous la lumi\u00e8re lunaire et dite :<\/p>\n<blockquote>\n<p style=\"text-align: justify;\">O Grande D\u00e9esse ! B\u00e9nis cette corde afin de nous accorder la vision.<\/p>\n<\/blockquote>\n<p style=\"text-align: justify;\">Passez-la rapidement dans la flamme ou au-dessus et dites :<\/p>\n<blockquote>\n<p style=\"text-align: justify;\">Dieu de la Flamme ! B\u00e9nis cela afin que je puisse recevoir la vision.<\/p>\n<\/blockquote>\n<p style=\"text-align: justify;\">R\u00e9alisez <strong>neuf<\/strong> n\u0153uds \u00e0 la corde et entourez-en votre pied gauche.<\/p>\n<p style=\"text-align: justify;\">Prenez le vin et la nourriture et pr\u00e9sentez-les aux quartiers :<\/p>\n<blockquote>\n<p style=\"text-align: justify;\">Salut \u00e0 Bor\u00e9as, Celui qui gouverne le Nord.<\/p>\n<p style=\"text-align: justify;\">Salut \u00e0 Eurus, Celui qui gouverne l&rsquo;Est<\/p>\n<p style=\"text-align: justify;\">Salut \u00e0 Notus, Celui qui gouverne le Sud<\/p>\n<p style=\"text-align: justify;\">Salut \u00e0 Z\u00e9phyr, Celui qui gouverne l&rsquo;Ouest.<\/p>\n<p style=\"text-align: justify;\">Vous, les Quatre Grands Seigneurs, b\u00e9nissez notre Repas.<\/p>\n<p style=\"text-align: justify;\">B\u00e9nissez notre Repas et accordez-nous la vision de la terre ci-dessous.<\/p>\n<p style=\"text-align: justify;\">Accordez-nous cette vision pour que nous puissions conna\u00eetre la sagesse des vents,<\/p>\n<p style=\"text-align: justify;\">Accordez-nous cette vision pour que nous puissions conna\u00eetre la Nature des choses.<\/p>\n<\/blockquote>\n<p style=\"text-align: justify;\">Consommez le repas et le vin, puis faites une libation \u00e0 Diane, \u00e0 sa Fille et aux Seigneurs.<\/p>\n<p style=\"text-align: justify;\">Allongez-vous sous la Lune et permettez-Lui de p\u00e9n\u00e9trer les profondeurs de votre esprit, d\u2019amener votre esprit dans les pays du peuple de F\u00e9erie. Acceptez tout ce qu\u2019ils offriront.<\/p>\n<p style=\"text-align: justify;\">Rouvrez et effacez le cercle.<a href=\"https:\/\/www.le-sidh.org\/wicca\/wp-content\/uploads\/2019\/04\/diane-de-la-lune.jpg\"><img loading=\"lazy\" decoding=\"async\" class=\"aligncenter size-full wp-image-5933\" src=\"https:\/\/www.le-sidh.org\/wicca\/wp-content\/uploads\/2019\/04\/diane-de-la-lune.jpg\" alt=\"\" width=\"520\" height=\"394\" srcset=\"https:\/\/www.le-sidh.org\/wicca\/wp-content\/uploads\/2019\/04\/diane-de-la-lune.jpg 520w, https:\/\/www.le-sidh.org\/wicca\/wp-content\/uploads\/2019\/04\/diane-de-la-lune-300x227.jpg 300w, https:\/\/www.le-sidh.org\/wicca\/wp-content\/uploads\/2019\/04\/diane-de-la-lune-80x60.jpg 80w\" sizes=\"auto, (max-width: 520px) 100vw, 520px\" \/><\/a><\/p>\n","protected":false},"excerpt":{"rendered":"<p>Par Gudeman&rsquo;s fauld \u00a9, traduction &amp; adaptation Lune Le rituel pr\u00e9sent\u00e9 ici est un rituel d\u2019Esbat. Le rituel se focalisera sur la D\u00e9esse italienne Diana, sous son aspect de la D\u00e9esse de la Lune plut\u00f4t que celui de l\u2019Art\u00e9mis Chasseresse, il s\u2019agit dans ce cas d\u2019un autre sujet bien pr\u00e9cis (grec en l\u2019occurrence). Tout d\u2019abord,&#8230;<\/p>\n","protected":false},"author":2,"featured_media":0,"parent":34,"menu_order":0,"comment_status":"closed","ping_status":"closed","template":"silo.php","meta":{"footnotes":""},"class_list":["post-237","page","type-page","status-publish","hentry"],"_links":{"self":[{"href":"https:\/\/www.le-sidh.org\/wicca\/wp-json\/wp\/v2\/pages\/237","targetHints":{"allow":["GET"]}}],"collection":[{"href":"https:\/\/www.le-sidh.org\/wicca\/wp-json\/wp\/v2\/pages"}],"about":[{"href":"https:\/\/www.le-sidh.org\/wicca\/wp-json\/wp\/v2\/types\/page"}],"author":[{"embeddable":true,"href":"https:\/\/www.le-sidh.org\/wicca\/wp-json\/wp\/v2\/users\/2"}],"replies":[{"embeddable":true,"href":"https:\/\/www.le-sidh.org\/wicca\/wp-json\/wp\/v2\/comments?post=237"}],"version-history":[{"count":13,"href":"https:\/\/www.le-sidh.org\/wicca\/wp-json\/wp\/v2\/pages\/237\/revisions"}],"predecessor-version":[{"id":5936,"href":"https:\/\/www.le-sidh.org\/wicca\/wp-json\/wp\/v2\/pages\/237\/revisions\/5936"}],"up":[{"embeddable":true,"href":"https:\/\/www.le-sidh.org\/wicca\/wp-json\/wp\/v2\/pages\/34"}],"wp:attachment":[{"href":"https:\/\/www.le-sidh.org\/wicca\/wp-json\/wp\/v2\/media?parent=237"}],"curies":[{"name":"wp","href":"https:\/\/api.w.org\/{rel}","templated":true}]}}