{"id":125,"date":"2014-07-15T15:17:34","date_gmt":"2014-07-15T13:17:34","guid":{"rendered":"http:\/\/www.le-sidh.org\/wicca\/?page_id=125"},"modified":"2020-04-27T11:21:54","modified_gmt":"2020-04-27T09:21:54","slug":"sabbat-de-beltane-sheena-morgan","status":"publish","type":"page","link":"https:\/\/www.le-sidh.org\/wicca\/sabbats\/beltane\/sabbat-de-beltane-sheena-morgan\/","title":{"rendered":"Sabbat de Beltane par Sheena Morgan"},"content":{"rendered":"<p style=\"text-align: justify;\"><strong>Rituel de Beltane. <\/strong>Par Sheena Morgan, traduction &amp; libre adaptation : Lune.<\/p>\n<p style=\"text-align: justify;\">Projetez le cercle et appelez les quartiers de la fa\u00e7on habituelle. Ensuite, allumez la chandelle de \u00ab Bel \u00bb. \u00c9tendez-vous et laissez votre respiration devenir plus lente, profonde et r\u00e9guli\u00e8re. Laissez votre esprit s\u2019apaiser.<\/p>\n<p style=\"text-align: justify;\">Commencez une m\u00e9ditation sur le th\u00e8me de Beltane.<\/p>\n<p style=\"text-align: justify;\">Prenez quelques minutes pour rassembler vos pens\u00e9es, puis poursuivez le rite. Invoquez la D\u00e9esse dans le cercle en dansant et chantant :<\/p>\n<blockquote><p>Inanna, Ishtar, Aphrodite, Godiva, Marian, Astart\u00e9.<\/p><\/blockquote>\n<p style=\"text-align: justify;\">Continuez \u00e0 chanter jusqu\u2019\u00e0 ce que vous sentiez la pr\u00e9sence d\u2019une des D\u00e9esses de l\u2019amour et de la fertilit\u00e9.<\/p>\n<p style=\"text-align: justify;\">Invoquez l\u2019\u00e9nergie du Dieu dans le cercle en battant le tambour et en chantant :<\/p>\n<blockquote><p>Faunus, Tamuz, Aengus, Adonis<br \/>\nFaunus, Tamuz, Aengus, Adonis<br \/>\nPriapus, Dummuz, Sylvanus, Dyonisos<br \/>\nPriapus, Dummuz, Sylvanus, Dyonisos<br \/>\nIo Pan, Io Pan, Io Pan, Pan, Pan !<br \/>\nIo Pan, Io Pan, Io Pan, Pan, Pan !<\/p><\/blockquote>\n<p style=\"text-align: justify;\">Poursuivez jusqu\u2019\u00e0 ce que vous ressentiez l\u2019\u00e9nergie d\u2019un des Dieux de l\u2019amour et de la fertilit\u00e9 entrer dans le cercle.<\/p>\n<p style=\"text-align: justify;\">Retirez de l\u2019autel la bougie dor\u00e9e (ou jaune) de \u00ab Bel \u00bb et mouchez-la d\u00e9licatement, dites :<\/p>\n<blockquote>\n<p style=\"text-align: justify;\">De la mort provient la vie et des t\u00e9n\u00e8bres, la lumi\u00e8re.<br \/>\nPuissent les b\u00e9n\u00e9dictions de la D\u00e9esse et du Dieu impr\u00e9gner cette nouvelle flamme de Beltane.<\/p>\n<\/blockquote>\n<p>Rallumez la chandelle et sautez par-dessus trois fois.<\/p>\n<p style=\"text-align: justify;\">Portez la chandelle \u00e0 chaque quartier et \u00e0 l\u2019autel. \u00c9teignez chacune des bougies et rallumez-les avec la flamme de Bel.<\/p>\n<p style=\"text-align: justify;\">Prenez votre m\u00e2t de mai phallique pos\u00e9 sur l\u2019autel et nouez \u00e0 son sommet deux rubans. Enroulez les rubans autour de cette baguette, croisez-les l\u2019un apr\u00e8s l\u2019autre. Et dites :<\/p>\n<blockquote>\n<p style=\"text-align: justify;\">Comme l\u2019obscurit\u00e9 \u00e9quilibre la lumi\u00e8re et la mort apporte la vie.<br \/>\nAinsi la biche appelle le cerf et la femme appelle l\u2019homme.<\/p>\n<\/blockquote>\n<p style=\"text-align: justify;\">Prenez le pot de terre et enfoncez-y fermement la base du m\u00e2t de mai afin qu\u2019il y reste bien dress\u00e9, dites :<\/p>\n<blockquote>\n<p style=\"text-align: justify;\">Le masculin au f\u00e9minin, la lance au Graal, voici le myst\u00e8re qui procure la joie \u00e9ternelle.<br \/>\nPuisse l\u2019ann\u00e9e \u00e0 venir \u00eatre remplie de moments plaisants et fertiles.<br \/>\nQu\u2019il en soit ainsi !<\/p>\n<\/blockquote>\n<p style=\"text-align: justify;\">Mangez votre festin aphrodisiaque et buvez dans le calice de Beltane. Passez un peu de temps \u00e0 m\u00e9diter sur les th\u00e8mes de la dualit\u00e9, de l\u2019accomplissement et de la sensualit\u00e9.<\/p>\n<p style=\"text-align: justify;\">R\u00e9voquez votre cercle de la mani\u00e8re habituelle.<\/p>\n<p style=\"text-align: justify;\">Faites une libation aux Dieux.<\/p>\n<p style=\"text-align: justify;\">Apr\u00e8s votre rite, levez-vous \u00e0 l\u2019aube du jour de Mai et lavez-vous dans la ros\u00e9e. La ros\u00e9e de Beltane est satur\u00e9e du pouvoir de purification \u00e0 la fois de l\u2019eau et du feu. Il est dit qu\u2019elle assure la sant\u00e9 et la prosp\u00e9rit\u00e9 au cours de l\u2019ann\u00e9e nouvelle.<\/p>\n<p style=\"text-align: justify;\"><a href=\"http:\/\/www.amazon.fr\/The-Wicca-Handbook-Complete-Witchcraft\/dp\/1843336979\" target=\"_blank\" rel=\"noopener noreferrer\">Tir\u00e9 du livre \u00ab The wicca handbook, a complete guide to witchcraft &amp; magic \u00bb<\/a><\/p>\n","protected":false},"excerpt":{"rendered":"<p>Rituel de Beltane. Par Sheena Morgan, traduction &amp; libre adaptation : Lune. Projetez le cercle et appelez les quartiers de la fa\u00e7on habituelle. Ensuite, allumez la chandelle de \u00ab Bel \u00bb. \u00c9tendez-vous et laissez votre respiration devenir plus lente, profonde et r\u00e9guli\u00e8re. Laissez votre esprit s\u2019apaiser. Commencez une m\u00e9ditation sur le th\u00e8me de Beltane. Prenez&#8230;<\/p>\n","protected":false},"author":2,"featured_media":8117,"parent":80,"menu_order":0,"comment_status":"closed","ping_status":"closed","template":"","meta":{"footnotes":""},"class_list":["post-125","page","type-page","status-publish","has-post-thumbnail","hentry"],"_links":{"self":[{"href":"https:\/\/www.le-sidh.org\/wicca\/wp-json\/wp\/v2\/pages\/125","targetHints":{"allow":["GET"]}}],"collection":[{"href":"https:\/\/www.le-sidh.org\/wicca\/wp-json\/wp\/v2\/pages"}],"about":[{"href":"https:\/\/www.le-sidh.org\/wicca\/wp-json\/wp\/v2\/types\/page"}],"author":[{"embeddable":true,"href":"https:\/\/www.le-sidh.org\/wicca\/wp-json\/wp\/v2\/users\/2"}],"replies":[{"embeddable":true,"href":"https:\/\/www.le-sidh.org\/wicca\/wp-json\/wp\/v2\/comments?post=125"}],"version-history":[{"count":8,"href":"https:\/\/www.le-sidh.org\/wicca\/wp-json\/wp\/v2\/pages\/125\/revisions"}],"predecessor-version":[{"id":8119,"href":"https:\/\/www.le-sidh.org\/wicca\/wp-json\/wp\/v2\/pages\/125\/revisions\/8119"}],"up":[{"embeddable":true,"href":"https:\/\/www.le-sidh.org\/wicca\/wp-json\/wp\/v2\/pages\/80"}],"wp:featuredmedia":[{"embeddable":true,"href":"https:\/\/www.le-sidh.org\/wicca\/wp-json\/wp\/v2\/media\/8117"}],"wp:attachment":[{"href":"https:\/\/www.le-sidh.org\/wicca\/wp-json\/wp\/v2\/media?parent=125"}],"curies":[{"name":"wp","href":"https:\/\/api.w.org\/{rel}","templated":true}]}}