{"id":112,"date":"2014-07-15T14:53:19","date_gmt":"2014-07-15T12:53:19","guid":{"rendered":"http:\/\/www.le-sidh.org\/wicca\/?page_id=112"},"modified":"2019-04-30T08:38:54","modified_gmt":"2019-04-30T06:38:54","slug":"sabbat-de-beltane-par-elen-hawke","status":"publish","type":"page","link":"https:\/\/www.le-sidh.org\/wicca\/sabbats\/beltane\/sabbat-de-beltane-par-elen-hawke\/","title":{"rendered":"Sabbat de Beltane par Elen Hawke"},"content":{"rendered":"<p style=\"text-align: center;\">Rite de Beltane<br \/>\nPar Elen Hawke \u00a9, traduction &amp; adaptation Lune<\/p>\n<p><a href=\"https:\/\/www.le-sidh.org\/wicca\/wp-content\/uploads\/2014\/07\/mat-de-mai.jpg\"><img loading=\"lazy\" decoding=\"async\" class=\"aligncenter size-full wp-image-117\" src=\"https:\/\/www.le-sidh.org\/wicca\/wp-content\/uploads\/2014\/07\/mat-de-mai.jpg\" alt=\"M\u00e2t de mai\" width=\"205\" height=\"321\" srcset=\"https:\/\/www.le-sidh.org\/wicca\/wp-content\/uploads\/2014\/07\/mat-de-mai.jpg 205w, https:\/\/www.le-sidh.org\/wicca\/wp-content\/uploads\/2014\/07\/mat-de-mai-191x300.jpg 191w\" sizes=\"auto, (max-width: 205px) 100vw, 205px\" \/><\/a><\/p>\n<p style=\"text-align: justify;\">Ce rituel sera c\u00e9l\u00e9br\u00e9 la veille de mai, si possible. Si vous connaissez un endroit o\u00f9 vous ne serez pas d\u00e9ranger pour pratiquer en ext\u00e9rieur, tout particuli\u00e8rement dans les bois, alors Beltane sera le moment id\u00e9al, bien que le rituel puisse \u00eatre conduit en int\u00e9rieur.<\/p>\n<p>Vous aurez besoin de :<\/p>\n<ul>\n<li>Fleurs d\u2019aub\u00e9pine<\/li>\n<li>feuilles de ch\u00eane<\/li>\n<li>d\u2019autres fleurs printani\u00e8res<\/li>\n<li>un chaudron ou autre contenant rempli d\u2019eau, dans lequel flottent des fleurs de pommier et des bougies de couleur rose, bleue, verte<\/li>\n<li>bougies de couleur orange et verte<\/li>\n<li>benjoin ou encens de Beltane<\/li>\n<li>un calice et une baguette ou un atham\u00e9<\/li>\n<li>jus de pomme miell\u00e9 ou hydromel<\/li>\n<li>quelques g\u00e2teaux et biscuits de diff\u00e9rentes sortes pour la petite f\u00eate.<\/li>\n<\/ul>\n<p style=\"text-align: justify;\">Placez l\u2019aub\u00e9pine dans un vase sur l\u2019autel.<\/p>\n<p style=\"text-align: justify;\">Disposez les bougies de couleur orange et verte tout autour du cercle puis allumez-les, allumez aussi celles de l\u2019autel et des quartiers. Faites br\u00fbler l\u2019encens.<\/p>\n<p style=\"text-align: justify;\">Parsemez la surface du cercle de feuilles de ch\u00eane et de fleurs printani\u00e8res. Allumez les bougies flottantes dans le chaudron.<\/p>\n<p style=\"text-align: justify;\">Projetez le cercle, puis levez l\u2019\u00e9nergie.<\/p>\n<p style=\"text-align: justify;\">Invoquez la D\u00e9esse et le Dieu :<\/p>\n<blockquote>\n<p style=\"text-align: justify;\">\u00ab Dame des Fleurs, Vierge de l\u2019\u00e9t\u00e9,<br \/>\nHonore notre cercle de ta douce, joyeuse pr\u00e9sence.<br \/>\nNourris nos souhaits, comme tu nourris l\u2019enfant qui grandit en ton sein.<br \/>\nSois la bienvenue, Dame, bienvenue.<\/p>\n<p style=\"text-align: justify;\">Seigneur des for\u00eats, Faucon de mai,<br \/>\nCerf imp\u00e9tueux, enveloppe-nous de ta douce et sauvage \u00e9treinte ;<br \/>\nP\u00e8re, fr\u00e8re, gu\u00e9risseur, amant, ami\u2026 \u00bb<\/p>\n<\/blockquote>\n<p style=\"text-align: justify;\">\u00c0 pr\u00e9sent, tous sautent, les uns apr\u00e8s les autres, par-dessus le chaudron de bougies et de fleurs de pommier, en lan\u00e7ant \u00e0 voix haute les choses dans leur vie dont ils veulent se d\u00e9faire (par exemple : d\u00e9pression, irritabilit\u00e9, fatigue).<\/p>\n<p style=\"text-align: justify;\">Puis, chacun devra sauter \u00e0 reculons par-dessus le chaudron et faire un souhait (le proclamer). C\u2019est un merveilleux moment pour renforcer le souhait d\u2019Imbolc, car il y a une mont\u00e9e de pouvoir \u00e0 Beltane qui peut permettre la r\u00e9alisation de vos projets en \u00e9t\u00e9, tout comme les moissons, \u00e0 cette p\u00e9riode, r\u00e9compensaient nos anc\u00eatres par de bonnes r\u00e9coltes. Si vous c\u00e9l\u00e9brez ce rite en int\u00e9rieur et que, comme nous, votre plancher ne permet pas de saut trop vigoureux, alors sautez doucement ou enjambez la bougie de feu \u00e0 la place (bien s\u00fbr, soulevez correctement vos v\u00eatements pour ne pas qu\u2019ils s\u2019enflamment).<\/p>\n<p style=\"text-align: justify;\">Une fois le saut des \u00ab feux de joie de Beltane \u00bb accompli, un couple choisi accomplira symboliquement l\u2019union sacr\u00e9e du dieu et de la d\u00e9esse.<\/p>\n<p style=\"text-align: justify;\">La femme soul\u00e8ve la coupe de jus de pomme miell\u00e9 ou d\u2019hydromel et l\u2019homme abaissera la baguette ou l\u2019atham\u00e9 dans la coupe (naturellement, les groupes dont tous les membres sont du m\u00eame sexe devront adapter ce rituel-ci).<\/p>\n<p style=\"text-align: justify;\">Un autre membre du coven dit :<\/p>\n<blockquote>\n<p style=\"text-align: justify;\">\u00ab Sacr\u00e9e est l\u2019union de notre Dame et de notre Seigneur,<br \/>\nDe leur union, le jeune Dieu est cr\u00e9\u00e9,<br \/>\nEt toute chose prosp\u00e8re.<br \/>\nPuisse cette abondance toucher nos vies,<br \/>\nQue nos buts puissent fleurir, \u00e9galement. \u00bb<\/p>\n<\/blockquote>\n<p style=\"text-align: justify;\">Le calice est pass\u00e9 autour du cercle avec ces mots : \u00ab sois b\u00e9ni(e) \u00bb (ndlt : traditionnellement un baiser est \u00e9chang\u00e9 avec le calice et cette b\u00e9n\u00e9diction), puis c\u2019est le moment de c\u00e9l\u00e9brer la petite f\u00eate, de remercier la D\u00e9esse et le Dieu, et d\u2019ouvrir le cercle.<\/p>\n<p style=\"text-align: justify;\">Vous pouvez remercier les d\u00e9it\u00e9s tr\u00e8s simplement, ou utiliser l\u2019invocation suivante :<\/p>\n<blockquote>\n<p style=\"text-align: justify;\">\u00ab Nous remercions la D\u00e9esse et le Dieu pour la b\u00e9n\u00e9diction de notre travail et les saluons. \u00bb<\/p>\n<\/blockquote>\n<p style=\"text-align: justify;\">Le matin m\u00eame de mai, faites un feu de joie \u00e0 l\u2019ext\u00e9rieur et sautez \u00e0 nouveau par-dessus ce feu. Il est \u00e9galement possible de fabriquer un petit m\u00e2t de mai, avec un pivot et des rubans de couleur, enfonc\u00e9 dans le sol. L\u2019id\u00e9e est qu\u2019un groupe de personnes danse dans le sens des aiguilles d\u2019une montre et un autre groupe en sens inverse. Tandis qu\u2019un groupe danse vers l\u2019int\u00e9rieur, l\u2019autre danse vers l\u2019ext\u00e9rieur. Ne vous inqui\u00e9tez pas si vous ne savez pas vraiment ce que vous \u00eates en train de faire\u2026 Nous, nous ne le savons pas davantage et pourtant nous parvenons toujours, chaque 1er jour de mai \u00e0 nous amuser. Tandis que tous les danseurs \u00ab tissent \u00e0 l\u2019ext\u00e9rieur et \u00e0 l\u2019int\u00e9rieur \u00bb ensemble, les rubans s\u2019entrecroisent le long du m\u00e2t de mai, formant un entrelacement de couleurs arc-en-ciel. Lorsque les rubans arrivent au bout, les danseurs changent de direction et tous les rubans se d\u00e9roulent \u00e0 nouveau\u2026 Ainsi nous incarnons les \u00e9nergies de la vie qui s\u2019\u00e9coulent dans, et en-dehors, de sa manifestation.<\/p>\n<p style=\"text-align: justify;\">Le matin de mai est un moment de c\u00e9l\u00e9bration, o\u00f9 l\u2019on mange et l\u2019on boit, de festivit\u00e9s exprimant la joie de cette saison.<\/p>\n","protected":false},"excerpt":{"rendered":"<p>Rite de Beltane Par Elen Hawke \u00a9, traduction &amp; adaptation Lune Ce rituel sera c\u00e9l\u00e9br\u00e9 la veille de mai, si possible. Si vous connaissez un endroit o\u00f9 vous ne serez pas d\u00e9ranger pour pratiquer en ext\u00e9rieur, tout particuli\u00e8rement dans les bois, alors Beltane sera le moment id\u00e9al, bien que le rituel puisse \u00eatre conduit en&#8230;<\/p>\n","protected":false},"author":2,"featured_media":0,"parent":80,"menu_order":0,"comment_status":"closed","ping_status":"closed","template":"silo.php","meta":{"footnotes":""},"class_list":["post-112","page","type-page","status-publish","hentry"],"_links":{"self":[{"href":"https:\/\/www.le-sidh.org\/wicca\/wp-json\/wp\/v2\/pages\/112","targetHints":{"allow":["GET"]}}],"collection":[{"href":"https:\/\/www.le-sidh.org\/wicca\/wp-json\/wp\/v2\/pages"}],"about":[{"href":"https:\/\/www.le-sidh.org\/wicca\/wp-json\/wp\/v2\/types\/page"}],"author":[{"embeddable":true,"href":"https:\/\/www.le-sidh.org\/wicca\/wp-json\/wp\/v2\/users\/2"}],"replies":[{"embeddable":true,"href":"https:\/\/www.le-sidh.org\/wicca\/wp-json\/wp\/v2\/comments?post=112"}],"version-history":[{"count":9,"href":"https:\/\/www.le-sidh.org\/wicca\/wp-json\/wp\/v2\/pages\/112\/revisions"}],"predecessor-version":[{"id":5988,"href":"https:\/\/www.le-sidh.org\/wicca\/wp-json\/wp\/v2\/pages\/112\/revisions\/5988"}],"up":[{"embeddable":true,"href":"https:\/\/www.le-sidh.org\/wicca\/wp-json\/wp\/v2\/pages\/80"}],"wp:attachment":[{"href":"https:\/\/www.le-sidh.org\/wicca\/wp-json\/wp\/v2\/media?parent=112"}],"curies":[{"name":"wp","href":"https:\/\/api.w.org\/{rel}","templated":true}]}}