{"id":1024,"date":"2014-08-06T17:59:03","date_gmt":"2014-08-06T15:59:03","guid":{"rendered":"http:\/\/www.le-sidh.org\/wicca\/?page_id=1024"},"modified":"2019-07-29T10:29:25","modified_gmt":"2019-07-29T08:29:25","slug":"lughnasadh-1er-aout-par-starhawk","status":"publish","type":"page","link":"https:\/\/www.le-sidh.org\/wicca\/sabbats\/lughnasadh\/lughnasadh-1er-aout-par-starhawk\/","title":{"rendered":"Lughnasadh, 1er ao\u00fbt par Starhawk"},"content":{"rendered":"<p style=\"text-align: justify;\"><strong>Lughnasad (1er ao\u00fbt).<\/strong> Extrait de Spiral Dance. Par Starhawk, traduction &amp; adaptation Lune.<\/p>\n<p style=\"text-align: justify;\">D\u00e9corez l&rsquo;autel avec des gerbes de bl\u00e9 et d&rsquo;autres c\u00e9r\u00e9ales. Un grand pain de ma\u00efs avec la forme du Dieu est pos\u00e9 sur l&rsquo;autel et de petits pains en forme d&rsquo;hommes et de femmes sont empil\u00e9s dans des paniers. D&rsquo;autres paniers contiennent des g\u00e2teaux ou des biscuits en forme d&rsquo;\u00e9toile. Un feu est allum\u00e9 au centre du cercle.<\/p>\n<p style=\"text-align: justify;\">Rassemblez-vous, m\u00e9ditez et respirez tous ensemble. La pr\u00eatresse dit :<\/p>\n<blockquote>\n<p style=\"text-align: justify;\">C&rsquo;est la veill\u00e9e de Lugh, le Roi Soleil qui meurt avec l&rsquo;ann\u00e9e d\u00e9clinante,<br \/>\nle Roi du Bl\u00e9 qui meurt lorsque le grain est moissonn\u00e9.<br \/>\nNous voici \u00e0 pr\u00e9sent entre espoir et peur, arriv\u00e9s au moment de l&rsquo;attente.<br \/>\nDans les champs, le grain est m\u00fbr, mais pas encore r\u00e9colt\u00e9.<br \/>\nNous avons travaill\u00e9 dur pour amener de nombreux projets \u00e0 maturation,<br \/>\nmais les r\u00e9compenses de nos efforts ne sont pas encore assur\u00e9es.<br \/>\n\u00c0 pr\u00e9sent, la M\u00e8re devient la Faucheuse,<br \/>\nl&rsquo;Implacable qui se nourrit de la vie, afin que puisse cro\u00eetre la vie nouvelle.<br \/>\nLa lumi\u00e8re diminue, les jours raccourcissent, l&rsquo;\u00e9t\u00e9 passe.<br \/>\nNous sommes rassembl\u00e9s pour faire tourner la Roue, sachant que pour pouvoir r\u00e9colter nous devons sacrifier,<br \/>\net que la chaleur et la lumi\u00e8re doivent s&rsquo;att\u00e9nuer pour passer \u00e0 l&rsquo;hiver.<\/p>\n<\/blockquote>\n<p style=\"text-align: justify;\">Purifiez, projetez le cercle et invoquez la D\u00e9esse et le Dieu.<\/p>\n<p style=\"text-align: justify;\">La pr\u00eatresse apporte les paniers de bonshommes de pain \u00e0 chaque membre du coven, en demandant :<\/p>\n<blockquote>\n<p style=\"text-align: justify;\">De quoi as-tu peur ?<\/p>\n<\/blockquote>\n<p style=\"text-align: justify;\">Le membre du coven r\u00e9pond (par exemple) :<\/p>\n<blockquote>\n<p style=\"text-align: justify;\">De l&rsquo;\u00e9chec.<\/p>\n<\/blockquote>\n<p style=\"text-align: justify;\">La pr\u00eatresse r\u00e9p\u00e8te la r\u00e9ponse, en encourageant les autres membres du coven \u00e0 la chanter :<\/p>\n<blockquote>\n<p style=\"text-align: justify;\">\u00c9chec, \u00e9chec, \u00e9chec&#8230;<\/p>\n<\/blockquote>\n<p style=\"text-align: justify;\">Un chant na\u00eet \u00e0 partir de toutes les peurs collectives tandis qu&rsquo;elles sont canalis\u00e9es dans les bonshommes de pain.<\/p>\n<p style=\"text-align: justify;\">Au fur et \u00e0 mesure que se renforce le chant, la pr\u00eatresse conduit <a href=\"https:\/\/www.le-sidh.org\/wicca\/pratiques-rituelles-sorcieres\/meditations-transe\/la-danse-en-spirale-par-starhawk\/\" target=\"_blank\" rel=\"noopener noreferrer\">une danse en spirale<\/a>, <em>dans le sens contraire du soleil<\/em> et en passant devant le feu. Chaque personne jette son bonhomme de pain dans le feu, en se concentrant sur le fait qu&rsquo;elle se lib\u00e8re de sa peur. La pr\u00eatresse chante :<\/p>\n<blockquote>\n<p style=\"text-align: justify;\">Dans ce feu, qu&rsquo;elle nous quitte, moi et les miens !<br \/>\nQu&rsquo;elle s&rsquo;en aille, qu&rsquo;elle s&rsquo;en aille,<br \/>\nQue le courant l&#8217;emporte au loin,<br \/>\nEt qu&rsquo;elle br\u00fble sous le soleil rouge<br \/>\nComme meurt l&rsquo;ann\u00e9e<br \/>\nEt dispara\u00eet,<br \/>\nComme tout dispara\u00eet,<br \/>\nComme tout passe,<br \/>\nTout s&rsquo;efface&#8230; (R\u00e9p\u00e9tez les deux derni\u00e8res phrases.)<\/p>\n<\/blockquote>\n<p style=\"text-align: justify;\">Lorsque tous sont pass\u00e9s devant le feu, un c\u00f4ne de pouvoir est <em>\u00e9rig\u00e9 sans un mot<\/em> afin de purifier le groupe de ses peurs. Les membres du coven apportent \u00e0 pr\u00e9sent les paniers d&rsquo;\u00e9toiles et en donnent une \u00e0 chaque personne, en demandant :<\/p>\n<blockquote>\n<p style=\"text-align: justify;\">Qu&rsquo;esp\u00e8res-tu r\u00e9colter ?<\/p>\n<\/blockquote>\n<p style=\"text-align: justify;\">Un chant est \u00e9labor\u00e9 \u00e0 partir des r\u00e9ponses et un nouveau c\u00f4ne de pouvoir est \u00e9rig\u00e9 pour charger les \u00e9toiles avec le pouvoir de manifester l&rsquo;espoir. Lorsque le pouvoir est mis \u00e0 la terre, la pr\u00eatresse brandit une \u00e9toile, en disant :<\/p>\n<blockquote>\n<p style=\"text-align: justify;\">Que l&rsquo;\u00e9toile de l&rsquo;espoir soit toujours en nous.<\/p>\n<\/blockquote>\n<p style=\"text-align: justify;\">Tous mangent les \u00e9toiles.<\/p>\n<p style=\"text-align: justify;\">Le pr\u00eatre brandit le pain qui repr\u00e9sente le Dieu, en disant :<\/p>\n<blockquote><p>Contemplez la graine de vie !<\/p><\/blockquote>\n<p style=\"text-align: justify;\">Il l&rsquo;am\u00e8ne \u00e0 chaque personne et alors que chacun en rompt un morceau et le mange, il dit :<\/p>\n<blockquote>\n<p style=\"text-align: justify;\">Mangez de cette vie qui toujours meurt et rena\u00eet.<\/p>\n<\/blockquote>\n<p style=\"text-align: justify;\">Festoyez et rouvrez le cercle.<\/p>\n","protected":false},"excerpt":{"rendered":"<p>Lughnasad (1er ao\u00fbt). Extrait de Spiral Dance. Par Starhawk, traduction &amp; adaptation Lune. D\u00e9corez l&rsquo;autel avec des gerbes de bl\u00e9 et d&rsquo;autres c\u00e9r\u00e9ales. Un grand pain de ma\u00efs avec la forme du Dieu est pos\u00e9 sur l&rsquo;autel et de petits pains en forme d&rsquo;hommes et de femmes sont empil\u00e9s dans des paniers. D&rsquo;autres paniers contiennent&#8230;<\/p>\n","protected":false},"author":2,"featured_media":7268,"parent":64,"menu_order":0,"comment_status":"closed","ping_status":"closed","template":"silo.php","meta":{"footnotes":""},"class_list":["post-1024","page","type-page","status-publish","has-post-thumbnail","hentry"],"_links":{"self":[{"href":"https:\/\/www.le-sidh.org\/wicca\/wp-json\/wp\/v2\/pages\/1024","targetHints":{"allow":["GET"]}}],"collection":[{"href":"https:\/\/www.le-sidh.org\/wicca\/wp-json\/wp\/v2\/pages"}],"about":[{"href":"https:\/\/www.le-sidh.org\/wicca\/wp-json\/wp\/v2\/types\/page"}],"author":[{"embeddable":true,"href":"https:\/\/www.le-sidh.org\/wicca\/wp-json\/wp\/v2\/users\/2"}],"replies":[{"embeddable":true,"href":"https:\/\/www.le-sidh.org\/wicca\/wp-json\/wp\/v2\/comments?post=1024"}],"version-history":[{"count":6,"href":"https:\/\/www.le-sidh.org\/wicca\/wp-json\/wp\/v2\/pages\/1024\/revisions"}],"predecessor-version":[{"id":7267,"href":"https:\/\/www.le-sidh.org\/wicca\/wp-json\/wp\/v2\/pages\/1024\/revisions\/7267"}],"up":[{"embeddable":true,"href":"https:\/\/www.le-sidh.org\/wicca\/wp-json\/wp\/v2\/pages\/64"}],"wp:featuredmedia":[{"embeddable":true,"href":"https:\/\/www.le-sidh.org\/wicca\/wp-json\/wp\/v2\/media\/7268"}],"wp:attachment":[{"href":"https:\/\/www.le-sidh.org\/wicca\/wp-json\/wp\/v2\/media?parent=1024"}],"curies":[{"name":"wp","href":"https:\/\/api.w.org\/{rel}","templated":true}]}}