{"id":1020,"date":"2014-08-06T17:48:54","date_gmt":"2014-08-06T15:48:54","guid":{"rendered":"http:\/\/www.le-sidh.org\/wicca\/?page_id=1020"},"modified":"2019-06-19T11:12:11","modified_gmt":"2019-06-19T09:12:11","slug":"litha-ou-le-solstice-dete","status":"publish","type":"page","link":"https:\/\/www.le-sidh.org\/wicca\/sabbats\/litha\/litha-ou-le-solstice-dete\/","title":{"rendered":"Litha ou le Solstice d\u2019\u00e9t\u00e9"},"content":{"rendered":"<p style=\"text-align: center;\"><strong>Litha ou le Solstice d\u2019\u00e9t\u00e9<\/strong><br \/>\nPar Phyllis Curott \u00a9, traduction Lune<\/p>\n<p style=\"text-align: justify;\">* Le jour le plus long lorsque le Soleil est le plus fort et la Terre est fertile et abondante *<\/p>\n<p style=\"text-align: justify;\"><em>Extrait de <a href=\"http:\/\/www.amazon.fr\/Witch-Crafting-Spiritual-Guide-Making-ebook\/dp\/B000FC1L1K\/ref=sr_1_1?ie=UTF8&amp;qid=1406557020&amp;sr=8-1&amp;keywords=Phyllis+Curott\" target=\"_blank\" rel=\"noopener noreferrer\">Witch Crafting<\/a><\/em><\/p>\n<p style=\"text-align: justify;\">20 \u2013 22 juin dans l\u2019h\u00e9misph\u00e8re nord ; 20 \u2013 22 d\u00e9cembre dans l\u2019h\u00e9misph\u00e8re sud.<\/p>\n<p style=\"text-align: justify;\"><a href=\"https:\/\/www.le-sidh.org\/wicca\/wp-content\/uploads\/2014\/08\/IMG_3010.jpg\"><img loading=\"lazy\" decoding=\"async\" class=\" wp-image-2359 size-medium alignright\" src=\"https:\/\/www.le-sidh.org\/wicca\/wp-content\/uploads\/2014\/08\/IMG_3010-300x200.jpg\" alt=\"IMG_3010\" width=\"300\" height=\"200\" srcset=\"https:\/\/www.le-sidh.org\/wicca\/wp-content\/uploads\/2014\/08\/IMG_3010-300x200.jpg 300w, https:\/\/www.le-sidh.org\/wicca\/wp-content\/uploads\/2014\/08\/IMG_3010-800x533.jpg 800w, https:\/\/www.le-sidh.org\/wicca\/wp-content\/uploads\/2014\/08\/IMG_3010.jpg 900w\" sizes=\"auto, (max-width: 300px) 100vw, 300px\" \/><\/a>Voici un autre sabbat \u00e0 c\u00e9l\u00e9brer en ext\u00e9rieur ! Si vous le pouvez, levez-vous au lever du soleil et sortez. Sortez \u00e0 nouveau \u00e0 midi lorsque le soleil est au z\u00e9nith de son pouvoir, et ressortez une fois encore pour voir le soleil se coucher. Vous pouvez projeter votre cercle au lever du soleil, \u00e0 midi ou au coucher. Portez des couleurs de la terre f\u00e9conde et du soleil brillant. Garnissez l\u2019autel de fruits, de l\u00e9gumes et fleurs de saison \u2013 tout particuli\u00e8rement de roses, car la fleur repr\u00e9sente la Terre et les \u00e9pines, le douloureux d\u00e9part du Soleil. Chacun devra apporter un objet qui repr\u00e9sente le but qu\u2019il nourrit.<\/p>\n<p style=\"text-align: justify;\">Projetez le cercle au nom de la D\u00e9esse de la Terre Fertile et du Dieu du Lumineux Soleil \u2013 vous pouvez \u00e9galement les invoquer en utilisant des noms de Dieux et D\u00e9esses sp\u00e9cifiques (voir la table des correspondances page 78).<\/p>\n<p style=\"text-align: justify;\">D\u00e9clamez le but du cercle :<\/p>\n<blockquote>\n<p style=\"text-align: justify;\">Voici le jour le plus long de l\u2019ann\u00e9e, le Soleil est \u00e0 son z\u00e9nith, et la Terre r\u00e9pond \u00e0 Son pouvoir avec une abondance fertile.<\/p>\n<p style=\"text-align: justify;\">Tous deux s\u2019\u00e9treignent, cr\u00e9ant ainsi la vie.<\/p>\n<p style=\"text-align: justify;\">Alors qu\u2019en ce jour le pouvoir du Soleil amorce son d\u00e9clin et qu\u2019Il d\u00e9bute son voyage vers le sombre hiver, l\u2019\u00e9t\u00e9 commence.<\/p>\n<p style=\"text-align: justify;\">Et ainsi nous c\u00e9l\u00e9brons l\u2019union amoureuse de la D\u00e9esse et du Dieu.<\/p>\n<p style=\"text-align: justify;\">Nous nous r\u00e9jouissons de la richesse de nos vies, nous rendons gr\u00e2ce \u00e0 la Terre M\u00e8re pour ses b\u00e9n\u00e9dictions fructueuses et au P\u00e8re Soleil, sans qui il n\u2019y aurait pas de vie.<\/p>\n<p style=\"text-align: justify;\">Comme la Terre transforme le Soleil en vie, ainsi nous transformons la lumi\u00e8re en nous en projets qui s\u2019\u00e9panouiront, de la m\u00eame mani\u00e8re que le fait la Terre.<\/p>\n<\/blockquote>\n<p style=\"text-align: justify;\">Invoquez la D\u00e9esse et le Dieu.<\/p>\n<p style=\"text-align: justify;\">Ensuite, chacun devra s\u2019\u00e9tendre sur la Terre et absorber les \u00e9nergies cr\u00e9atrices du Soleil et de la Terre. Essayez d\u2019utiliser un grand gong (un instrument li\u00e9 au feu), ou des tambours (instruments li\u00e9s \u00e0 la terre) comme accompagnement. Lorsque vous \u00eatre pr\u00eat, levez-vous et soulevez encore plus d\u2019\u00e9nergie en ex\u00e9cutant une danse en spirale en l\u2019honneur de la descente du Dieu Soleil et de la fertilit\u00e9 de la Terre. Chantez le nom d\u2019un Dieu Soleil, comme H\u00e9lios et une D\u00e9esse Terre telle que D\u00e9m\u00e9ter. Lorsque l\u2019\u00e9nergie est \u00e0 son apog\u00e9e, envoyez-la dans les objets que vous avez plac\u00e9s sur l\u2019autel (tel qu\u2019une bougie verte pour la prosp\u00e9rit\u00e9) et envoyez-la dans le futur afin de r\u00e9aliser vos projets. Litha est \u00e9galement un puissant Sabbat pour la prosp\u00e9rit\u00e9, alors demandez au Soleil d\u2019emporter au loin avec lui obstacles et pauvret\u00e9, et demandez \u00e0 la Terre que vos efforts soient largement r\u00e9compens\u00e9s.<\/p>\n<p style=\"text-align: justify;\">Voici une cons\u00e9cration sp\u00e9ciale pour le vin :<\/p>\n<blockquote>\n<p style=\"text-align: justify;\">La fl\u00e8che au Chaudron,<\/p>\n<p style=\"text-align: justify;\">la lance au Graal,<\/p>\n<p style=\"text-align: justify;\">l\u2019esprit \u00e0 la chair, (l\u2019amant \u00e0 sa bien-aim\u00e9e, ou vice versa)<\/p>\n<p style=\"text-align: justify;\">la chair \u00e0 l\u2019esprit,<\/p>\n<p style=\"text-align: justify;\">le Dieu \u00e0 la D\u00e9esse,<\/p>\n<p style=\"text-align: justify;\">le Soleil \u00e0 la Terre.<\/p>\n<\/blockquote>\n<p style=\"text-align: justify;\">Apr\u00e8s les libations, remercier et clore le rituel.<\/p>\n","protected":false},"excerpt":{"rendered":"<p>Litha ou le Solstice d\u2019\u00e9t\u00e9 Par Phyllis Curott \u00a9, traduction Lune * Le jour le plus long lorsque le Soleil est le plus fort et la Terre est fertile et abondante * Extrait de Witch Crafting 20 \u2013 22 juin dans l\u2019h\u00e9misph\u00e8re nord ; 20 \u2013 22 d\u00e9cembre dans l\u2019h\u00e9misph\u00e8re sud. Voici un autre sabbat&#8230;<\/p>\n","protected":false},"author":2,"featured_media":6836,"parent":66,"menu_order":0,"comment_status":"closed","ping_status":"closed","template":"silo.php","meta":{"footnotes":""},"class_list":["post-1020","page","type-page","status-publish","has-post-thumbnail","hentry"],"_links":{"self":[{"href":"https:\/\/www.le-sidh.org\/wicca\/wp-json\/wp\/v2\/pages\/1020","targetHints":{"allow":["GET"]}}],"collection":[{"href":"https:\/\/www.le-sidh.org\/wicca\/wp-json\/wp\/v2\/pages"}],"about":[{"href":"https:\/\/www.le-sidh.org\/wicca\/wp-json\/wp\/v2\/types\/page"}],"author":[{"embeddable":true,"href":"https:\/\/www.le-sidh.org\/wicca\/wp-json\/wp\/v2\/users\/2"}],"replies":[{"embeddable":true,"href":"https:\/\/www.le-sidh.org\/wicca\/wp-json\/wp\/v2\/comments?post=1020"}],"version-history":[{"count":5,"href":"https:\/\/www.le-sidh.org\/wicca\/wp-json\/wp\/v2\/pages\/1020\/revisions"}],"predecessor-version":[{"id":6837,"href":"https:\/\/www.le-sidh.org\/wicca\/wp-json\/wp\/v2\/pages\/1020\/revisions\/6837"}],"up":[{"embeddable":true,"href":"https:\/\/www.le-sidh.org\/wicca\/wp-json\/wp\/v2\/pages\/66"}],"wp:featuredmedia":[{"embeddable":true,"href":"https:\/\/www.le-sidh.org\/wicca\/wp-json\/wp\/v2\/media\/6836"}],"wp:attachment":[{"href":"https:\/\/www.le-sidh.org\/wicca\/wp-json\/wp\/v2\/media?parent=1020"}],"curies":[{"name":"wp","href":"https:\/\/api.w.org\/{rel}","templated":true}]}}